Blahová 11/18/2019
 Last update: 20:13
Updated every 10 minutes
 Cold 
 Akt.temp: 6.4°C
 Max.temp: 14.1°C
 Min.temp: 6.4°C
 Devpoint: 2.9 °C
 Wind speed: 1.5m/s
 Wind direction: SE
 Max wind gust: 8.4m/s
 Precipitation: 0.3mm
 Pressure: 1016.1 hPa
 P.tendency: +2.9 hPa/3h
 Humidity: 78%
 Abs.humidity: 5.81 g/m3
Ground temperature
Min.temp 3.9°C /20:13
Akt.temp
3.9°C

2019: Jan | Feb | Mar | Apr | May | Jun | Jul | Aug | Sep | Oct | Nov | Dec 
2018: Jan | Feb | Mar | Apr | May | Jun | Jul | Aug | Sep | Oct | Nov | Dec 
2017: Jan | Feb | Mar | Apr | May | Jun | Jul | Aug | Sep | Oct | Nov | Dec 
2016: Jan | Feb | Mar | Apr | May | Jun | Jul | Aug | Sep | Oct | Nov | Dec 
2015: Jan | Feb | Mar | Apr | May | Jun | Jul | Aug | Sep | Oct | Nov | Dec 
2014: Jan | Feb | Mar | Apr | May | Jun | Jul | Aug | Sep | Oct | Nov | Dec 
2013: Jan | Feb | Mar | Apr | May | Jun | Jul | Aug | Sep | Oct | Nov | Dec 
2012: Jan | Feb | Mar | Apr | May | Jun | Jul | Aug | Sep | Oct | Nov | Dec 
2011: Jan | Feb | Mar | Apr | May | Jun | Jul | Aug | Sep | Oct | Nov | Dec 
2010: Jan | Feb | Mar | Apr | May | Jun | Jul | Aug | Sep | Oct | Nov | Dec 
2009: Jan | Feb | Mar | Apr | May | Jun | Jul | Aug | Sep | Oct | Nov | Dec 
2008: Jan | Feb | Mar | Apr | May | Jun | Jul | Aug | Sep | Oct | Nov | Dec 
2007: Jan | Feb | Mar | Apr | May | Jun | Jul | Aug | Sep | Oct | Nov | Dec 

Report for 2015 11
MONTHLY CLIMATOLOGICAL SUMMARY for November 2015 CITY: Blahová ELEV: 118 m LAT: 48° 5' 7" North LONG: 17° 32' 48" East TEMPERATURE (°C), BAROMETER (hPa), RAIN (mm), WIND SPEED (m/s) MEAN TEMPERATURE WIND DOM trans Ground DAY TEMP HIGH TIME LOW TIME HUM Baro Rain SPEED HIGH TIME DIR pirat min.temp time ------------------------------------------------------------------------------------------------------------------------------ 1 4.4 12.6 13:36 0.5 07:24 78 1038.5 0.2 0.9 4.5 13:44 E 1.3 -0.5 23:46 2 4.5 12.6 13:22 -0.7 06:52 76 1032.7 0.2 1.3 4.4 12:24 E 1.4 -2.1 06:44 3 5.7 13.0 14:16 -0.5 06:39 78 1025.4 0.1 1.9 5.6 13:39 E-NE 1.2 -2.0 06:42 4 3.8 11.2 12:52 -0.3 23:43 82 1021.8 0.1 0.3 3.6 02:49 E-NE 0.8 -0.6 23:21 5 1.2 9.4 14:33 -3.1 06:26 86 1021.9 0.1 0.2 2.3 13:01 E-SE 0.5 -2.8 06:36 6 1.1 5.7 15:06 -1.3 02:12 90 1025.6 0.2 0.3 2.6 13:13 SE 0.2 -0.1 22:43 7 7.4 10.1 15:31 -0.4 00:02 89 1026.4 0.1 0.2 1.8 13:37 N-NW 0.3 0.4 00:00 8 10.3 20.3 13:24 5.6 23:30 82 1027.0 0.1 0.8 8.4 11:52 W 1.7 2.9 22:23 9 10.1 13.9 19:55 2.9 06:24 87 1022.6 0.5 1.4 5.4 14:56 S 0.3 2.0 06:54 10 15.9 18.8 12:57 12.9 01:11 69 1020.7 0.0 3.5 12.8 13:22 W 1.6 11.7 03:12 11 13.3 17.7 10:22 10.4 23:25 81 1023.3 0.0 1.8 9.3 11:35 W 1.0 7.6 23:21 12 9.4 16.5 12:12 4.9 23:43 80 1026.7 0.1 2.1 9.6 12:17 W 1.1 3.2 23:50 13 6.4 12.9 14:21 1.5 04:36 85 1025.3 0.1 0.5 3.4 12:05 E-NE 0.8 1.1 04:03 14 9.8 12.9 12:44 4.0 02:07 64 1025.0 0.1 3.8 12.0 07:29 W 1.5 3.3 01:54 15 8.3 12.3 23:40 6.9 09:45 88 1012.9 12.6 1.9 11.7 23:02 S-SW 0.2 7.1 01:20 16 9.8 17.4 14:24 4.0 23:40 81 1015.6 0.1 1.1 12.1 01:41 W 1.4 2.8 23:01 17 9.2 12.5 18:00 2.9 04:26 83 1015.1 0.0 1.4 5.0 17:58 S 0.4 2.8 02:03 18 10.8 19.1 11:51 5.3 23:59 73 1015.7 0.5 2.4 17.1 14:12 W 1.8 3.2 23:54 19 10.6 14.5 14:23 3.8 02:10 79 1015.8 0.2 2.3 8.4 14:16 S 0.9 2.2 02:13 20 8.6 10.5 00:00 7.5 23:45 91 1001.7 4.9 1.1 11.2 05:44 W 0.2 8.1 23:48 21 4.3 7.6 00:41 2.9 21:55 84 995.8 0.3 2.0 8.7 04:24 W 0.4 3.2 21:49 22 2.9 5.3 13:45 0.3 23:45 84 1005.2 0.0 2.3 7.0 11:52 W 0.4 0.0 23:41 23 0.5 7.6 12:51 -3.7 07:30 79 1022.7 0.1 1.6 6.2 17:33 W 0.7 -4.7 06:43 24 -1.3 5.9 12:38 -5.7 07:33 78 1023.4 0.2 0.7 2.7 12:06 E-SE 0.7 -6.2 07:35 25 -0.6 3.7 12:01 -4.6 07:10 81 1011.3 0.1 1.5 7.9 13:42 E 0.5 -5.9 07:08 26 0.5 5.6 14:03 -5.3 05:41 80 1012.3 0.1 2.3 9.5 19:36 W-NW 0.5 -6.6 06:52 27 1.4 4.3 12:38 -2.0 23:59 81 1015.6 0.0 1.8 7.1 03:42 W-NW 0.4 -2.9 23:12 28 2.4 5.3 13:20 -4.0 06:38 81 1012.8 0.1 3.6 12.2 23:39 W 0.4 -4.4 06:53 29 4.7 9.5 13:33 0.5 03:48 77 1018.2 0.6 2.0 9.3 15:32 W 0.8 -1.1 03:49 30 8.4 13.2 11:22 5.3 00:49 80 1017.0 1.2 3.5 17.2 11:16 W 0.5 5.0 00:45 ------------------------------------------------------------------------------------------------------------------------------ Avg: 6.1 20.3 8 -5.7 24 81 1019.1 23.2 1.7 17.2 30 W 24.3 Wind Run 5695.3 km Calm Values 7004 Calm in % 16.2 % Sun 134:17 h Distribution WD Values 36165 Distribution WD N-NO 1.156 % Distribution WD NO 1.322 % Distribution WD NO-O 6.282 % Distribution WD O 7.900 % Distribution WD O-SO 5.503 % Distribution WD SO 4.883 % Distribution WD SO-S 3.578 % Distribution WD S 8.400 % Distribution WD S-SW 8.218 % Distribution WD SW 7.054 % Distribution WD SW-W 8.893 % Distribution WD W 23.080 % Distribution WD W-NW 7.681 % Distribution WD NW 1.996 % Distribution WD NW-N 3.047 % Distribution WD N 1.006 % Rain days >0.0 mm Month 25 Rain days >2.0 mm Month 2 Rain days >20.0 mm Month 0 Ice days max < 0°C 0 Cold days min < 0°C 12 Cool days max < 10°C 11 Summer days max >=25°C 0 Hot days max >=30°C 0 Last year same Month: Ice days max < 0°C 0 Last year same Month: Cold days min < 0°C 1 Last year same Month: Cool days max < 10°C 14 Last year same Month: Summer days max >=25°C 0 Last year same Month: Hot days max >=30°C 0 © 1999-2015 Werner Krenn / Mischa Thurnherr - Weatherstation Operating- and Data Acquisition Software - V2.98.1


  ©UMa Astronomy

Creative Commons License
Meteo by UMa Astronomy is licensed under a Creative Commons Attribution-NonCommercial-NoDerivs 3.0 Unported License.