Blahová 09/20/2019
 Last update: 09:13
Updated every 10 minutes
 Cold 
 Akt.temp: 10.9°C
 Max.temp: 10.9°C
 Min.temp: 3.3°C
 Devpoint: 6.3 °C
 Wind speed: 1.3m/s
 Wind direction: N-NW
 Max wind gust: 2.9m/s
 Precipitation: 0.0mm
 Pressure: 1028.4 hPa
 P.tendency: +1.5 hPa/3h
 Humidity: 73%
 Abs.humidity: 7.26 g/m3
Ground temperature
Min.temp 2.5°C /05:08
Akt.temp
13.6°C

2019: Jan | Feb | Mar | Apr | May | Jun | Jul | Aug | Sep | Oct | Nov | Dec 
2018: Jan | Feb | Mar | Apr | May | Jun | Jul | Aug | Sep | Oct | Nov | Dec 
2017: Jan | Feb | Mar | Apr | May | Jun | Jul | Aug | Sep | Oct | Nov | Dec 
2016: Jan | Feb | Mar | Apr | May | Jun | Jul | Aug | Sep | Oct | Nov | Dec 
2015: Jan | Feb | Mar | Apr | May | Jun | Jul | Aug | Sep | Oct | Nov | Dec 
2014: Jan | Feb | Mar | Apr | May | Jun | Jul | Aug | Sep | Oct | Nov | Dec 
2013: Jan | Feb | Mar | Apr | May | Jun | Jul | Aug | Sep | Oct | Nov | Dec 
2012: Jan | Feb | Mar | Apr | May | Jun | Jul | Aug | Sep | Oct | Nov | Dec 
2011: Jan | Feb | Mar | Apr | May | Jun | Jul | Aug | Sep | Oct | Nov | Dec 
2010: Jan | Feb | Mar | Apr | May | Jun | Jul | Aug | Sep | Oct | Nov | Dec 
2009: Jan | Feb | Mar | Apr | May | Jun | Jul | Aug | Sep | Oct | Nov | Dec 
2008: Jan | Feb | Mar | Apr | May | Jun | Jul | Aug | Sep | Oct | Nov | Dec 
2007: Jan | Feb | Mar | Apr | May | Jun | Jul | Aug | Sep | Oct | Nov | Dec 

Report for 2015 12
MONTHLY CLIMATOLOGICAL SUMMARY for December 2015 CITY: Blahová ELEV: 118 m LAT: 48° 5' 7" North LONG: 17° 32' 48" East TEMPERATURE (°C), BAROMETER (hPa), RAIN (mm), WIND SPEED (m/s) MEAN TEMPERATURE WIND DOM trans Ground DAY TEMP HIGH TIME LOW TIME HUM Baro Rain SPEED HIGH TIME DIR pirat min.temp time ------------------------------------------------------------------------------------------------------------------------------ 1 8.6 11.6 10:40 5.7 23:23 82 1018.5 1.4 4.3 16.6 09:45 W 0.5 5.7 22:09 2 7.1 11.1 14:59 4.4 05:03 88 1027.5 3.1 2.1 7.6 15:01 W 0.2 5.2 02:53 3 6.2 11.3 14:15 1.2 20:37 84 1031.1 0.0 1.1 3.6 03:41 W 0.7 -0.3 20:12 4 4.1 7.2 14:20 1.1 03:38 91 1032.2 0.1 1.8 5.4 07:09 E 0.2 1.5 00:00 5 4.8 8.8 13:49 2.6 21:08 89 1034.2 0.1 1.3 5.4 22:40 E 0.4 2.6 16:55 6 3.8 4.5 12:14 3.1 01:39 91 1033.3 0.2 1.0 4.2 00:00 E-SE 0.2 4.2 01:44 7 3.3 4.0 13:08 2.5 06:48 91 1036.7 0.1 0.5 3.2 14:58 S 0.2 3.6 06:47 8 3.6 4.4 14:49 2.8 07:19 92 1036.8 0.2 1.1 4.8 03:11 E-SE 0.1 3.8 07:43 9 3.6 4.2 13:19 3.1 07:16 90 1033.6 0.6 1.4 4.6 07:21 S 0.2 3.9 07:22 10 4.2 9.0 12:55 -2.8 23:33 85 1035.9 1.5 2.4 8.1 01:37 W 0.6 -3.7 22:52 11 -2.2 0.6 14:01 -4.4 05:20 90 1030.7 0.1 0.5 2.6 10:05 N-NW 0.1 -4.9 03:24 12 1.0 3.7 15:42 -2.6 02:20 92 1024.8 0.1 1.1 5.5 20:51 S 0.1 -2.5 02:27 13 1.9 5.5 20:19 -1.6 06:06 87 1020.9 0.0 1.5 7.3 19:52 SE 0.3 -1.8 05:56 14 1.8 3.5 13:51 -0.4 07:49 87 1026.1 0.0 1.1 4.9 22:51 E-NE 0.2 -1.4 07:33 15 1.1 1.9 14:37 0.2 01:27 91 1027.7 0.0 1.0 4.4 00:46 E 0.1 1.6 00:27 16 1.8 2.9 10:42 1.3 04:26 92 1031.6 0.0 0.7 3.6 20:51 E-SE 0.1 1.6 04:44 17 1.8 2.3 00:57 1.3 05:28 92 1031.2 3.9 1.7 5.3 02:00 E-SE 0.1 2.3 07:29 18 2.1 3.2 13:29 1.6 01:37 92 1026.9 1.6 0.7 2.7 03:20 S 0.1 2.8 01:32 19 2.9 4.1 14:09 1.8 00:00 93 1028.1 0.1 0.9 4.4 17:33 E 0.1 2.9 00:00 20 2.9 3.4 18:17 2.1 08:23 93 1029.6 0.2 2.8 9.8 15:05 E 0.1 3.3 08:17 21 2.9 3.6 20:03 2.2 07:28 93 1028.7 0.2 1.6 5.9 00:46 E 0.1 3.2 07:37 22 3.3 7.9 12:11 1.1 05:17 93 1030.1 0.1 1.1 4.6 05:43 S 0.2 0.5 23:55 23 2.2 7.4 13:51 -0.6 02:02 92 1029.2 0.2 0.7 2.8 19:00 N-NE 0.2 -0.4 02:05 24 1.6 3.4 20:03 -0.7 08:07 93 1030.7 0.1 0.9 2.7 09:50 E-NE 0.1 0.8 06:01 25 3.2 4.0 13:43 2.5 21:02 93 1032.7 0.1 0.4 2.9 20:50 SE 0.1 3.7 00:09 26 2.3 2.7 00:00 1.9 08:24 93 1032.3 0.2 0.5 2.5 02:03 E 0.1 3.2 19:53 27 1.1 2.0 00:00 0.4 23:24 93 1031.9 0.2 0.3 1.9 18:48 E 0.1 1.6 23:34 28 0.1 0.7 12:37 -1.0 06:01 93 1031.4 0.1 0.4 6.4 17:05 S-SW 0.1 0.4 05:53 29 0.4 2.7 15:00 -1.0 19:51 93 1032.0 0.1 1.0 3.6 04:00 E-NE 0.1 -1.9 18:55 30 -0.5 2.5 12:51 -6.0 23:13 80 1036.7 0.1 1.7 6.4 11:00 E 0.6 -7.5 23:43 31 -4.8 -1.0 14:20 -7.4 05:54 78 1033.1 0.0 2.1 6.8 13:20 E 0.3 -8.1 05:50 ------------------------------------------------------------------------------------------------------------------------------ Avg: 2.5 11.6 1 -7.4 31 90 1030.5 15.2 1.3 16.6 1 E 6.6 Wind Run 4192.8 km Calm Values 7190 Calm in % 16.1 % Sun 44:35 h Distribution WD Values 37397 Distribution WD N-NO 3.369 % Distribution WD NO 2.925 % Distribution WD NO-O 10.490 % Distribution WD O 17.357 % Distribution WD O-SO 14.063 % Distribution WD SO 9.479 % Distribution WD SO-S 4.270 % Distribution WD S 6.968 % Distribution WD S-SW 5.500 % Distribution WD SW 3.364 % Distribution WD SW-W 4.118 % Distribution WD W 8.653 % Distribution WD W-NW 3.318 % Distribution WD NW 0.989 % Distribution WD NW-N 3.308 % Distribution WD N 1.826 % Rain days >0.0 mm Month 25 Rain days >2.0 mm Month 2 Rain days >20.0 mm Month 0 Ice days max < 0°C 1 Cold days min < 0°C 11 Cool days max < 10°C 28 Summer days max >=25°C 0 Hot days max >=30°C 0 Last year same Month: Ice days max < 0°C 4 Last year same Month: Cold days min < 0°C 11 Last year same Month: Cool days max < 10°C 27 Last year same Month: Summer days max >=25°C 0 Last year same Month: Hot days max >=30°C 0 © 1999-2015 Werner Krenn / Mischa Thurnherr - Weatherstation Operating- and Data Acquisition Software - V2.98.1


  ©UMa Astronomy

Creative Commons License
Meteo by UMa Astronomy is licensed under a Creative Commons Attribution-NonCommercial-NoDerivs 3.0 Unported License.