Blahová 10/17/2019
 Last update: 23:48
Updated every 10 minutes
 Cold 
 Akt.temp: 9.7°C
 Max.temp: 20.1°C
 Min.temp: 5.3°C
 Devpoint: 6.1 °C
 Wind speed: 0.0m/s
 Wind direction: E-SE
 Max wind gust: 3.4m/s
 Precipitation: 0.2mm
 Pressure: 1016.1 hPa
 P.tendency: -0.3 hPa/3h
 Humidity: 78%
 Abs.humidity: 7.19 g/m3
Ground temperature
Min.temp 5.3°C /01:51
Akt.temp
7.2°C

2019: Jan | Feb | Mar | Apr | May | Jun | Jul | Aug | Sep | Oct | Nov | Dec 
2018: Jan | Feb | Mar | Apr | May | Jun | Jul | Aug | Sep | Oct | Nov | Dec 
2017: Jan | Feb | Mar | Apr | May | Jun | Jul | Aug | Sep | Oct | Nov | Dec 
2016: Jan | Feb | Mar | Apr | May | Jun | Jul | Aug | Sep | Oct | Nov | Dec 
2015: Jan | Feb | Mar | Apr | May | Jun | Jul | Aug | Sep | Oct | Nov | Dec 
2014: Jan | Feb | Mar | Apr | May | Jun | Jul | Aug | Sep | Oct | Nov | Dec 
2013: Jan | Feb | Mar | Apr | May | Jun | Jul | Aug | Sep | Oct | Nov | Dec 
2012: Jan | Feb | Mar | Apr | May | Jun | Jul | Aug | Sep | Oct | Nov | Dec 
2011: Jan | Feb | Mar | Apr | May | Jun | Jul | Aug | Sep | Oct | Nov | Dec 
2010: Jan | Feb | Mar | Apr | May | Jun | Jul | Aug | Sep | Oct | Nov | Dec 
2009: Jan | Feb | Mar | Apr | May | Jun | Jul | Aug | Sep | Oct | Nov | Dec 
2008: Jan | Feb | Mar | Apr | May | Jun | Jul | Aug | Sep | Oct | Nov | Dec 
2007: Jan | Feb | Mar | Apr | May | Jun | Jul | Aug | Sep | Oct | Nov | Dec 

Report for 2016 01
MONTHLY CLIMATOLOGICAL SUMMARY for January 2016 CITY: Blahová ELEV: 118 m LAT: 48° 5' 7" North LONG: 17° 32' 48" East TEMPERATURE (°C), BAROMETER (hPa), RAIN (mm), WIND SPEED (m/s) MEAN TEMPERATURE WIND DOM trans Ground DAY TEMP HIGH TIME LOW TIME HUM Baro Rain SPEED HIGH TIME DIR pirat min.temp time ------------------------------------------------------------------------------------------------------------------------------ 1 -3.3 -2.4 21:20 -6.9 01:20 86 1026.8 0.2 0.4 2.6 00:05 E 0.2 -7.3 01:08 2 -4.4 -2.4 00:01 -5.5 23:28 85 1023.7 0.0 3.1 6.8 14:55 E-NE 0.1 -4.5 23:53 3 -5.8 -5.4 00:46 -6.8 07:52 74 1016.3 0.0 2.6 7.5 23:49 E-NE 0.2 -5.7 07:41 4 -8.2 -6.2 00:00 -8.5 21:10 83 1002.2 2.2 2.9 9.9 13:38 E 0.2 -7.7 21:11 5 -5.0 -3.9 12:52 -8.0 00:00 86 1003.9 0.9 1.3 3.3 12:09 E 0.2 -6.6 08:51 6 -2.4 -1.4 15:31 -4.4 00:51 91 1003.4 0.0 1.5 3.7 02:29 NE 0.1 -3.1 01:06 7 -3.3 2.8 13:50 -6.9 23:56 87 1001.5 0.0 1.4 6.4 12:44 NE 0.3 -7.1 23:50 8 -1.8 -0.1 12:10 -6.9 00:00 91 1008.9 0.0 1.1 3.6 16:39 N-NE 0.1 -7.1 00:00 9 0.7 1.1 13:18 -2.0 00:00 92 1007.3 1.2 1.5 3.9 09:49 E-NE 0.1 -0.8 00:00 10 0.7 2.8 11:53 0.1 21:20 93 1002.7 9.0 1.0 4.3 13:39 E-NE 0.1 1.1 21:44 11 3.3 5.3 14:37 0.5 00:00 93 994.4 8.5 0.4 5.2 12:19 E-NE 0.1 1.6 00:00 12 4.6 8.1 14:44 2.7 22:30 83 999.6 0.0 2.5 9.7 12:54 SW 0.5 1.6 22:35 13 4.8 8.6 13:18 2.9 06:36 73 1009.6 0.3 3.8 13.6 20:59 SW 0.7 2.1 07:26 14 2.1 7.6 12:00 0.5 07:15 82 1012.5 0.1 1.8 8.9 00:13 E 0.6 -0.1 07:22 15 1.7 5.3 12:31 -0.4 05:09 83 1008.4 0.0 2.9 7.4 21:39 W 0.5 -1.3 20:10 16 0.2 2.9 12:04 -2.4 23:43 80 1015.9 0.0 2.9 9.5 13:29 W 0.4 -3.1 23:43 17 -3.3 0.3 13:44 -5.2 23:19 72 1017.5 0.0 3.8 8.9 12:09 W-NW 0.5 -5.6 23:07 18 -5.4 0.7 13:30 -9.9 23:16 75 1020.1 0.0 1.7 7.0 11:48 W-NW 0.5 -10.1 22:55 19 -5.4 -1.8 13:06 -10.8 01:59 82 1018.3 0.0 1.1 3.7 13:04 E 0.2 -10.8 01:45 20 -2.5 0.5 11:43 -6.8 07:12 79 1016.9 0.0 1.4 7.1 13:19 E-SE 0.4 -7.5 06:50 21 -4.3 -0.2 11:33 -8.3 23:50 76 1026.4 0.1 2.1 7.9 07:28 W 0.4 -9.8 23:53 22 -7.1 0.9 14:33 -11.9 06:50 75 1035.0 0.0 0.5 2.8 00:30 W 0.5 -12.1 07:32 23 -4.8 -1.8 12:47 -10.2 06:44 85 1033.1 3.3 0.7 5.8 09:58 E 0.2 -10.5 06:49 24 -1.9 1.1 15:04 -3.8 08:00 89 1033.4 1.8 0.1 2.1 21:43 E-SE 0.2 -4.1 23:49 25 -0.6 0.3 13:59 -5.6 02:52 92 1027.8 6.1 0.1 2.1 03:18 SE 0.1 -4.3 01:55 26 0.6 2.9 13:29 0.0 04:23 92 1027.6 0.0 0.5 2.8 05:42 N-NE 0.1 0.2 07:09 27 0.4 1.3 14:29 -0.6 05:11 93 1024.2 0.2 0.4 3.4 03:05 E-NE 0.1 0.4 05:05 28 2.7 6.2 14:39 0.0 02:29 93 1024.5 0.0 0.6 4.9 18:25 N-NE 0.1 0.4 02:19 29 4.5 9.1 15:36 0.3 23:59 92 1029.1 3.4 1.1 4.9 19:43 S-SW 0.2 -0.5 23:59 30 1.2 3.3 16:03 -1.9 06:00 92 1018.4 0.2 1.2 3.6 22:48 N-NE 0.1 -1.8 01:58 31 4.2 7.3 12:15 0.2 02:20 87 1013.9 0.1 3.2 10.5 09:36 W 0.3 0.4 01:32 ------------------------------------------------------------------------------------------------------------------------------ Avg: -1.2 9.1 29 -11.9 22 85 1016.2 37.8 1.6 13.6 13 E-NE 8.3 Wind Run 5286.8 km Calm Values 7261 Calm in % 16.3 % Sun 79:47 h Distribution WD Values 37366 Distribution WD N-NO 5.529 % Distribution WD NO 7.625 % Distribution WD NO-O 14.093 % Distribution WD O 13.916 % Distribution WD O-SO 6.950 % Distribution WD SO 3.816 % Distribution WD SO-S 1.451 % Distribution WD S 3.201 % Distribution WD S-SW 4.418 % Distribution WD SW 5.885 % Distribution WD SW-W 6.881 % Distribution WD W 12.038 % Distribution WD W-NW 5.813 % Distribution WD NW 2.104 % Distribution WD NW-N 4.087 % Distribution WD N 2.195 % Rain days >0.0 mm Month 16 Rain days >2.0 mm Month 6 Rain days >20.0 mm Month 0 Ice days max < 0°C 10 Cold days min < 0°C 22 Cool days max < 10°C 31 Summer days max >=25°C 0 Hot days max >=30°C 0 Last year same Month: Ice days max < 0°C 4 Last year same Month: Cold days min < 0°C 22 Last year same Month: Cool days max < 10°C 28 Last year same Month: Summer days max >=25°C 0 Last year same Month: Hot days max >=30°C 0 © 1999-2015 Werner Krenn / Mischa Thurnherr - Weatherstation Operating- and Data Acquisition Software - V2.98.1


  ©UMa Astronomy

Creative Commons License
Meteo by UMa Astronomy is licensed under a Creative Commons Attribution-NonCommercial-NoDerivs 3.0 Unported License.