Blahová 11/13/2019
 Last update: 20:43
Updated every 10 minutes
 Cold 
 Akt.temp: 5.3°C
 Max.temp: 9.9°C
 Min.temp: 4.8°C
 Devpoint: 1.8 °C
 Wind speed: 1.6m/s
 Wind direction: S-SW
 Max wind gust: 7.7m/s
 Precipitation: 11.8mm
 Pressure: 1005.9 hPa
 P.tendency: +3.4 hPa/3h
 Humidity: 78%
 Abs.humidity: 5.41 g/m3
Ground temperature
Min.temp 5.8°C /18:24
Akt.temp
6.5°C

2019: Jan | Feb | Mar | Apr | May | Jun | Jul | Aug | Sep | Oct | Nov | Dec 
2018: Jan | Feb | Mar | Apr | May | Jun | Jul | Aug | Sep | Oct | Nov | Dec 
2017: Jan | Feb | Mar | Apr | May | Jun | Jul | Aug | Sep | Oct | Nov | Dec 
2016: Jan | Feb | Mar | Apr | May | Jun | Jul | Aug | Sep | Oct | Nov | Dec 
2015: Jan | Feb | Mar | Apr | May | Jun | Jul | Aug | Sep | Oct | Nov | Dec 
2014: Jan | Feb | Mar | Apr | May | Jun | Jul | Aug | Sep | Oct | Nov | Dec 
2013: Jan | Feb | Mar | Apr | May | Jun | Jul | Aug | Sep | Oct | Nov | Dec 
2012: Jan | Feb | Mar | Apr | May | Jun | Jul | Aug | Sep | Oct | Nov | Dec 
2011: Jan | Feb | Mar | Apr | May | Jun | Jul | Aug | Sep | Oct | Nov | Dec 
2010: Jan | Feb | Mar | Apr | May | Jun | Jul | Aug | Sep | Oct | Nov | Dec 
2009: Jan | Feb | Mar | Apr | May | Jun | Jul | Aug | Sep | Oct | Nov | Dec 
2008: Jan | Feb | Mar | Apr | May | Jun | Jul | Aug | Sep | Oct | Nov | Dec 
2007: Jan | Feb | Mar | Apr | May | Jun | Jul | Aug | Sep | Oct | Nov | Dec 

Report for 2016 02
MONTHLY CLIMATOLOGICAL SUMMARY for February 2016 CITY: Blahová ELEV: 118 m LAT: 48° 5' 7" North LONG: 17° 32' 48" East TEMPERATURE (°C), BAROMETER (hPa), RAIN (mm), WIND SPEED (m/s) MEAN TEMPERATURE WIND DOM trans Ground DAY TEMP HIGH TIME LOW TIME HUM Baro Rain SPEED HIGH TIME DIR pirat min.temp time ------------------------------------------------------------------------------------------------------------------------------ 1 7.3 10.1 13:08 3.6 00:00 93 1018.1 7.4 1.3 7.5 00:36 S 0.2 4.0 00:01 2 6.7 10.5 14:15 2.9 23:03 86 1018.0 0.1 1.1 9.2 02:39 W 0.4 2.0 23:06 3 4.8 10.0 11:04 2.5 20:18 87 1015.6 8.6 2.4 7.7 16:27 W 0.2 2.8 20:23 4 3.2 7.2 12:40 1.7 22:33 80 1020.7 0.5 3.0 11.3 10:07 W 0.6 1.1 21:29 5 1.6 7.2 13:38 -1.0 20:09 82 1026.8 1.4 1.2 8.4 11:27 W 0.7 -2.1 19:12 6 4.2 9.7 14:38 0.3 04:46 82 1022.9 0.0 2.2 5.9 16:17 E-NE 0.7 -0.5 04:40 7 8.1 12.3 13:38 1.7 01:45 70 1012.1 0.0 5.1 14.4 21:35 E 1.0 1.2 01:40 8 8.8 11.2 15:14 2.8 04:52 82 1009.7 2.2 3.2 9.4 21:57 E-SE 0.2 1.9 04:18 9 9.9 12.4 12:05 3.9 04:06 75 1002.3 0.3 4.5 17.3 17:38 SE 0.7 2.5 03:49 10 3.8 11.1 00:00 2.9 18:18 88 995.1 16.1 3.8 12.3 13:27 W 0.2 2.4 22:15 11 3.4 8.4 14:10 -0.3 22:08 75 1007.0 0.0 2.4 10.1 07:58 W-SW 0.8 -2.1 22:05 12 3.3 6.8 14:59 0.1 07:13 83 1003.5 0.2 1.6 7.6 12:09 E-NE 0.5 -0.9 07:31 13 2.1 4.9 15:24 0.1 21:29 92 994.9 8.8 0.8 3.8 00:52 E-NE 0.1 -1.3 22:40 14 6.3 9.4 15:26 0.1 05:42 91 994.3 9.0 1.7 6.5 22:07 E-NE 0.3 -0.2 04:32 15 6.2 7.8 12:26 4.1 06:04 88 1009.0 0.7 2.7 7.4 09:00 W 0.2 4.1 05:47 16 4.8 6.9 13:14 3.5 20:28 81 1029.7 0.0 3.8 9.1 11:58 N-NW 0.5 3.5 20:33 17 5.4 6.3 13:02 3.5 05:59 88 1021.8 0.1 1.6 8.3 15:24 E-SE 0.3 3.8 02:07 18 7.6 9.9 15:07 5.7 01:17 90 1015.1 3.8 0.7 5.0 11:15 E 0.4 6.4 01:44 19 2.9 5.8 00:00 2.1 11:58 92 1017.2 14.0 2.8 13.3 13:26 W 0.1 2.8 11:54 20 5.3 9.5 15:17 1.2 04:25 76 1020.3 1.2 2.8 9.2 12:36 W 1.0 0.6 04:21 21 8.6 12.9 16:01 3.7 02:25 89 1012.8 3.8 3.9 10.0 14:16 S 0.3 4.2 04:32 22 11.1 18.6 14:10 5.7 06:47 75 1008.9 0.0 2.8 9.4 13:56 S 1.6 4.9 06:52 23 9.6 13.6 14:09 4.3 23:59 82 1006.8 0.7 2.0 13.5 21:56 S 0.8 4.5 23:58 24 2.6 8.9 13:38 -0.9 22:53 74 1015.7 0.0 2.7 10.4 09:54 W 0.9 -2.4 22:18 25 1.2 4.7 11:19 -1.1 01:31 88 1011.3 0.5 1.5 10.1 11:20 E 0.2 -1.6 01:21 26 0.0 7.2 14:03 -3.8 23:57 76 1013.2 0.1 0.9 6.8 11:42 W 0.9 -5.6 23:27 27 3.3 7.0 14:54 -4.4 05:52 76 1013.4 0.1 3.5 9.8 14:41 E 0.7 -5.9 00:37 28 6.5 9.5 15:28 2.1 05:45 85 1014.9 0.1 2.5 7.3 13:34 E-NE 0.4 1.6 05:29 29 7.1 8.6 16:32 5.6 02:05 90 1009.8 3.6 2.2 8.1 13:21 E-NE 0.2 4.9 02:22 ------------------------------------------------------------------------------------------------------------------------------ Avg: 5.4 18.6 22 -4.4 27 83 1012.4 83.5 2.4 17.3 9 W 15.2 Wind Run 7819.4 km Calm Values 2141 Calm in % 5.1 % Sun 91:38 h Distribution WD Values 39604 Distribution WD N-NO 2.949 % Distribution WD NO 2.679 % Distribution WD NO-O 10.128 % Distribution WD O 10.774 % Distribution WD O-SO 7.865 % Distribution WD SO 7.545 % Distribution WD SO-S 4.444 % Distribution WD S 7.158 % Distribution WD S-SW 5.679 % Distribution WD SW 5.116 % Distribution WD SW-W 6.954 % Distribution WD W 16.402 % Distribution WD W-NW 5.997 % Distribution WD NW 1.649 % Distribution WD NW-N 3.055 % Distribution WD N 1.606 % Rain days >0.0 mm Month 23 Rain days >2.0 mm Month 10 Rain days >20.0 mm Month 0 Ice days max < 0°C 0 Cold days min < 0°C 6 Cool days max < 10°C 19 Summer days max >=25°C 0 Hot days max >=30°C 0 Last year same Month: Ice days max < 0°C 0 Last year same Month: Cold days min < 0°C 20 Last year same Month: Cool days max < 10°C 27 Last year same Month: Summer days max >=25°C 0 Last year same Month: Hot days max >=30°C 0 © 1999-2015 Werner Krenn / Mischa Thurnherr - Weatherstation Operating- and Data Acquisition Software - V2.98.1


  ©UMa Astronomy

Creative Commons License
Meteo by UMa Astronomy is licensed under a Creative Commons Attribution-NonCommercial-NoDerivs 3.0 Unported License.