Blahová 11/12/2019
 Last update: 17:08
Updated every 10 minutes
 Cold 
 Akt.temp: 8.7°C
 Max.temp: 10.1°C
 Min.temp: 6.1°C
 Devpoint: 5.3 °C
 Wind speed: 0.4m/s
 Wind direction: N-NE
 Max wind gust: 6.7m/s
 Precipitation: 10.9mm
 Pressure: 1005.1 hPa
 P.tendency: -2.1 hPa/3h
 Humidity: 79%
 Abs.humidity: 6.83 g/m3
Ground temperature
Min.temp 6.1°C /06:05
Akt.temp
9.2°C

2019: Jan | Feb | Mar | Apr | May | Jun | Jul | Aug | Sep | Oct | Nov | Dec 
2018: Jan | Feb | Mar | Apr | May | Jun | Jul | Aug | Sep | Oct | Nov | Dec 
2017: Jan | Feb | Mar | Apr | May | Jun | Jul | Aug | Sep | Oct | Nov | Dec 
2016: Jan | Feb | Mar | Apr | May | Jun | Jul | Aug | Sep | Oct | Nov | Dec 
2015: Jan | Feb | Mar | Apr | May | Jun | Jul | Aug | Sep | Oct | Nov | Dec 
2014: Jan | Feb | Mar | Apr | May | Jun | Jul | Aug | Sep | Oct | Nov | Dec 
2013: Jan | Feb | Mar | Apr | May | Jun | Jul | Aug | Sep | Oct | Nov | Dec 
2012: Jan | Feb | Mar | Apr | May | Jun | Jul | Aug | Sep | Oct | Nov | Dec 
2011: Jan | Feb | Mar | Apr | May | Jun | Jul | Aug | Sep | Oct | Nov | Dec 
2010: Jan | Feb | Mar | Apr | May | Jun | Jul | Aug | Sep | Oct | Nov | Dec 
2009: Jan | Feb | Mar | Apr | May | Jun | Jul | Aug | Sep | Oct | Nov | Dec 
2008: Jan | Feb | Mar | Apr | May | Jun | Jul | Aug | Sep | Oct | Nov | Dec 
2007: Jan | Feb | Mar | Apr | May | Jun | Jul | Aug | Sep | Oct | Nov | Dec 

Report for 2016 03
MONTHLY CLIMATOLOGICAL SUMMARY for March 2016 CITY: Blahová ELEV: 118 m LAT: 48° 5' 7" North LONG: 17° 32' 48" East TEMPERATURE (°C), BAROMETER (hPa), RAIN (mm), WIND SPEED (m/s) MEAN TEMPERATURE WIND DOM trans Ground DAY TEMP HIGH TIME LOW TIME HUM Baro Rain SPEED HIGH TIME DIR pirat min.temp time ------------------------------------------------------------------------------------------------------------------------------ 1 2.6 6.8 02:48 1.7 23:00 87 1012.5 8.7 5.7 14.4 15:04 W 0.2 2.2 23:59 2 5.2 8.6 14:47 -1.5 06:34 81 1005.9 0.0 2.3 5.8 23:56 E-SE 0.6 -3.1 06:37 3 3.6 5.3 00:00 2.9 21:41 91 1000.7 2.2 1.6 7.7 23:16 W 0.2 2.8 21:30 4 2.8 8.6 14:31 -1.2 22:50 82 1003.2 0.0 2.9 13.7 08:58 W 0.6 -2.3 23:50 5 6.8 10.9 14:07 -1.0 00:00 76 1000.2 0.0 4.1 14.2 12:47 E 1.0 -2.2 00:03 6 7.9 11.6 14:30 5.9 23:44 71 1001.5 0.1 2.0 8.0 12:13 W 1.1 5.8 23:16 7 4.8 6.4 11:06 3.3 23:14 81 1003.1 0.0 2.0 6.7 09:32 W 0.4 3.8 22:58 8 2.6 6.7 13:26 -0.2 23:53 85 1012.3 0.1 2.2 6.8 14:37 W 0.5 -1.9 20:39 9 2.6 9.7 12:21 -1.5 05:11 82 1011.8 0.2 1.0 5.4 09:25 W 0.7 -2.5 05:11 10 7.2 14.8 13:59 -0.2 01:52 77 1012.5 0.1 2.9 8.4 15:24 N-NW 1.5 -1.9 02:44 11 6.6 11.3 13:19 4.6 21:03 79 1018.5 0.0 3.6 10.3 15:45 W-NW 0.8 4.0 21:02 12 7.1 11.8 13:56 5.4 06:01 72 1022.8 0.0 4.0 9.8 17:25 N-NW 1.1 5.5 06:20 13 7.3 12.4 13:21 3.8 23:58 69 1023.8 0.0 4.8 9.9 19:25 N-NW 1.0 3.5 23:56 14 5.4 12.1 13:50 -1.8 06:10 64 1025.0 0.0 2.6 7.5 15:06 W 1.6 -3.7 05:54 15 2.6 5.6 11:33 1.3 08:03 86 1019.0 4.5 3.4 9.5 11:55 W 0.4 1.9 08:13 16 3.4 8.8 14:20 0.1 23:48 83 1029.4 1.0 1.6 5.3 14:05 E-NE 0.7 -1.4 23:27 17 4.2 13.3 13:56 -1.9 05:41 76 1025.2 0.2 0.3 3.9 14:41 N-NW 1.4 -3.9 05:50 18 6.9 14.7 15:12 -2.6 05:44 70 1014.4 0.1 1.9 8.4 15:25 W 1.7 -4.2 05:57 19 5.8 9.4 12:06 2.3 05:41 73 1017.3 0.0 2.0 7.6 06:55 W 0.9 0.8 00:27 20 5.2 12.3 14:11 1.3 23:10 72 1014.9 0.0 1.3 4.3 13:55 N-NE 1.2 -0.7 22:58 21 7.7 11.8 15:23 2.3 00:00 67 1013.6 0.0 1.9 8.3 13:57 W 1.2 0.8 05:48 22 6.6 12.1 14:11 2.3 23:15 72 1009.5 0.3 1.9 11.3 11:12 W 1.2 -0.1 23:13 23 5.9 10.9 13:45 -0.7 05:56 66 1004.3 0.0 1.7 6.5 17:43 N-NW 1.4 -2.7 05:47 24 5.3 11.4 14:17 1.2 22:35 66 1010.7 0.0 2.8 11.6 13:24 W-NW 1.3 -1.0 21:48 25 7.0 12.6 12:36 -2.2 03:40 67 1014.1 0.0 1.7 6.2 21:32 S-SW 1.3 -3.3 02:29 26 6.7 10.3 14:42 2.7 23:58 81 1017.6 0.7 2.3 8.6 16:54 W 0.8 0.9 23:58 27 7.6 14.9 14:42 -2.1 05:12 69 1015.0 0.1 1.8 7.4 16:44 E 1.8 -2.9 05:36 28 9.6 15.0 13:15 4.5 04:12 71 1010.7 0.0 2.4 7.9 12:22 E 1.8 3.5 00:35 29 9.4 14.8 13:23 2.3 05:20 76 1013.0 0.1 2.1 9.7 14:28 S 1.5 1.2 04:52 30 11.4 16.1 15:32 6.0 01:19 79 1014.4 0.1 1.6 6.9 02:14 SE 1.2 5.0 00:35 31 15.8 21.8 14:25 3.9 05:15 64 1010.1 0.0 2.3 8.1 14:02 SE 2.9 1.7 05:21 ------------------------------------------------------------------------------------------------------------------------------ Avg: 6.2 21.8 31 -2.6 18 75 1013.1 18.8 2.4 14.4 1 W 34.1 Wind Run 7943.1 km Calm Values 2681 Calm in % 6.0 % Sun 198:18 h Distribution WD Values 41762 Distribution WD N-NO 2.730 % Distribution WD NO 1.202 % Distribution WD NO-O 3.846 % Distribution WD O 6.362 % Distribution WD O-SO 5.744 % Distribution WD SO 4.471 % Distribution WD SO-S 2.054 % Distribution WD S 3.477 % Distribution WD S-SW 3.348 % Distribution WD SW 4.432 % Distribution WD SW-W 7.255 % Distribution WD W 21.642 % Distribution WD W-NW 12.760 % Distribution WD NW 4.717 % Distribution WD NW-N 11.886 % Distribution WD N 4.073 % Rain days >0.0 mm Month 15 Rain days >2.0 mm Month 3 Rain days >20.0 mm Month 0 Ice days max < 0°C 0 Cold days min < 0°C 12 Cool days max < 10°C 10 Summer days max >=25°C 0 Hot days max >=30°C 0 Last year same Month: Ice days max < 0°C 0 Last year same Month: Cold days min < 0°C 16 Last year same Month: Cool days max < 10°C 7 Last year same Month: Summer days max >=25°C 0 Last year same Month: Hot days max >=30°C 0 © 1999-2015 Werner Krenn / Mischa Thurnherr - Weatherstation Operating- and Data Acquisition Software - V2.98.1


  ©UMa Astronomy

Creative Commons License
Meteo by UMa Astronomy is licensed under a Creative Commons Attribution-NonCommercial-NoDerivs 3.0 Unported License.