Blahová 12/15/2019
 Last update: 15:58
Updated every 10 minutes
 Cold 
 Akt.temp: 5.6°C
 Max.temp: 6.9°C
 Min.temp: 1.0°C
 Devpoint: 2.4 °C
 Wind speed: 0.9m/s
 Wind direction: NE
 Max wind gust: 5.0m/s
 Precipitation: 0.0mm
 Pressure: 1010.9 hPa
 P.tendency: +0.8 hPa/3h
 Humidity: 80%
 Abs.humidity: 5.66 g/m3
Ground temperature
Min.temp 1.1°C /07:46
Akt.temp
4.4°C

2019: Jan | Feb | Mar | Apr | May | Jun | Jul | Aug | Sep | Oct | Nov | Dec 
2018: Jan | Feb | Mar | Apr | May | Jun | Jul | Aug | Sep | Oct | Nov | Dec 
2017: Jan | Feb | Mar | Apr | May | Jun | Jul | Aug | Sep | Oct | Nov | Dec 
2016: Jan | Feb | Mar | Apr | May | Jun | Jul | Aug | Sep | Oct | Nov | Dec 
2015: Jan | Feb | Mar | Apr | May | Jun | Jul | Aug | Sep | Oct | Nov | Dec 
2014: Jan | Feb | Mar | Apr | May | Jun | Jul | Aug | Sep | Oct | Nov | Dec 
2013: Jan | Feb | Mar | Apr | May | Jun | Jul | Aug | Sep | Oct | Nov | Dec 
2012: Jan | Feb | Mar | Apr | May | Jun | Jul | Aug | Sep | Oct | Nov | Dec 
2011: Jan | Feb | Mar | Apr | May | Jun | Jul | Aug | Sep | Oct | Nov | Dec 
2010: Jan | Feb | Mar | Apr | May | Jun | Jul | Aug | Sep | Oct | Nov | Dec 
2009: Jan | Feb | Mar | Apr | May | Jun | Jul | Aug | Sep | Oct | Nov | Dec 
2008: Jan | Feb | Mar | Apr | May | Jun | Jul | Aug | Sep | Oct | Nov | Dec 
2007: Jan | Feb | Mar | Apr | May | Jun | Jul | Aug | Sep | Oct | Nov | Dec 

Report for 2016 05
MONTHLY CLIMATOLOGICAL SUMMARY for May 2016 CITY: Blahová ELEV: 118 m LAT: 48° 5' 7" North LONG: 17° 32' 48" East TEMPERATURE (°C), BAROMETER (hPa), RAIN (mm), WIND SPEED (m/s) MEAN TEMPERATURE WIND DOM trans Ground DAY TEMP HIGH TIME LOW TIME HUM Baro Rain SPEED HIGH TIME DIR pirat min.temp time ------------------------------------------------------------------------------------------------------------------------------ 1 14.7 18.3 14:42 6.7 04:58 66 1015.2 0.1 2.9 6.5 21:54 N-NE 2.5 4.0 01:30 2 13.3 20.6 12:40 10.5 04:30 81 1014.4 3.9 2.2 11.3 15:05 N-NW 0.8 9.3 05:11 3 13.5 19.0 12:20 10.8 04:47 80 1011.7 0.6 2.7 10.7 13:14 W 2.3 10.1 04:32 4 12.8 16.8 13:21 10.6 23:59 78 1019.2 0.3 5.0 12.5 13:04 W 1.8 9.3 22:56 5 15.3 21.2 14:20 9.5 04:57 69 1020.9 0.2 2.9 12.6 12:05 W 3.3 8.6 03:57 6 15.5 24.1 13:17 7.8 04:31 64 1017.1 0.0 0.7 5.4 17:29 N-NW 4.9 5.6 04:06 7 17.7 23.5 13:40 6.5 03:41 58 1014.5 0.0 1.6 7.9 19:02 E-NE 5.2 4.8 03:56 8 14.6 21.8 13:56 8.2 04:59 64 1016.9 0.0 0.7 4.1 11:07 E-NE 4.3 5.7 04:01 9 15.4 22.9 14:22 8.9 04:36 68 1017.8 0.0 1.6 6.8 17:53 E-NE 4.6 7.3 04:17 10 12.7 16.9 12:56 10.0 00:40 85 1015.3 4.4 1.7 8.1 13:07 E-NE 1.2 8.4 01:06 11 15.2 19.9 13:24 10.9 00:42 77 1008.7 0.0 1.2 6.4 13:13 E-NE 2.3 9.9 00:41 12 13.9 15.0 17:14 11.7 04:52 91 998.8 18.8 1.1 5.0 19:45 E-NE 0.4 11.8 00:02 13 13.6 18.5 11:51 11.8 05:47 91 994.9 21.0 1.1 8.2 04:03 S 0.6 12.8 03:04 14 14.6 19.8 14:10 12.1 22:27 85 1001.8 5.5 2.7 8.9 13:23 W 1.0 11.2 23:04 15 9.1 15.0 13:37 4.5 23:35 68 1014.5 0.6 2.1 10.7 15:57 W 2.3 2.8 23:55 16 9.3 15.0 14:04 2.3 04:41 71 1016.9 0.0 1.7 10.9 15:08 W 2.2 1.6 03:54 17 10.9 15.0 16:56 4.4 04:54 67 1016.4 0.3 1.9 8.3 07:59 W 2.1 3.2 04:44 18 13.4 19.9 12:47 9.0 02:29 67 1013.4 0.0 1.0 5.2 13:13 SW 3.1 8.7 02:22 19 15.4 20.9 14:04 8.7 04:21 67 1011.3 0.0 2.0 10.9 15:35 E-NE 3.5 7.8 04:10 20 16.0 23.6 13:57 9.0 04:49 74 1016.9 0.9 1.3 12.3 15:03 W 4.0 8.2 04:24 21 17.8 26.0 13:30 8.5 04:20 65 1018.3 0.0 0.8 4.0 13:03 W 5.5 7.2 04:09 22 19.6 26.5 13:47 9.1 03:30 60 1014.4 0.0 1.6 9.8 11:53 E-SE 6.1 7.8 03:54 23 20.8 27.0 14:07 12.5 04:19 58 1007.2 0.0 2.4 11.8 23:13 E 6.0 10.1 02:23 24 14.3 18.8 14:29 11.0 04:34 85 1006.3 23.1 3.4 11.0 02:09 W 1.1 11.1 04:38 25 17.9 23.6 13:40 11.8 01:24 77 1010.5 0.1 3.7 9.7 11:13 W 3.0 10.8 03:35 26 18.7 25.2 15:08 11.7 02:37 76 1014.8 0.0 1.7 7.2 09:10 W 3.6 10.3 01:03 27 21.2 27.5 14:23 11.4 02:24 69 1015.0 0.1 1.3 9.9 12:54 SE 5.3 9.6 03:45 28 22.5 28.4 13:21 16.8 02:36 66 1011.5 0.0 2.1 8.8 13:40 E-NE 5.6 15.2 01:20 29 23.7 28.4 14:25 18.3 05:20 65 1006.3 0.0 2.8 9.5 11:11 E 5.6 18.0 05:17 30 19.5 26.4 13:58 15.0 23:55 70 1007.5 0.0 1.6 7.2 11:20 E-SE 4.9 13.8 23:59 31 19.5 25.9 13:27 12.0 03:37 70 1010.2 0.0 1.2 8.9 15:22 W 4.4 11.4 03:54 ------------------------------------------------------------------------------------------------------------------------------ Avg: 15.9 28.4 29 2.3 16 72 1012.2 80.1 2.0 12.6 5 W 103.6 Wind Run 6681.1 km Calm Values 2429 Calm in % 5.4 % Sun 327:52 h Distribution WD Values 42188 Distribution WD N-NO 5.871 % Distribution WD NO 4.297 % Distribution WD NO-O 11.437 % Distribution WD O 9.913 % Distribution WD O-SO 6.924 % Distribution WD SO 4.335 % Distribution WD SO-S 1.816 % Distribution WD S 2.842 % Distribution WD S-SW 3.546 % Distribution WD SW 4.807 % Distribution WD SW-W 7.125 % Distribution WD W 17.714 % Distribution WD W-NW 7.606 % Distribution WD NW 2.382 % Distribution WD NW-N 5.810 % Distribution WD N 3.574 % Rain days >0.0 mm Month 15 Rain days >2.0 mm Month 6 Rain days >20.0 mm Month 2 Ice days max < 0°C 0 Cold days min < 0°C 0 Cool days max < 10°C 0 Summer days max >=25°C 9 Hot days max >=30°C 0 Last year same Month: Ice days max < 0°C 0 Last year same Month: Cold days min < 0°C 0 Last year same Month: Cool days max < 10°C 0 Last year same Month: Summer days max >=25°C 5 Last year same Month: Hot days max >=30°C 0 © 1999-2015 Werner Krenn / Mischa Thurnherr - Weatherstation Operating- and Data Acquisition Software - V2.98.1


  ©UMa Astronomy

Creative Commons License
Meteo by UMa Astronomy is licensed under a Creative Commons Attribution-NonCommercial-NoDerivs 3.0 Unported License.