Blahová 11/13/2019
 Last update: 20:28
Updated every 10 minutes
 Cold 
 Akt.temp: 5.3°C
 Max.temp: 9.9°C
 Min.temp: 4.8°C
 Devpoint: 2 °C
 Wind speed: 1.9m/s
 Wind direction: W-SW
 Max wind gust: 7.7m/s
 Precipitation: 11.8mm
 Pressure: 1005.5 hPa
 P.tendency: +3.9 hPa/3h
 Humidity: 79%
 Abs.humidity: 5.48 g/m3
Ground temperature
Min.temp 5.8°C /18:24
Akt.temp
6.5°C

2019: Jan | Feb | Mar | Apr | May | Jun | Jul | Aug | Sep | Oct | Nov | Dec 
2018: Jan | Feb | Mar | Apr | May | Jun | Jul | Aug | Sep | Oct | Nov | Dec 
2017: Jan | Feb | Mar | Apr | May | Jun | Jul | Aug | Sep | Oct | Nov | Dec 
2016: Jan | Feb | Mar | Apr | May | Jun | Jul | Aug | Sep | Oct | Nov | Dec 
2015: Jan | Feb | Mar | Apr | May | Jun | Jul | Aug | Sep | Oct | Nov | Dec 
2014: Jan | Feb | Mar | Apr | May | Jun | Jul | Aug | Sep | Oct | Nov | Dec 
2013: Jan | Feb | Mar | Apr | May | Jun | Jul | Aug | Sep | Oct | Nov | Dec 
2012: Jan | Feb | Mar | Apr | May | Jun | Jul | Aug | Sep | Oct | Nov | Dec 
2011: Jan | Feb | Mar | Apr | May | Jun | Jul | Aug | Sep | Oct | Nov | Dec 
2010: Jan | Feb | Mar | Apr | May | Jun | Jul | Aug | Sep | Oct | Nov | Dec 
2009: Jan | Feb | Mar | Apr | May | Jun | Jul | Aug | Sep | Oct | Nov | Dec 
2008: Jan | Feb | Mar | Apr | May | Jun | Jul | Aug | Sep | Oct | Nov | Dec 
2007: Jan | Feb | Mar | Apr | May | Jun | Jul | Aug | Sep | Oct | Nov | Dec 

Report for 2016 06
MONTHLY CLIMATOLOGICAL SUMMARY for June 2016 CITY: Blahová ELEV: 118 m LAT: 48° 5' 7" North LONG: 17° 32' 48" East TEMPERATURE (°C), BAROMETER (hPa), RAIN (mm), WIND SPEED (m/s) MEAN TEMPERATURE WIND DOM trans Ground DAY TEMP HIGH TIME LOW TIME HUM Baro Rain SPEED HIGH TIME DIR pirat min.temp time ------------------------------------------------------------------------------------------------------------------------------ 1 18.6 24.9 14:35 10.3 03:38 75 1011.2 6.6 1.3 7.5 10:32 E 4.5 10.0 03:31 2 17.9 22.0 10:30 10.9 04:25 79 1009.7 1.5 0.2 5.5 16:02 E-NE 2.3 10.5 04:10 3 19.0 26.3 14:40 14.4 04:20 79 1009.0 0.9 0.8 3.5 11:28 W 4.1 14.1 23:56 4 20.5 27.1 14:10 13.8 03:08 76 1010.8 0.1 0.4 6.4 15:52 N-NW 4.8 13.1 02:13 5 16.6 25.3 13:23 15.1 23:59 90 1014.1 5.9 0.9 7.5 13:39 W 0.7 14.3 23:44 6 19.5 25.8 11:49 12.4 23:57 67 1018.2 2.4 2.0 8.7 16:23 N-NW 3.5 11.1 23:56 7 17.5 24.7 14:43 10.6 23:55 61 1021.0 0.0 1.1 5.2 06:52 N-NW 4.9 9.6 03:48 8 17.7 25.9 13:13 8.7 03:49 66 1016.0 0.0 0.5 3.3 14:42 N-NW 5.6 8.3 03:49 9 18.9 27.3 13:32 11.0 04:17 74 1011.9 0.6 1.0 7.3 14:41 N-NW 3.8 10.2 03:36 10 19.0 25.9 14:04 15.0 01:39 77 1009.9 3.5 1.7 6.7 15:23 W 3.3 14.1 23:43 11 18.4 24.9 13:42 12.6 04:18 77 1009.6 1.7 1.6 7.6 14:52 N-NW 3.0 11.5 03:56 12 17.6 22.6 15:03 14.6 02:15 83 1008.1 4.3 1.0 3.6 13:31 N-NW 1.7 14.7 01:05 13 19.1 24.8 16:48 14.0 03:17 74 1001.7 0.0 0.8 5.1 13:01 W 3.3 12.5 23:55 14 19.8 25.3 13:45 13.3 01:22 69 1000.0 0.1 2.4 8.7 14:21 W 4.3 11.5 01:30 15 16.4 20.1 08:19 12.3 23:54 83 1003.4 5.0 1.1 8.9 14:41 W 0.9 11.1 23:58 16 21.6 26.2 12:54 11.9 01:38 75 1004.8 0.1 2.3 11.4 11:37 E-NE 3.6 10.8 01:40 17 21.1 27.3 08:28 13.7 23:56 64 1010.3 0.0 3.0 17.5 09:24 W 4.2 12.7 23:47 18 19.9 27.3 15:08 12.4 01:23 64 1017.6 0.0 1.0 5.0 08:56 W 5.3 11.2 01:22 19 21.4 27.6 13:18 11.5 03:58 66 1016.6 0.0 1.2 7.6 19:38 W 5.6 10.6 03:59 20 19.2 25.5 14:32 15.0 23:50 79 1018.3 0.2 1.4 6.7 15:51 W 3.4 14.1 23:56 21 21.0 28.4 14:05 11.7 03:49 73 1022.3 0.1 0.3 3.5 13:51 S 5.2 10.8 03:28 22 24.1 32.1 14:50 15.0 04:08 67 1023.6 0.0 0.8 3.9 14:31 N-NW 7.3 13.6 02:08 23 25.6 34.0 14:47 16.1 04:22 64 1021.8 0.0 0.6 3.8 08:01 N-NW 8.7 15.0 03:55 24 27.7 33.3 14:38 17.4 04:23 67 1017.0 0.0 1.6 5.8 15:21 E 6.7 16.1 03:39 25 27.7 33.3 14:31 21.6 04:12 64 1012.0 0.0 2.0 9.4 23:28 E 7.5 19.9 03:59 26 22.9 28.8 15:05 19.1 04:02 72 1015.0 0.1 2.3 7.6 00:18 W 4.7 17.8 23:41 27 19.9 24.1 15:01 16.7 03:48 70 1015.8 0.0 3.9 11.5 15:23 W 2.7 15.7 03:25 28 20.8 27.5 14:32 14.9 04:29 60 1015.8 0.0 2.1 10.0 10:05 W 6.0 13.3 23:57 29 23.0 30.6 16:40 12.9 01:54 62 1014.6 0.0 0.9 6.5 12:03 E-SE 6.7 11.6 02:50 30 25.1 31.5 14:54 16.0 02:24 62 1014.5 0.0 1.7 7.0 14:44 SE 7.3 14.7 02:16 ------------------------------------------------------------------------------------------------------------------------------ Avg: 20.6 34.0 23 8.7 8 71 1013.1 33.3 1.4 17.5 17 W 135.7 Wind Run 4640.1 km Calm Values 6380 Calm in % 14.9 % Sun 363:34 h Distribution WD Values 36425 Distribution WD N-NO 5.060 % Distribution WD NO 2.704 % Distribution WD NO-O 6.402 % Distribution WD O 7.061 % Distribution WD O-SO 5.691 % Distribution WD SO 5.362 % Distribution WD SO-S 2.718 % Distribution WD S 4.596 % Distribution WD S-SW 4.475 % Distribution WD SW 5.090 % Distribution WD SW-W 6.194 % Distribution WD W 15.580 % Distribution WD W-NW 8.316 % Distribution WD NW 3.237 % Distribution WD NW-N 11.498 % Distribution WD N 6.018 % Rain days >0.0 mm Month 16 Rain days >2.0 mm Month 6 Rain days >20.0 mm Month 0 Ice days max < 0°C 0 Cold days min < 0°C 0 Cool days max < 10°C 0 Summer days max >=25°C 22 Hot days max >=30°C 6 Last year same Month: Ice days max < 0°C 0 Last year same Month: Cold days min < 0°C 0 Last year same Month: Cool days max < 10°C 0 Last year same Month: Summer days max >=25°C 19 Last year same Month: Hot days max >=30°C 6 © 1999-2015 Werner Krenn / Mischa Thurnherr - Weatherstation Operating- and Data Acquisition Software - V2.98.1


  ©UMa Astronomy

Creative Commons License
Meteo by UMa Astronomy is licensed under a Creative Commons Attribution-NonCommercial-NoDerivs 3.0 Unported License.