Blahová 11/13/2019
 Last update: 20:53
Updated every 10 minutes
 Cold 
 Akt.temp: 5.3°C
 Max.temp: 9.9°C
 Min.temp: 4.8°C
 Devpoint: 1.8 °C
 Wind speed: 1.8m/s
 Wind direction: SW
 Max wind gust: 7.7m/s
 Precipitation: 11.8mm
 Pressure: 1005.9 hPa
 P.tendency: +3.4 hPa/3h
 Humidity: 78%
 Abs.humidity: 5.41 g/m3
Ground temperature
Min.temp 5.8°C /18:24
Akt.temp
6.5°C

2019: Jan | Feb | Mar | Apr | May | Jun | Jul | Aug | Sep | Oct | Nov | Dec 
2018: Jan | Feb | Mar | Apr | May | Jun | Jul | Aug | Sep | Oct | Nov | Dec 
2017: Jan | Feb | Mar | Apr | May | Jun | Jul | Aug | Sep | Oct | Nov | Dec 
2016: Jan | Feb | Mar | Apr | May | Jun | Jul | Aug | Sep | Oct | Nov | Dec 
2015: Jan | Feb | Mar | Apr | May | Jun | Jul | Aug | Sep | Oct | Nov | Dec 
2014: Jan | Feb | Mar | Apr | May | Jun | Jul | Aug | Sep | Oct | Nov | Dec 
2013: Jan | Feb | Mar | Apr | May | Jun | Jul | Aug | Sep | Oct | Nov | Dec 
2012: Jan | Feb | Mar | Apr | May | Jun | Jul | Aug | Sep | Oct | Nov | Dec 
2011: Jan | Feb | Mar | Apr | May | Jun | Jul | Aug | Sep | Oct | Nov | Dec 
2010: Jan | Feb | Mar | Apr | May | Jun | Jul | Aug | Sep | Oct | Nov | Dec 
2009: Jan | Feb | Mar | Apr | May | Jun | Jul | Aug | Sep | Oct | Nov | Dec 
2008: Jan | Feb | Mar | Apr | May | Jun | Jul | Aug | Sep | Oct | Nov | Dec 
2007: Jan | Feb | Mar | Apr | May | Jun | Jul | Aug | Sep | Oct | Nov | Dec 

Report for 2016 07
MONTHLY CLIMATOLOGICAL SUMMARY for July 2016 CITY: Blahová ELEV: 118 m LAT: 48° 5' 7" North LONG: 17° 32' 48" East TEMPERATURE (°C), BAROMETER (hPa), RAIN (mm), WIND SPEED (m/s) MEAN TEMPERATURE WIND DOM trans Ground DAY TEMP HIGH TIME LOW TIME HUM Baro Rain SPEED HIGH TIME DIR pirat min.temp time ------------------------------------------------------------------------------------------------------------------------------ 1 25.3 32.8 14:39 16.9 03:37 61 1016.5 0.0 0.6 4.4 12:23 W 7.5 15.7 03:43 2 25.0 32.9 13:51 16.4 04:19 69 1013.2 16.7 3.4 12.0 22:07 SE 7.6 15.0 04:23 3 17.4 21.9 17:06 13.0 23:51 74 1019.3 0.9 2.3 8.6 06:42 W 2.2 11.4 23:51 4 19.3 25.9 16:26 11.3 02:36 66 1020.5 0.0 1.1 5.6 12:02 W 4.7 10.1 02:37 5 21.5 29.4 16:23 14.1 04:39 68 1014.5 0.0 1.0 7.7 15:53 S 5.6 13.6 04:29 6 21.1 26.7 13:39 12.7 23:23 50 1016.1 0.0 2.3 12.4 10:42 W 4.9 11.1 23:06 7 18.5 25.9 16:17 10.3 04:26 57 1020.0 0.0 1.3 9.6 10:31 W 5.0 9.3 04:23 8 22.5 29.1 15:08 10.2 04:29 60 1016.8 0.0 1.4 7.8 13:12 SE 5.3 9.5 04:09 9 22.2 28.7 12:10 15.0 23:59 57 1016.4 0.0 2.8 10.6 15:43 W 4.8 13.6 23:18 10 24.2 31.5 15:18 13.6 04:05 55 1016.4 0.0 1.3 4.4 16:22 E 6.9 11.9 04:04 11 26.8 33.9 13:50 17.3 03:08 58 1013.3 0.0 2.1 8.5 10:52 E-SE 7.8 15.3 01:57 12 24.6 32.2 14:43 19.5 23:46 70 1010.6 8.9 0.8 10.1 22:46 N-NW 6.4 18.6 00:47 13 22.3 28.9 14:09 18.1 04:46 77 1010.0 6.7 1.5 6.5 22:40 W 5.0 17.6 03:41 14 15.9 20.7 12:50 13.3 23:58 78 1012.5 23.3 4.7 15.0 14:15 W 2.2 12.1 23:56 15 18.1 22.5 14:03 11.7 01:09 63 1019.8 0.0 3.7 11.6 15:23 W 3.2 10.6 04:22 16 14.9 17.6 10:24 13.9 20:09 85 1017.8 11.0 4.3 13.6 05:36 W-NW 0.6 14.0 19:02 17 17.7 20.4 14:49 13.9 02:52 78 1016.3 0.1 2.3 10.5 06:59 W 1.9 13.0 02:15 18 22.2 28.1 16:18 17.0 00:41 72 1017.8 0.0 1.5 8.1 22:47 W 3.8 14.6 01:01 19 20.8 28.1 13:52 13.3 03:44 70 1019.2 0.0 0.8 6.5 13:24 N-NW 4.5 11.8 03:38 20 21.6 27.5 14:12 15.2 04:12 68 1017.3 0.0 1.6 7.0 10:34 N-NW 4.7 13.6 02:27 21 23.8 31.6 15:36 14.5 03:54 68 1014.5 0.0 0.3 4.3 13:43 N-NW 5.9 13.2 03:36 22 22.8 29.7 16:11 17.9 03:14 79 1015.1 20.3 0.5 11.2 00:43 W 4.4 17.1 02:58 23 23.8 30.7 14:46 19.2 00:20 78 1015.5 0.5 0.8 4.3 11:33 N-NW 4.5 17.4 00:06 24 23.5 29.4 14:17 20.0 05:59 80 1016.9 7.2 0.8 5.0 05:48 N-NW 3.7 17.7 00:33 25 24.6 30.1 15:52 19.1 02:46 76 1015.6 0.0 1.3 7.8 12:43 W 4.6 17.7 02:09 26 25.0 31.5 13:53 18.3 04:35 72 1015.5 0.1 1.0 5.6 18:33 W 5.6 17.2 04:33 27 24.4 29.3 14:15 18.9 03:16 77 1014.8 4.8 1.8 5.3 21:27 E-NE 4.0 17.3 02:53 28 21.6 25.9 14:03 18.5 23:36 82 1014.8 5.3 1.2 5.1 03:53 W 2.7 16.6 23:31 29 23.5 30.0 14:41 16.6 04:44 71 1014.1 0.1 1.6 7.2 16:04 W 6.0 15.3 03:17 30 24.5 32.2 14:39 15.8 04:25 69 1013.8 0.0 0.7 8.3 16:52 S 7.4 14.4 04:33 31 23.0 31.1 12:57 18.8 23:10 79 1011.4 36.5 3.3 12.8 19:12 E 4.3 17.2 00:40 ------------------------------------------------------------------------------------------------------------------------------ Avg: 22.0 33.9 11 10.2 8 70 1015.7 142.6 1.8 15.0 14 W 147.6 Wind Run 6140.0 km Calm Values 5222 Calm in % 11.7 % Sun 335:33 h Distribution WD Values 39289 Distribution WD N-NO 3.451 % Distribution WD NO 1.446 % Distribution WD NO-O 3.663 % Distribution WD O 4.304 % Distribution WD O-SO 4.553 % Distribution WD SO 5.146 % Distribution WD SO-S 2.881 % Distribution WD S 4.195 % Distribution WD S-SW 4.678 % Distribution WD SW 4.971 % Distribution WD SW-W 6.870 % Distribution WD W 20.372 % Distribution WD W-NW 11.619 % Distribution WD NW 3.787 % Distribution WD NW-N 11.637 % Distribution WD N 6.427 % Rain days >0.0 mm Month 15 Rain days >2.0 mm Month 10 Rain days >20.0 mm Month 3 Ice days max < 0°C 0 Cold days min < 0°C 0 Cool days max < 10°C 0 Summer days max >=25°C 26 Hot days max >=30°C 12 Last year same Month: Ice days max < 0°C 0 Last year same Month: Cold days min < 0°C 0 Last year same Month: Cool days max < 10°C 0 Last year same Month: Summer days max >=25°C 25 Last year same Month: Hot days max >=30°C 19 © 1999-2015 Werner Krenn / Mischa Thurnherr - Weatherstation Operating- and Data Acquisition Software - V2.98.1


  ©UMa Astronomy

Creative Commons License
Meteo by UMa Astronomy is licensed under a Creative Commons Attribution-NonCommercial-NoDerivs 3.0 Unported License.