Blahová 10/18/2019
 Last update: 00:28
Updated every 10 minutes
 Cold 
 Akt.temp: 9.9°C
 Max.temp: 10.2°C
 Min.temp: 9.9°C
 Devpoint: 6.1 °C
 Wind speed: 0.0m/s
 Wind direction: 000
 Max wind gust: 0.0m/s
 Precipitation: 0.0mm
 Pressure: 1016.3 hPa
 P.tendency: -- hPa/3h
 Humidity: 77%
 Abs.humidity: 7.19 g/m3
Ground temperature
Min.temp 7.2°C /00:27
Akt.temp
7.3°C

2019: Jan | Feb | Mar | Apr | May | Jun | Jul | Aug | Sep | Oct | Nov | Dec 
2018: Jan | Feb | Mar | Apr | May | Jun | Jul | Aug | Sep | Oct | Nov | Dec 
2017: Jan | Feb | Mar | Apr | May | Jun | Jul | Aug | Sep | Oct | Nov | Dec 
2016: Jan | Feb | Mar | Apr | May | Jun | Jul | Aug | Sep | Oct | Nov | Dec 
2015: Jan | Feb | Mar | Apr | May | Jun | Jul | Aug | Sep | Oct | Nov | Dec 
2014: Jan | Feb | Mar | Apr | May | Jun | Jul | Aug | Sep | Oct | Nov | Dec 
2013: Jan | Feb | Mar | Apr | May | Jun | Jul | Aug | Sep | Oct | Nov | Dec 
2012: Jan | Feb | Mar | Apr | May | Jun | Jul | Aug | Sep | Oct | Nov | Dec 
2011: Jan | Feb | Mar | Apr | May | Jun | Jul | Aug | Sep | Oct | Nov | Dec 
2010: Jan | Feb | Mar | Apr | May | Jun | Jul | Aug | Sep | Oct | Nov | Dec 
2009: Jan | Feb | Mar | Apr | May | Jun | Jul | Aug | Sep | Oct | Nov | Dec 
2008: Jan | Feb | Mar | Apr | May | Jun | Jul | Aug | Sep | Oct | Nov | Dec 
2007: Jan | Feb | Mar | Apr | May | Jun | Jul | Aug | Sep | Oct | Nov | Dec 

Report for 2016 08
MONTHLY CLIMATOLOGICAL SUMMARY for August 2016 CITY: Blahová ELEV: 118 m LAT: 48° 5' 7" North LONG: 17° 32' 48" East TEMPERATURE (°C), BAROMETER (hPa), RAIN (mm), WIND SPEED (m/s) MEAN TEMPERATURE WIND DOM trans Ground DAY TEMP HIGH TIME LOW TIME HUM Baro Rain SPEED HIGH TIME DIR pirat min.temp time ------------------------------------------------------------------------------------------------------------------------------ 1 20.7 25.9 14:26 15.9 23:59 75 1016.3 0.0 2.5 8.7 10:02 W 3.8 14.7 23:56 2 20.9 27.1 14:21 12.9 03:01 67 1016.7 0.1 1.0 5.4 13:46 W 5.0 12.0 04:29 3 22.1 27.7 14:35 18.6 03:30 71 1016.1 0.0 1.4 5.6 07:08 W 4.2 18.1 23:44 4 24.3 30.5 13:40 17.1 04:48 69 1014.1 0.0 1.6 6.8 14:08 E 4.9 16.0 04:44 5 22.0 30.9 13:49 16.4 23:56 78 1013.6 11.6 1.2 10.4 17:42 W 4.5 16.4 23:56 6 18.8 23.7 13:39 15.4 03:40 75 1021.8 2.6 2.8 10.6 12:02 W 3.1 14.4 23:49 7 19.5 25.8 13:55 14.1 02:29 70 1025.0 0.0 1.8 8.1 09:15 N-NW 4.1 13.2 02:25 8 20.0 27.3 14:20 11.9 04:51 70 1020.0 0.0 1.1 4.2 14:12 E-SE 4.8 11.3 04:47 9 22.0 28.9 14:39 12.8 03:39 69 1016.1 0.0 1.0 9.9 15:39 W 4.9 12.1 03:46 10 13.8 18.4 00:00 12.3 23:47 86 1015.8 7.3 2.5 7.9 04:02 W 0.5 11.4 23:38 11 14.0 20.3 14:23 8.8 23:54 72 1020.8 0.0 2.0 8.1 10:46 W 2.7 8.1 23:55 12 16.3 20.6 14:45 6.9 04:52 72 1023.7 0.0 1.1 7.6 16:12 W 2.6 6.6 04:34 13 18.0 22.6 14:47 12.3 04:30 82 1023.7 0.0 0.5 4.1 13:17 E-SE 2.0 11.1 04:09 14 23.4 29.6 14:32 13.5 03:18 68 1020.3 0.0 1.5 5.4 13:52 S 5.2 12.5 02:58 15 20.6 27.7 13:33 14.1 23:58 70 1018.9 0.0 1.5 5.1 13:55 N-NW 4.5 13.0 23:42 16 20.5 27.7 14:12 11.9 04:55 73 1014.2 17.6 1.5 5.2 15:51 N-NW 4.7 11.2 04:38 17 17.2 24.3 14:07 12.1 23:57 76 1012.2 3.9 1.0 6.8 12:31 N-NW 3.7 11.1 23:48 18 18.4 25.0 14:16 10.7 03:43 78 1011.0 0.0 1.3 6.5 15:01 E-NE 3.1 10.0 03:37 19 20.3 26.7 13:06 15.1 02:13 77 1013.5 0.0 0.8 9.0 14:51 E-NE 3.5 13.7 02:16 20 20.9 27.9 14:22 14.7 04:14 77 1015.9 0.0 1.2 9.9 18:04 SE 3.9 13.4 03:42 21 18.9 22.3 09:39 16.2 23:50 82 1018.0 3.9 1.7 7.8 11:41 W 1.1 15.7 23:33 22 16.9 19.1 17:07 15.3 23:47 80 1023.4 5.7 2.3 9.6 05:41 W 0.8 13.4 23:45 23 20.9 25.9 14:08 15.0 01:44 66 1024.3 0.0 2.8 10.3 15:10 N-NW 4.4 13.2 00:14 24 20.9 27.7 13:14 14.5 04:05 69 1023.3 0.0 1.6 6.8 12:30 N-NW 4.1 12.6 03:52 25 19.6 27.0 14:12 12.8 05:18 72 1022.2 0.0 0.5 6.6 02:05 E-NE 4.3 11.5 05:00 26 20.5 27.7 14:17 14.9 05:22 68 1021.4 0.0 1.5 5.4 13:41 E 4.8 12.1 05:10 27 22.0 29.5 13:10 14.7 04:47 69 1020.6 0.0 1.1 10.1 23:42 E 4.6 12.8 00:31 28 21.5 29.9 13:41 15.6 05:23 69 1017.3 0.0 1.5 10.3 10:43 E 5.7 14.2 04:38 29 21.2 26.6 10:17 15.1 03:54 75 1017.1 0.0 1.3 5.1 11:21 W 2.1 13.6 03:39 30 20.4 27.3 13:15 14.1 23:59 64 1021.6 0.0 2.5 8.1 11:35 N-NW 4.7 11.8 23:57 31 18.2 25.9 13:31 10.8 05:12 69 1022.3 0.0 0.7 4.2 14:21 E 4.1 9.9 05:11 ------------------------------------------------------------------------------------------------------------------------------ Avg: 19.8 30.9 5 6.9 12 73 1018.7 52.8 1.5 10.6 6 W 116.4 Wind Run 5466.8 km Calm Values 4163 Calm in % 9.3 % Sun 303:09 h Distribution WD Values 40484 Distribution WD N-NO 2.485 % Distribution WD NO 1.630 % Distribution WD NO-O 7.435 % Distribution WD O 9.900 % Distribution WD O-SO 7.428 % Distribution WD SO 6.370 % Distribution WD SO-S 2.878 % Distribution WD S 3.209 % Distribution WD S-SW 2.510 % Distribution WD SW 3.204 % Distribution WD SW-W 4.389 % Distribution WD W 15.868 % Distribution WD W-NW 11.555 % Distribution WD NW 4.167 % Distribution WD NW-N 12.069 % Distribution WD N 4.903 % Rain days >0.0 mm Month 8 Rain days >2.0 mm Month 7 Rain days >20.0 mm Month 0 Ice days max < 0°C 0 Cold days min < 0°C 0 Cool days max < 10°C 0 Summer days max >=25°C 23 Hot days max >=30°C 2 Last year same Month: Ice days max < 0°C 0 Last year same Month: Cold days min < 0°C 0 Last year same Month: Cool days max < 10°C 0 Last year same Month: Summer days max >=25°C 24 Last year same Month: Hot days max >=30°C 18 © 1999-2015 Werner Krenn / Mischa Thurnherr - Weatherstation Operating- and Data Acquisition Software - V2.98.1


  ©UMa Astronomy

Creative Commons License
Meteo by UMa Astronomy is licensed under a Creative Commons Attribution-NonCommercial-NoDerivs 3.0 Unported License.