Blahová 09/20/2019
 Last update: 09:23
Updated every 10 minutes
 Cold 
 Akt.temp: 13.5°C
 Max.temp: 13.5°C
 Min.temp: 3.3°C
 Devpoint: 7.3 °C
 Wind speed: 1.5m/s
 Wind direction: N
 Max wind gust: 3.2m/s
 Precipitation: 0.0mm
 Pressure: 1028.4 hPa
 P.tendency: +1.2 hPa/3h
 Humidity: 66%
 Abs.humidity: 7.72 g/m3
Ground temperature
Min.temp 2.5°C /05:08
Akt.temp
14.4°C

2019: Jan | Feb | Mar | Apr | May | Jun | Jul | Aug | Sep | Oct | Nov | Dec 
2018: Jan | Feb | Mar | Apr | May | Jun | Jul | Aug | Sep | Oct | Nov | Dec 
2017: Jan | Feb | Mar | Apr | May | Jun | Jul | Aug | Sep | Oct | Nov | Dec 
2016: Jan | Feb | Mar | Apr | May | Jun | Jul | Aug | Sep | Oct | Nov | Dec 
2015: Jan | Feb | Mar | Apr | May | Jun | Jul | Aug | Sep | Oct | Nov | Dec 
2014: Jan | Feb | Mar | Apr | May | Jun | Jul | Aug | Sep | Oct | Nov | Dec 
2013: Jan | Feb | Mar | Apr | May | Jun | Jul | Aug | Sep | Oct | Nov | Dec 
2012: Jan | Feb | Mar | Apr | May | Jun | Jul | Aug | Sep | Oct | Nov | Dec 
2011: Jan | Feb | Mar | Apr | May | Jun | Jul | Aug | Sep | Oct | Nov | Dec 
2010: Jan | Feb | Mar | Apr | May | Jun | Jul | Aug | Sep | Oct | Nov | Dec 
2009: Jan | Feb | Mar | Apr | May | Jun | Jul | Aug | Sep | Oct | Nov | Dec 
2008: Jan | Feb | Mar | Apr | May | Jun | Jul | Aug | Sep | Oct | Nov | Dec 
2007: Jan | Feb | Mar | Apr | May | Jun | Jul | Aug | Sep | Oct | Nov | Dec 

Report for 2016 09
MONTHLY CLIMATOLOGICAL SUMMARY for September 2016 CITY: Blahová ELEV: 118 m LAT: 48° 5' 7" North LONG: 17° 32' 48" East TEMPERATURE (°C), BAROMETER (hPa), RAIN (mm), WIND SPEED (m/s) MEAN TEMPERATURE WIND DOM trans Ground DAY TEMP HIGH TIME LOW TIME HUM Baro Rain SPEED HIGH TIME DIR pirat min.temp time ------------------------------------------------------------------------------------------------------------------------------ 1 19.1 28.1 14:16 11.7 05:27 69 1020.3 0.0 0.6 4.8 13:02 N-NE 4.8 10.7 04:52 2 20.4 28.7 13:34 11.8 05:12 70 1018.9 0.0 0.7 3.9 13:52 W 5.0 11.1 05:11 3 21.1 29.7 13:51 13.4 05:21 68 1017.8 0.0 1.0 4.9 15:04 S 5.2 12.0 05:15 4 23.0 30.0 13:38 14.1 05:15 66 1013.8 0.0 1.3 7.0 14:16 S 4.9 13.1 05:07 5 17.0 21.5 00:00 15.0 21:53 80 1015.3 8.5 2.3 8.9 12:29 W 1.7 13.8 22:35 6 18.1 21.8 14:29 14.2 06:03 83 1020.6 11.9 1.7 9.8 08:20 N-NW 1.3 13.9 00:00 7 20.6 27.2 14:42 13.5 04:57 75 1021.0 0.0 1.0 4.2 14:50 E-NE 3.7 12.6 04:58 8 21.3 29.0 14:31 14.4 03:38 74 1016.0 0.0 0.8 4.3 13:30 E-NE 4.5 12.9 03:34 9 22.0 31.5 13:59 14.8 05:32 73 1016.4 0.0 0.5 2.9 15:00 N 5.7 13.5 05:32 10 21.7 30.3 13:52 14.5 05:28 72 1016.3 0.0 0.7 3.8 14:53 N 5.1 13.4 04:56 11 22.6 32.2 14:24 15.5 05:45 71 1018.1 0.0 0.5 3.8 00:00 N 6.3 14.5 05:29 12 22.4 31.5 13:31 15.7 05:11 72 1018.4 0.0 0.9 2.9 12:20 N-NW 5.4 14.4 05:16 13 23.0 30.1 14:01 15.7 05:25 69 1016.2 0.0 1.0 3.6 11:41 E 5.2 14.1 05:31 14 21.4 29.4 13:43 15.1 05:21 69 1015.1 0.0 0.7 2.9 12:32 N-NE 5.0 13.8 05:10 15 20.9 27.7 13:23 14.1 05:36 70 1015.0 0.0 1.4 5.1 17:00 E-SE 3.9 12.8 04:58 16 21.8 28.3 13:46 16.5 05:25 72 1011.3 0.0 1.3 5.2 09:58 E 4.0 15.1 05:42 17 18.4 24.5 14:06 14.6 23:33 78 1010.3 4.3 1.4 9.2 16:10 W 2.3 13.2 23:18 18 17.7 22.9 14:28 13.7 05:44 78 1010.7 0.0 1.2 3.7 12:16 SE 2.4 12.3 05:45 19 16.5 22.6 11:54 11.7 05:15 76 1008.8 0.0 3.3 11.0 14:09 W-NW 2.0 10.9 05:20 20 13.2 19.0 12:07 10.6 23:57 65 1014.5 0.0 3.1 11.2 12:20 W-NW 2.4 9.8 23:54 21 14.4 20.8 12:17 9.6 01:28 74 1017.3 1.7 1.1 6.2 15:08 W 2.2 8.6 01:36 22 11.5 19.9 14:20 6.2 23:57 71 1021.9 0.0 1.3 7.7 10:42 N-NW 2.9 5.3 05:23 23 14.3 21.7 13:02 4.1 05:30 70 1024.3 0.1 0.7 4.1 14:06 S 3.4 3.5 05:34 24 14.4 24.1 14:13 6.9 05:03 74 1024.7 0.0 0.2 4.2 13:22 N-NW 3.6 5.8 05:34 25 15.4 23.4 13:26 6.6 05:25 71 1020.8 0.0 0.7 3.0 15:14 E-NE 3.2 5.8 05:43 26 13.7 22.4 13:30 10.1 05:10 75 1021.8 0.0 0.8 4.3 09:56 E 2.5 8.8 03:21 27 12.9 23.1 12:31 7.7 05:28 73 1025.8 0.0 0.4 3.3 13:15 N 3.1 6.4 05:46 28 16.1 24.0 13:58 5.2 05:57 69 1025.6 0.0 0.8 6.0 12:38 S 3.5 4.4 05:57 29 19.0 27.3 14:21 12.1 03:37 67 1019.9 0.0 1.3 6.2 15:51 SE 4.7 10.9 02:21 30 17.3 26.5 13:01 9.5 04:58 74 1016.0 0.0 0.5 4.6 19:25 E 3.9 8.1 05:06 ------------------------------------------------------------------------------------------------------------------------------ Avg: 18.4 32.2 11 4.1 23 72 1017.8 26.6 1.1 11.2 20 N-NW 113.9 Wind Run 3796.1 km Calm Values 8248 Calm in % 19.1 % Sun 267:46 h Distribution WD Values 34946 Distribution WD N-NO 7.068 % Distribution WD NO 3.248 % Distribution WD NO-O 8.579 % Distribution WD O 8.167 % Distribution WD O-SO 6.338 % Distribution WD SO 6.255 % Distribution WD SO-S 3.265 % Distribution WD S 4.839 % Distribution WD S-SW 4.307 % Distribution WD SW 3.059 % Distribution WD SW-W 3.345 % Distribution WD W 9.835 % Distribution WD W-NW 7.005 % Distribution WD NW 3.165 % Distribution WD NW-N 12.193 % Distribution WD N 9.332 % Rain days >0.0 mm Month 5 Rain days >2.0 mm Month 3 Rain days >20.0 mm Month 0 Ice days max < 0°C 0 Cold days min < 0°C 0 Cool days max < 10°C 0 Summer days max >=25°C 16 Hot days max >=30°C 6 Last year same Month: Ice days max < 0°C 0 Last year same Month: Cold days min < 0°C 0 Last year same Month: Cool days max < 10°C 0 Last year same Month: Summer days max >=25°C 7 Last year same Month: Hot days max >=30°C 2 © 1999-2015 Werner Krenn / Mischa Thurnherr - Weatherstation Operating- and Data Acquisition Software - V2.98.1


  ©UMa Astronomy

Creative Commons License
Meteo by UMa Astronomy is licensed under a Creative Commons Attribution-NonCommercial-NoDerivs 3.0 Unported License.