Blahová 11/12/2019
 Last update: 17:43
Updated every 10 minutes
 Cold 
 Akt.temp: 8.7°C
 Max.temp: 10.1°C
 Min.temp: 6.1°C
 Devpoint: 5.1 °C
 Wind speed: 0.9m/s
 Wind direction: N
 Max wind gust: 6.7m/s
 Precipitation: 12.5mm
 Pressure: 1004.7 hPa
 P.tendency: -1.2 hPa/3h
 Humidity: 78%
 Abs.humidity: 6.75 g/m3
Ground temperature
Min.temp 6.1°C /06:05
Akt.temp
9.2°C

2019: Jan | Feb | Mar | Apr | May | Jun | Jul | Aug | Sep | Oct | Nov | Dec 
2018: Jan | Feb | Mar | Apr | May | Jun | Jul | Aug | Sep | Oct | Nov | Dec 
2017: Jan | Feb | Mar | Apr | May | Jun | Jul | Aug | Sep | Oct | Nov | Dec 
2016: Jan | Feb | Mar | Apr | May | Jun | Jul | Aug | Sep | Oct | Nov | Dec 
2015: Jan | Feb | Mar | Apr | May | Jun | Jul | Aug | Sep | Oct | Nov | Dec 
2014: Jan | Feb | Mar | Apr | May | Jun | Jul | Aug | Sep | Oct | Nov | Dec 
2013: Jan | Feb | Mar | Apr | May | Jun | Jul | Aug | Sep | Oct | Nov | Dec 
2012: Jan | Feb | Mar | Apr | May | Jun | Jul | Aug | Sep | Oct | Nov | Dec 
2011: Jan | Feb | Mar | Apr | May | Jun | Jul | Aug | Sep | Oct | Nov | Dec 
2010: Jan | Feb | Mar | Apr | May | Jun | Jul | Aug | Sep | Oct | Nov | Dec 
2009: Jan | Feb | Mar | Apr | May | Jun | Jul | Aug | Sep | Oct | Nov | Dec 
2008: Jan | Feb | Mar | Apr | May | Jun | Jul | Aug | Sep | Oct | Nov | Dec 
2007: Jan | Feb | Mar | Apr | May | Jun | Jul | Aug | Sep | Oct | Nov | Dec 

Report for 2016 10
MONTHLY CLIMATOLOGICAL SUMMARY for October 2016 CITY: Blahová ELEV: 118 m LAT: 48° 5' 7" North LONG: 17° 32' 48" East TEMPERATURE (°C), BAROMETER (hPa), RAIN (mm), WIND SPEED (m/s) MEAN TEMPERATURE WIND DOM trans Ground DAY TEMP HIGH TIME LOW TIME HUM Baro Rain SPEED HIGH TIME DIR pirat min.temp time ------------------------------------------------------------------------------------------------------------------------------ 1 16.6 23.8 13:04 9.6 05:46 76 1012.4 0.0 0.9 4.3 11:05 E-NE 2.5 8.0 05:46 2 16.3 20.7 14:31 9.3 05:56 80 1013.7 0.0 0.4 7.7 23:57 N-NE 1.7 8.0 05:34 3 13.5 17.2 09:43 11.9 21:01 75 1019.3 0.1 2.8 11.0 01:13 W 1.6 11.2 20:55 4 10.8 14.6 12:37 8.0 23:59 76 1019.5 5.5 4.4 14.2 19:25 W 0.6 6.9 23:49 5 8.4 11.4 12:50 5.7 06:08 71 1017.9 2.6 4.3 11.5 13:45 W 1.2 4.7 06:03 6 7.4 10.1 14:36 4.9 23:50 85 1013.3 8.6 1.7 7.7 03:16 W 0.5 3.1 22:43 7 5.0 12.1 13:35 1.2 23:36 79 1016.9 0.2 0.8 4.3 14:43 N-NW 0.9 0.0 23:38 8 8.1 14.5 14:20 -0.4 05:55 76 1018.7 0.0 0.6 4.3 12:40 W 1.4 -0.9 05:48 9 8.6 14.3 12:33 5.1 06:25 80 1022.1 0.0 0.7 5.4 09:20 W 1.0 3.5 06:19 10 9.8 14.1 12:57 5.9 04:25 75 1019.3 0.6 2.2 6.2 14:40 N-NW 1.1 4.4 04:12 11 7.9 9.6 13:38 7.0 07:00 86 1014.0 10.4 1.0 4.2 16:22 W 0.4 7.2 05:36 12 8.8 10.6 10:48 7.3 02:39 82 1012.7 0.0 3.4 8.9 10:22 W 0.6 7.2 03:49 13 9.0 11.5 14:48 7.7 21:52 82 1018.4 0.0 1.0 4.9 23:54 E-NE 0.7 6.0 22:05 14 9.9 11.5 14:30 7.2 05:29 78 1018.9 0.0 2.6 9.6 12:54 E 0.8 6.9 05:38 15 11.8 16.0 12:57 7.4 06:10 80 1016.3 0.0 1.6 6.5 08:06 E 1.0 6.3 06:30 16 12.4 19.7 13:28 8.1 23:29 77 1021.9 0.0 1.5 7.2 14:33 W 1.9 6.0 23:21 17 10.8 12.6 14:14 7.5 02:22 83 1026.3 0.0 1.8 7.1 15:20 E 0.6 5.2 02:04 18 9.2 10.8 00:00 8.3 06:46 81 1023.8 0.0 1.0 7.5 01:43 E 0.6 8.3 06:36 19 9.6 11.9 14:09 8.6 06:17 81 1019.7 4.4 0.7 3.9 08:47 E 0.8 8.4 05:54 20 7.2 8.7 00:31 5.7 22:24 87 1015.4 29.1 0.5 5.7 08:52 E-NE 0.3 4.6 21:48 21 6.2 9.5 14:11 3.0 23:58 88 1014.4 2.7 0.5 2.5 14:33 W 0.3 2.5 21:17 22 7.0 14.3 13:24 0.9 05:04 83 1016.6 0.3 0.6 2.8 11:37 E 0.9 -0.3 04:53 23 9.4 12.7 12:56 5.0 00:00 82 1018.1 0.0 2.9 9.7 16:42 E 0.6 3.5 00:00 24 13.3 17.6 14:16 8.1 06:35 81 1018.6 0.0 2.2 6.8 00:25 E 1.2 6.0 06:29 25 13.5 16.4 14:05 11.7 04:05 83 1020.3 2.3 0.6 4.1 07:23 E-NE 0.7 9.8 03:00 26 10.3 15.7 13:39 6.4 23:49 76 1025.7 0.2 3.1 8.9 12:51 W-NW 1.3 4.7 23:14 27 7.5 13.3 12:29 3.5 04:17 77 1031.4 0.0 1.5 5.7 12:33 W 1.1 2.1 02:55 28 8.1 13.1 14:36 1.3 02:49 80 1031.7 0.0 1.0 5.0 23:34 S 1.0 0.1 02:53 29 11.1 14.0 11:03 8.6 23:59 71 1026.9 0.1 3.8 9.8 19:59 W 0.9 7.5 23:55 30 6.9 11.5 11:15 2.5 23:09 74 1026.2 0.0 2.1 10.8 10:02 W 1.1 0.6 23:08 31 4.5 12.1 12:46 0.9 04:15 77 1027.1 0.0 1.3 6.3 10:32 W 1.2 -0.7 03:49 ------------------------------------------------------------------------------------------------------------------------------ Avg: 9.6 23.8 1 -0.4 8 79 1019.9 67.2 1.7 14.2 4 W 30.6 Wind Run 5853.3 km Calm Values 6354 Calm in % 14.3 % Sun 101:58 h Distribution WD Values 38085 Distribution WD N-NO 2.817 % Distribution WD NO 2.337 % Distribution WD NO-O 10.519 % Distribution WD O 12.582 % Distribution WD O-SO 6.247 % Distribution WD SO 3.004 % Distribution WD SO-S 0.948 % Distribution WD S 1.168 % Distribution WD S-SW 1.809 % Distribution WD SW 3.379 % Distribution WD SW-W 6.654 % Distribution WD W 21.421 % Distribution WD W-NW 11.845 % Distribution WD NW 3.826 % Distribution WD NW-N 7.914 % Distribution WD N 3.532 % Rain days >0.0 mm Month 14 Rain days >2.0 mm Month 8 Rain days >20.0 mm Month 1 Ice days max < 0°C 0 Cold days min < 0°C 1 Cool days max < 10°C 3 Summer days max >=25°C 0 Hot days max >=30°C 0 Last year same Month: Ice days max < 0°C 0 Last year same Month: Cold days min < 0°C 2 Last year same Month: Cool days max < 10°C 5 Last year same Month: Summer days max >=25°C 0 Last year same Month: Hot days max >=30°C 0 © 1999-2015 Werner Krenn / Mischa Thurnherr - Weatherstation Operating- and Data Acquisition Software - V2.98.1


  ©UMa Astronomy

Creative Commons License
Meteo by UMa Astronomy is licensed under a Creative Commons Attribution-NonCommercial-NoDerivs 3.0 Unported License.