Blahová 12/15/2019
 Last update: 15:58
Updated every 10 minutes
 Cold 
 Akt.temp: 5.6°C
 Max.temp: 6.9°C
 Min.temp: 1.0°C
 Devpoint: 2.4 °C
 Wind speed: 0.9m/s
 Wind direction: NE
 Max wind gust: 5.0m/s
 Precipitation: 0.0mm
 Pressure: 1010.9 hPa
 P.tendency: +0.8 hPa/3h
 Humidity: 80%
 Abs.humidity: 5.66 g/m3
Ground temperature
Min.temp 1.1°C /07:46
Akt.temp
4.4°C

2019: Jan | Feb | Mar | Apr | May | Jun | Jul | Aug | Sep | Oct | Nov | Dec 
2018: Jan | Feb | Mar | Apr | May | Jun | Jul | Aug | Sep | Oct | Nov | Dec 
2017: Jan | Feb | Mar | Apr | May | Jun | Jul | Aug | Sep | Oct | Nov | Dec 
2016: Jan | Feb | Mar | Apr | May | Jun | Jul | Aug | Sep | Oct | Nov | Dec 
2015: Jan | Feb | Mar | Apr | May | Jun | Jul | Aug | Sep | Oct | Nov | Dec 
2014: Jan | Feb | Mar | Apr | May | Jun | Jul | Aug | Sep | Oct | Nov | Dec 
2013: Jan | Feb | Mar | Apr | May | Jun | Jul | Aug | Sep | Oct | Nov | Dec 
2012: Jan | Feb | Mar | Apr | May | Jun | Jul | Aug | Sep | Oct | Nov | Dec 
2011: Jan | Feb | Mar | Apr | May | Jun | Jul | Aug | Sep | Oct | Nov | Dec 
2010: Jan | Feb | Mar | Apr | May | Jun | Jul | Aug | Sep | Oct | Nov | Dec 
2009: Jan | Feb | Mar | Apr | May | Jun | Jul | Aug | Sep | Oct | Nov | Dec 
2008: Jan | Feb | Mar | Apr | May | Jun | Jul | Aug | Sep | Oct | Nov | Dec 
2007: Jan | Feb | Mar | Apr | May | Jun | Jul | Aug | Sep | Oct | Nov | Dec 

Report for 2016 11
MONTHLY CLIMATOLOGICAL SUMMARY for November 2016 CITY: Blahová ELEV: 119 m LAT: 48° 5' 7" North LONG: 17° 32' 48" East TEMPERATURE (°C), BAROMETER (hPa), RAIN (mm), WIND SPEED (m/s) MEAN TEMPERATURE WIND DOM trans Ground DAY TEMP HIGH TIME LOW TIME HUM Baro Rain SPEED HIGH TIME DIR pirat min.temp time ------------------------------------------------------------------------------------------------------------------------------ 1 7.9 13.5 13:01 4.7 00:00 79 1019.5 0.0 0.9 4.4 00:33 E 0.9 2.8 21:51 2 6.8 12.5 10:39 3.6 05:19 80 1014.3 0.0 2.7 10.7 11:14 W 0.6 3.0 03:55 3 3.3 10.1 13:16 -3.0 23:55 69 1021.3 0.0 2.1 10.8 01:51 W 1.1 -3.6 23:50 4 4.1 9.6 13:18 -3.6 01:53 75 1019.5 0.0 2.0 7.7 14:02 E 0.9 -4.3 03:59 5 6.9 9.1 12:19 0.5 05:45 80 1005.6 4.5 2.8 8.7 13:22 E 0.7 -0.7 06:24 6 7.3 9.2 02:35 5.6 23:54 85 996.4 6.3 2.2 7.9 19:39 W 0.3 5.4 23:31 7 4.9 7.8 13:51 1.1 23:43 81 1005.8 0.7 1.2 8.6 00:17 W 0.5 -0.1 22:15 8 2.5 4.3 14:55 -0.4 02:25 84 1007.3 1.5 0.9 4.2 09:15 W 0.3 -0.6 04:05 9 0.8 7.5 12:11 -2.2 22:43 79 1005.5 0.2 1.2 7.1 13:42 W-SW 0.7 -3.4 22:43 10 3.2 5.9 14:55 -1.6 00:00 84 1009.2 2.3 0.9 6.5 16:22 E 0.3 -2.9 00:00 11 4.8 6.9 13:27 0.6 04:11 83 1014.7 1.0 1.3 4.1 14:52 E-NE 0.3 -0.9 04:19 12 2.3 5.7 00:00 1.1 22:45 83 1019.0 14.7 5.3 10.7 13:20 N-NW 0.2 -0.1 22:43 13 1.2 4.3 13:23 -0.6 23:51 76 1026.6 0.0 3.6 11.5 11:20 W-NW 0.6 -2.0 23:47 14 0.2 7.5 14:47 -3.6 23:17 78 1033.1 0.1 0.5 5.7 00:20 N-NW 0.7 -5.3 23:17 15 0.3 3.7 15:01 -6.4 05:41 80 1030.1 0.1 1.4 4.6 22:40 SE 0.3 -7.3 05:23 16 2.0 2.7 23:25 0.6 01:33 82 1021.9 4.5 1.4 4.9 01:10 E 0.3 0.6 01:13 17 4.0 5.3 13:21 2.6 00:01 83 1017.5 2.1 1.6 4.8 17:21 E-NE 0.3 1.6 23:31 18 11.0 15.3 14:05 2.3 04:15 78 1011.7 0.1 3.1 10.6 20:10 E-NE 0.9 1.3 01:01 19 9.4 12.8 12:43 5.9 04:31 79 1013.5 8.6 2.7 8.3 15:30 E 0.6 4.5 03:57 20 10.6 15.5 14:23 6.1 06:19 80 1016.6 0.5 3.2 9.5 18:50 E-SE 0.8 5.1 05:31 21 9.5 12.5 13:01 7.5 07:55 79 1017.6 0.0 5.0 11.5 12:50 E 0.7 6.3 07:13 22 8.4 12.2 13:25 6.2 23:57 81 1019.2 0.0 3.8 10.6 08:53 E 0.7 4.4 22:31 23 7.3 10.9 14:09 4.8 07:05 82 1021.7 0.0 2.7 6.3 10:40 E-NE 0.6 3.5 07:05 24 7.0 9.2 15:05 4.4 06:47 81 1020.7 0.0 1.8 5.4 10:10 E-NE 0.5 3.3 07:05 25 8.2 8.8 14:55 6.9 05:43 84 1019.7 0.0 0.7 2.9 03:50 N-NE 0.4 7.1 05:57 26 7.0 11.2 13:07 5.0 19:55 82 1017.3 0.0 1.0 5.0 10:40 E-NE 0.6 2.2 18:15 27 5.1 10.5 10:55 2.3 23:43 79 1014.0 0.0 3.1 14.2 11:10 W 0.5 1.5 23:41 28 0.6 4.3 11:39 -1.0 23:53 76 1023.1 0.1 3.5 10.9 14:00 W 0.4 -2.1 23:55 29 -0.3 3.8 12:41 -2.5 07:33 72 1031.5 0.0 3.2 7.7 14:20 W 0.6 -3.9 23:59 30 0.2 3.2 11:51 -5.1 04:19 71 1026.7 0.0 1.3 11.6 22:00 W 0.5 -6.3 06:23 ------------------------------------------------------------------------------------------------------------------------------ Avg: 4.9 15.5 20 -6.4 15 79 1017.4 47.4 2.2 14.2 27 W 17.0 Wind Run 7162.3 km Calm Values 3417 Calm in % 7.9 % Sun 103:44 h Distribution WD Values 39682 Distribution WD N-NO 4.191 % Distribution WD NO 4.473 % Distribution WD NO-O 14.049 % Distribution WD O 14.619 % Distribution WD O-SO 8.052 % Distribution WD SO 5.096 % Distribution WD SO-S 1.623 % Distribution WD S 1.998 % Distribution WD S-SW 3.377 % Distribution WD SW 3.359 % Distribution WD SW-W 5.972 % Distribution WD W 15.808 % Distribution WD W-NW 7.958 % Distribution WD NW 2.666 % Distribution WD NW-N 4.481 % Distribution WD N 2.278 % Rain days >0.0 mm Month 16 Rain days >2.0 mm Month 7 Rain days >20.0 mm Month 0 Ice days max < 0°C 0 Cold days min < 0°C 11 Cool days max < 10°C 19 Summer days max >=25°C 0 Hot days max >=30°C 0 Last year same Month: Ice days max < 0°C 0 Last year same Month: Cold days min < 0°C 12 Last year same Month: Cool days max < 10°C 11 Last year same Month: Summer days max >=25°C 0 Last year same Month: Hot days max >=30°C 0 © 1999-2015 Werner Krenn / Mischa Thurnherr - Weatherstation Operating- and Data Acquisition Software - V2.98.1


  ©UMa Astronomy

Creative Commons License
Meteo by UMa Astronomy is licensed under a Creative Commons Attribution-NonCommercial-NoDerivs 3.0 Unported License.