Blahová 11/13/2019
 Last update: 20:33
Updated every 10 minutes
 Cold 
 Akt.temp: 5.3°C
 Max.temp: 9.9°C
 Min.temp: 4.8°C
 Devpoint: 2 °C
 Wind speed: 1.8m/s
 Wind direction: W-SW
 Max wind gust: 7.7m/s
 Precipitation: 11.8mm
 Pressure: 1005.5 hPa
 P.tendency: +3.9 hPa/3h
 Humidity: 79%
 Abs.humidity: 5.48 g/m3
Ground temperature
Min.temp 5.8°C /18:24
Akt.temp
6.5°C

2019: Jan | Feb | Mar | Apr | May | Jun | Jul | Aug | Sep | Oct | Nov | Dec 
2018: Jan | Feb | Mar | Apr | May | Jun | Jul | Aug | Sep | Oct | Nov | Dec 
2017: Jan | Feb | Mar | Apr | May | Jun | Jul | Aug | Sep | Oct | Nov | Dec 
2016: Jan | Feb | Mar | Apr | May | Jun | Jul | Aug | Sep | Oct | Nov | Dec 
2015: Jan | Feb | Mar | Apr | May | Jun | Jul | Aug | Sep | Oct | Nov | Dec 
2014: Jan | Feb | Mar | Apr | May | Jun | Jul | Aug | Sep | Oct | Nov | Dec 
2013: Jan | Feb | Mar | Apr | May | Jun | Jul | Aug | Sep | Oct | Nov | Dec 
2012: Jan | Feb | Mar | Apr | May | Jun | Jul | Aug | Sep | Oct | Nov | Dec 
2011: Jan | Feb | Mar | Apr | May | Jun | Jul | Aug | Sep | Oct | Nov | Dec 
2010: Jan | Feb | Mar | Apr | May | Jun | Jul | Aug | Sep | Oct | Nov | Dec 
2009: Jan | Feb | Mar | Apr | May | Jun | Jul | Aug | Sep | Oct | Nov | Dec 
2008: Jan | Feb | Mar | Apr | May | Jun | Jul | Aug | Sep | Oct | Nov | Dec 
2007: Jan | Feb | Mar | Apr | May | Jun | Jul | Aug | Sep | Oct | Nov | Dec 

Report for 2016 12
MONTHLY CLIMATOLOGICAL SUMMARY for December 2016 CITY: Blahová ELEV: 119 m LAT: 48° 5' 7" North LONG: 17° 32' 48" East TEMPERATURE (°C), BAROMETER (hPa), RAIN (mm), WIND SPEED (m/s) MEAN TEMPERATURE WIND DOM trans Ground DAY TEMP HIGH TIME LOW TIME HUM Baro Rain SPEED HIGH TIME DIR pirat min.temp time ------------------------------------------------------------------------------------------------------------------------------ 1 3.6 6.1 23:51 0.6 00:00 79 1019.0 0.2 5.1 15.5 22:50 W 0.4 0.9 00:00 2 4.5 7.6 12:35 -1.2 23:09 71 1013.9 0.2 5.8 19.8 02:30 W 0.8 -3.3 22:27 3 -0.3 5.7 13:23 -4.7 23:45 76 1025.4 0.1 1.5 5.9 11:50 W 0.7 -7.1 23:41 4 -3.4 4.2 13:37 -6.8 23:43 82 1030.5 0.0 0.3 1.9 02:10 N-NW 0.4 -8.5 06:15 5 -2.8 2.0 14:19 -6.8 00:00 84 1029.9 0.0 1.2 5.6 13:00 E 0.3 -8.3 00:00 6 -1.5 0.5 12:39 -5.5 00:00 82 1028.0 0.0 1.3 6.8 13:30 W 0.3 -5.7 00:00 7 -1.8 3.0 13:17 -4.6 06:37 83 1035.8 0.1 1.0 3.2 23:17 E 0.4 -6.6 02:32 8 -1.5 -0.7 14:07 -3.6 01:09 83 1035.4 0.0 0.7 3.1 15:20 E-SE 0.2 -5.6 00:00 9 0.4 5.8 22:41 -1.6 00:00 81 1028.9 0.0 0.7 4.5 23:51 S 0.2 -1.2 00:00 10 4.9 10.6 14:09 0.8 21:39 78 1024.4 0.0 1.5 5.8 11:50 S 0.8 -1.9 23:58 11 4.1 10.5 11:27 -1.9 08:21 76 1017.6 0.0 2.9 13.4 14:50 W 0.8 -3.3 08:06 12 4.7 8.5 13:47 -1.9 23:57 77 1019.5 0.5 4.8 12.6 10:30 W 0.6 -3.1 23:46 13 -3.0 0.3 13:51 -7.4 08:03 75 1030.4 0.0 1.2 5.8 01:25 E-NE 0.4 -8.9 07:40 14 -2.5 -1.0 20:07 -4.3 04:13 83 1025.7 0.3 0.5 2.5 20:20 E-NE 0.2 -5.7 23:36 15 -0.3 5.1 12:53 -4.4 23:59 81 1029.4 0.0 2.0 7.7 11:13 W 0.5 -6.1 00:18 16 -1.5 3.3 14:21 -4.4 00:00 81 1036.5 0.1 0.8 3.2 01:50 E 0.3 -7.1 23:12 17 -2.8 1.2 12:01 -5.6 07:25 82 1037.8 0.0 1.2 3.6 15:40 E-NE 0.2 -7.9 07:34 18 -0.9 0.9 13:29 -4.0 03:51 83 1033.8 0.1 0.9 3.4 23:00 E-NE 0.2 -5.6 03:34 19 -0.8 0.1 12:59 -1.8 22:43 81 1034.7 0.0 1.6 5.6 20:19 E 0.2 -1.4 22:48 20 -2.7 -1.8 00:00 -3.2 23:06 81 1033.0 0.0 2.3 5.6 05:50 E 0.2 -2.8 23:58 21 -2.7 -1.8 23:48 -3.5 04:56 81 1034.4 0.0 2.6 7.3 10:30 E 0.2 -3.1 04:56 22 -2.2 -1.8 00:00 -2.7 23:36 82 1035.9 0.0 1.1 4.3 03:35 E-SE 0.2 -2.2 23:28 23 -1.6 0.1 14:32 -3.0 01:34 82 1035.0 0.0 0.6 3.6 11:27 W 0.2 -2.9 21:06 24 -0.0 1.1 15:02 -0.9 00:00 81 1029.4 0.8 1.5 5.0 22:10 S-SW 0.3 -0.6 00:28 25 4.5 6.9 13:32 -0.4 02:32 80 1024.0 0.3 2.9 10.3 08:25 S-SW 0.4 -0.4 02:36 26 8.4 11.3 12:24 3.9 00:28 79 1025.2 0.1 2.2 12.7 22:55 W 0.6 0.4 00:56 27 4.5 6.9 00:00 2.0 06:22 73 1029.4 0.9 5.5 16.6 12:40 W 0.6 0.4 06:12 28 2.5 5.5 12:56 0.1 23:54 66 1033.0 0.1 3.9 11.4 21:21 W-NW 0.8 -2.3 19:48 29 0.1 3.7 13:32 -3.2 22:20 69 1038.7 0.0 3.2 12.0 01:55 N-NW 0.7 -6.7 22:28 30 -3.0 2.2 14:14 -7.8 07:52 77 1038.4 0.0 0.8 5.6 00:40 N-NW 0.5 -8.9 07:26 31 -4.6 1.3 14:14 -8.5 06:44 82 1034.0 0.0 0.4 2.2 18:50 E 0.3 -9.3 06:24 ------------------------------------------------------------------------------------------------------------------------------ Avg: 0.1 11.3 26 -8.5 31 79 1029.9 4.0 2.0 19.8 2 W 12.9 Wind Run 6556.8 km Calm Values 5650 Calm in % 12.7 % Sun 99:03 h Distribution WD Values 38954 Distribution WD N-NO 1.782 % Distribution WD NO 2.280 % Distribution WD NO-O 8.300 % Distribution WD O 11.167 % Distribution WD O-SO 7.414 % Distribution WD SO 4.036 % Distribution WD SO-S 2.187 % Distribution WD S 4.320 % Distribution WD S-SW 6.084 % Distribution WD SW 5.555 % Distribution WD SW-W 9.108 % Distribution WD W 20.522 % Distribution WD W-NW 7.673 % Distribution WD NW 2.636 % Distribution WD NW-N 5.055 % Distribution WD N 1.882 % Rain days >0.0 mm Month 13 Rain days >2.0 mm Month 0 Rain days >20.0 mm Month 0 Ice days max < 0°C 5 Cold days min < 0°C 26 Cool days max < 10°C 28 Summer days max >=25°C 0 Hot days max >=30°C 0 Last year same Month: Ice days max < 0°C 1 Last year same Month: Cold days min < 0°C 11 Last year same Month: Cool days max < 10°C 28 Last year same Month: Summer days max >=25°C 0 Last year same Month: Hot days max >=30°C 0 © 1999-2015 Werner Krenn / Mischa Thurnherr - Weatherstation Operating- and Data Acquisition Software - V2.98.1


  ©UMa Astronomy

Creative Commons License
Meteo by UMa Astronomy is licensed under a Creative Commons Attribution-NonCommercial-NoDerivs 3.0 Unported License.