Blahová 11/13/2019
 Last update: 21:45
Updated every 10 minutes
 Cold 
 Akt.temp: 5.1°C
 Max.temp: 9.9°C
 Min.temp: 4.8°C
 Devpoint: 1.6 °C
 Wind speed:  1.7m/s
 Wind direction:  W-NW
 Max wind gust:  7.7m/s
 Precipitation:  11.9mm
 Pressure:  1006.7 hPa
 P.tendency: +3.1 hPa/3h
 Humidity: 78%
 Abs.humidity: 5.34 g/m3
Ground temperature
Min.temp 5.8°C /18:24
Akt.temp
6.4°C

2019: Jan | Feb | Mar | Apr | May | Jun | Jul | Aug | Sep | Oct | Nov | Dec 
2018: Jan | Feb | Mar | Apr | May | Jun | Jul | Aug | Sep | Oct | Nov | Dec 
2017: Jan | Feb | Mar | Apr | May | Jun | Jul | Aug | Sep | Oct | Nov | Dec 
2016: Jan | Feb | Mar | Apr | May | Jun | Jul | Aug | Sep | Oct | Nov | Dec 
2015: Jan | Feb | Mar | Apr | May | Jun | Jul | Aug | Sep | Oct | Nov | Dec 
2014: Jan | Feb | Mar | Apr | May | Jun | Jul | Aug | Sep | Oct | Nov | Dec 
2013: Jan | Feb | Mar | Apr | May | Jun | Jul | Aug | Sep | Oct | Nov | Dec 
2012: Jan | Feb | Mar | Apr | May | Jun | Jul | Aug | Sep | Oct | Nov | Dec 
2011: Jan | Feb | Mar | Apr | May | Jun | Jul | Aug | Sep | Oct | Nov | Dec 
2010: Jan | Feb | Mar | Apr | May | Jun | Jul | Aug | Sep | Oct | Nov | Dec 
2009: Jan | Feb | Mar | Apr | May | Jun | Jul | Aug | Sep | Oct | Nov | Dec 
2008: Jan | Feb | Mar | Apr | May | Jun | Jul | Aug | Sep | Oct | Nov | Dec 
2007: Jan | Feb | Mar | Apr | May | Jun | Jul | Aug | Sep | Oct | Nov | Dec 

Report for 2017 02
MONTHLY CLIMATOLOGICAL SUMMARY for February 2017 CITY: Blahová ELEV: 119 m LAT: 48° 5' 7" North LONG: 17° 32' 48" East TEMPERATURE (°C), BAROMETER (hPa), RAIN (mm), WIND SPEED (m/s) MEAN TEMPERATURE WIND DOM trans Ground DAY TEMP HIGH TIME LOW TIME HUM Baro Rain SPEED HIGH TIME DIR pirat min.temp time ------------------------------------------------------------------------------------------------------------------------------ 1 0.7 1.3 14:54 -1.6 00:16 83 1017.8 3.8 0.8 3.5 01:16 E-SE 0.2 -1.3 00:16 2 1.0 1.6 22:59 0.0 06:29 83 1015.8 0.0 0.5 2.9 19:47 N-NE 0.2 0.3 06:51 3 1.1 1.7 13:05 0.4 23:45 85 1008.7 0.0 0.2 1.8 15:12 N-NE 0.2 0.5 23:45 4 2.2 3.0 15:11 0.2 00:57 85 1005.5 0.1 1.9 5.7 07:22 E-NE 0.2 0.4 00:45 5 4.3 10.8 13:13 0.5 07:29 81 1006.1 0.0 1.5 4.3 10:32 E-NE 0.6 -1.0 07:29 6 3.7 5.7 15:03 1.9 23:53 80 1012.0 8.1 2.2 5.3 13:11 N-NW 0.4 1.2 23:47 7 -0.1 2.3 12:13 -1.7 23:49 81 1016.0 0.0 4.5 9.7 12:34 W-NW 0.3 -2.3 23:45 8 -1.4 -0.8 12:25 -2.4 03:55 81 1022.4 0.0 1.8 6.4 09:32 W-NW 0.3 -2.9 03:31 9 0.2 2.1 13:13 -1.4 05:59 81 1026.8 0.0 0.6 2.6 01:10 W 0.4 -1.1 07:11 10 0.8 2.5 14:45 -0.5 23:45 84 1025.4 0.0 1.7 5.9 11:22 E 0.3 -2.5 23:59 11 0.4 2.7 11:57 -1.0 04:33 80 1025.7 0.0 2.8 8.3 11:29 E 0.3 -2.5 00:00 12 0.2 4.3 15:05 -1.9 23:59 77 1030.2 0.0 1.9 8.3 13:09 E 0.6 -4.8 23:59 13 -1.2 4.5 14:11 -4.0 23:47 79 1031.9 0.0 0.3 2.5 12:29 E-NE 0.6 -5.9 06:37 14 -3.1 5.9 15:35 -5.2 07:05 84 1032.1 0.0 0.4 3.2 13:19 E-NE 0.2 -6.4 06:39 15 0.8 7.5 14:51 -4.8 07:13 81 1034.4 0.1 0.9 2.3 14:55 E-NE 0.6 -5.3 04:45 16 -1.1 -0.3 14:55 -2.3 05:25 82 1032.9 0.0 0.8 3.2 02:55 E-NE 0.2 -3.2 00:38 17 -0.3 0.3 20:57 -1.7 08:03 83 1024.5 0.0 0.4 2.3 07:03 E 0.2 -2.3 23:51 18 2.2 7.8 11:53 -1.5 02:39 82 1025.2 0.2 1.0 6.4 13:35 W 0.4 -3.6 01:31 19 1.0 4.5 15:06 -0.6 06:59 81 1024.2 0.0 1.3 3.9 17:31 E 0.3 -1.7 06:03 20 3.3 7.3 16:01 -0.1 06:48 81 1019.9 0.0 1.9 5.1 19:32 S 0.3 0.2 06:07 21 7.2 10.2 16:18 3.4 03:46 78 1012.9 5.6 2.1 9.4 23:14 S 0.6 2.9 06:58 22 8.6 11.1 13:17 1.3 06:06 77 1010.0 1.7 2.4 10.8 11:04 S 0.6 -1.3 03:45 23 10.4 13.1 14:01 7.2 09:22 73 1003.1 1.0 4.2 12.3 18:31 S 0.9 6.7 23:56 24 7.4 10.1 14:40 3.5 23:40 65 1009.5 0.0 4.1 11.1 09:34 W 1.1 3.6 23:37 25 1.2 8.2 13:36 -2.0 06:53 70 1023.7 0.0 1.0 8.4 12:54 W 1.1 -4.9 06:40 26 4.3 8.9 15:09 -2.2 04:03 67 1018.6 0.0 1.8 9.0 11:34 E 1.1 -3.9 03:47 27 7.6 14.6 14:02 -0.6 06:46 76 1010.2 0.0 2.7 8.9 14:09 E 1.3 -2.9 04:38 28 9.3 13.8 12:40 4.2 05:59 68 1000.8 0.0 2.9 12.6 09:39 E-SE 1.1 2.7 04:10 ------------------------------------------------------------------------------------------------------------------------------ Avg: 2.5 14.6 27 -5.2 14 79 1018.8 20.7 1.7 12.6 28 E 14.7 Wind Run 5035.8 km Calm Values 6003 Calm in % 15.3 % Sun 98:26 h Distribution WD Values 33191 Distribution WD N-NO 5.110 % Distribution WD NO 4.718 % Distribution WD NO-O 12.799 % Distribution WD O 14.564 % Distribution WD O-SO 9.246 % Distribution WD SO 6.137 % Distribution WD SO-S 3.947 % Distribution WD S 7.128 % Distribution WD S-SW 5.209 % Distribution WD SW 3.402 % Distribution WD SW-W 3.594 % Distribution WD W 9.988 % Distribution WD W-NW 6.315 % Distribution WD NW 2.031 % Distribution WD NW-N 3.763 % Distribution WD N 2.049 % Rain days >0.0 mm Month 8 Rain days >2.0 mm Month 3 Rain days >20.0 mm Month 0 Ice days max < 0°C 2 Cold days min < 0°C 18 Cool days max < 10°C 21 Summer days max >=25°C 0 Hot days max >=30°C 0 Last year same Month: Ice days max < 0°C 0 Last year same Month: Cold days min < 0°C 6 Last year same Month: Cool days max < 10°C 19 Last year same Month: Summer days max >=25°C 0 Last year same Month: Hot days max >=30°C 0 © 1999-2016 Werner Krenn / Mischa Thurnherr - Weatherstation Operating- and Data Acquisition Software - V2.98.3


  ©UMa Astronomy

Creative Commons License
Meteo by UMa Astronomy is licensed under a Creative Commons Attribution-NonCommercial-NoDerivs 3.0 Unported License.