Blahová 09/20/2019
 Last update: 08:38
Updated every 10 minutes
 Cold 
 Akt.temp: 10.9°C
 Max.temp: 10.9°C
 Min.temp: 3.3°C
 Devpoint: 6.3 °C
 Wind speed: 1.4m/s
 Wind direction: N
 Max wind gust: 2.9m/s
 Precipitation: 0.0mm
 Pressure: 1028.1 hPa
 P.tendency: +1.2 hPa/3h
 Humidity: 73%
 Abs.humidity: 7.26 g/m3
Ground temperature
Min.temp 2.5°C /05:08
Akt.temp
12.3°C

2019: Jan | Feb | Mar | Apr | May | Jun | Jul | Aug | Sep | Oct | Nov | Dec 
2018: Jan | Feb | Mar | Apr | May | Jun | Jul | Aug | Sep | Oct | Nov | Dec 
2017: Jan | Feb | Mar | Apr | May | Jun | Jul | Aug | Sep | Oct | Nov | Dec 
2016: Jan | Feb | Mar | Apr | May | Jun | Jul | Aug | Sep | Oct | Nov | Dec 
2015: Jan | Feb | Mar | Apr | May | Jun | Jul | Aug | Sep | Oct | Nov | Dec 
2014: Jan | Feb | Mar | Apr | May | Jun | Jul | Aug | Sep | Oct | Nov | Dec 
2013: Jan | Feb | Mar | Apr | May | Jun | Jul | Aug | Sep | Oct | Nov | Dec 
2012: Jan | Feb | Mar | Apr | May | Jun | Jul | Aug | Sep | Oct | Nov | Dec 
2011: Jan | Feb | Mar | Apr | May | Jun | Jul | Aug | Sep | Oct | Nov | Dec 
2010: Jan | Feb | Mar | Apr | May | Jun | Jul | Aug | Sep | Oct | Nov | Dec 
2009: Jan | Feb | Mar | Apr | May | Jun | Jul | Aug | Sep | Oct | Nov | Dec 
2008: Jan | Feb | Mar | Apr | May | Jun | Jul | Aug | Sep | Oct | Nov | Dec 
2007: Jan | Feb | Mar | Apr | May | Jun | Jul | Aug | Sep | Oct | Nov | Dec 

Report for 2017 03
MONTHLY CLIMATOLOGICAL SUMMARY for March 2017 CITY: Blahová ELEV: 119 m LAT: 48° 5' 7" North LONG: 17° 32' 48" East TEMPERATURE (°C), BAROMETER (hPa), RAIN (mm), WIND SPEED (m/s) MEAN TEMPERATURE WIND DOM trans Ground DAY TEMP HIGH TIME LOW TIME HUM Baro Rain SPEED HIGH TIME DIR pirat min.temp time ------------------------------------------------------------------------------------------------------------------------------ 1 6.4 12.3 00:00 4.1 23:58 68 1008.1 1.0 2.6 11.7 00:18 W 1.1 0.5 20:30 2 7.0 12.2 14:09 2.1 03:12 70 1014.0 0.6 1.9 9.4 17:34 SE 0.9 0.7 02:49 3 7.5 13.7 13:45 1.2 02:31 64 1016.3 0.0 2.6 9.8 14:13 E-SE 1.7 -1.0 01:57 4 12.6 18.3 14:19 5.3 00:05 59 1004.4 0.0 5.2 17.7 16:23 E-SE 2.3 4.4 00:02 5 9.9 15.0 13:09 6.8 23:54 73 1005.8 0.0 3.6 10.1 02:44 SE 1.4 6.0 23:26 6 6.3 12.3 10:50 1.0 23:57 71 1003.5 0.0 2.2 10.7 09:57 SW 1.4 -1.6 23:54 7 6.2 11.6 13:54 0.0 02:40 74 1012.1 0.8 2.6 7.7 14:31 W 1.1 -2.1 02:08 8 5.8 13.2 14:28 -0.4 23:50 63 1021.7 0.0 2.8 10.8 09:20 W-NW 1.9 -2.1 23:04 9 6.8 13.6 13:56 -1.4 01:37 78 1017.5 0.8 0.5 4.6 12:34 E-SE 1.1 -2.4 00:54 10 6.7 9.6 13:31 3.3 00:04 75 1018.4 4.6 4.7 12.3 09:07 W 0.7 1.1 00:10 11 6.6 11.3 13:43 3.3 04:27 64 1020.8 0.1 3.3 11.7 12:09 W-NW 1.4 1.9 19:31 12 5.8 11.2 13:36 1.8 06:26 63 1018.3 0.0 2.6 7.4 08:54 N-NW 1.3 0.9 06:12 13 5.9 13.0 15:02 -1.1 06:14 65 1024.0 0.0 1.4 6.8 13:26 W 1.6 -3.1 04:16 14 5.1 12.5 15:33 -0.4 04:24 71 1027.9 0.0 1.9 7.7 16:05 W 1.3 -2.9 04:10 15 7.1 12.3 15:03 -0.6 05:14 76 1026.4 0.0 2.3 9.8 16:26 W 1.0 -1.5 01:26 16 8.8 15.9 14:30 1.4 05:41 59 1021.5 0.0 2.1 11.5 11:05 W 2.3 -1.7 03:47 17 9.9 16.9 14:37 -0.6 05:54 71 1013.5 7.9 2.9 12.2 21:05 SE 2.2 -2.9 05:57 18 9.5 11.8 15:17 5.6 06:48 78 1005.5 6.0 4.0 13.9 14:42 W 0.7 2.9 04:58 19 7.9 10.5 14:44 5.3 05:18 80 1009.7 1.3 1.9 8.2 01:15 W 0.7 4.6 05:29 20 11.0 16.1 12:19 6.5 23:56 76 1010.7 0.0 1.5 10.5 11:05 W 1.4 4.1 22:51 21 12.3 18.5 14:47 4.8 02:24 71 1010.3 0.1 0.7 4.8 11:07 E-NE 2.0 2.4 02:27 22 10.3 17.0 12:06 7.4 23:59 77 1013.2 0.0 1.6 6.0 17:06 N-NW 1.1 6.0 23:59 23 10.6 19.7 15:53 2.9 06:11 75 1016.2 0.0 0.8 7.2 11:47 SW 1.9 1.2 06:07 24 8.4 15.1 12:50 3.7 23:54 73 1024.9 0.1 3.0 9.1 12:05 W-NW 1.2 1.2 05:37 25 8.0 15.0 14:13 2.5 01:11 62 1023.1 0.0 1.7 7.0 16:27 W 1.9 0.8 00:40 26 6.8 12.7 13:19 2.5 23:59 56 1023.5 0.0 3.4 10.4 10:35 N-NW 2.0 -0.4 22:26 27 8.0 15.0 14:30 -2.7 05:46 54 1025.6 0.0 1.1 4.0 14:32 S-SW 2.2 -4.8 05:35 28 10.4 20.3 14:33 -0.1 05:52 60 1022.3 0.0 0.5 3.8 15:35 S 3.2 -2.5 05:28 29 13.8 23.0 13:15 3.1 05:21 58 1023.8 0.0 1.9 8.6 12:50 W 3.2 -0.1 04:51 30 12.1 19.1 13:26 6.5 23:58 68 1027.5 0.0 1.2 6.4 14:28 W 2.1 3.7 23:17 31 13.5 21.4 14:36 5.1 02:11 61 1021.6 0.0 2.1 7.3 17:10 E 2.8 2.2 03:39 ------------------------------------------------------------------------------------------------------------------------------ Avg: 8.6 23.0 29 -2.7 27 68 1017.2 23.4 2.3 17.7 4 W 51.1 Wind Run 7686.0 km Calm Values 3313 Calm in % 7.4 % Sun 237:54 h Distribution WD Values 41323 Distribution WD N-NO 2.323 % Distribution WD NO 0.970 % Distribution WD NO-O 2.306 % Distribution WD O 3.957 % Distribution WD O-SO 5.174 % Distribution WD SO 6.014 % Distribution WD SO-S 3.618 % Distribution WD S 4.862 % Distribution WD S-SW 5.174 % Distribution WD SW 6.374 % Distribution WD SW-W 9.266 % Distribution WD W 21.039 % Distribution WD W-NW 12.947 % Distribution WD NW 4.571 % Distribution WD NW-N 8.702 % Distribution WD N 2.703 % Rain days >0.0 mm Month 11 Rain days >2.0 mm Month 3 Rain days >20.0 mm Month 0 Ice days max < 0°C 0 Cold days min < 0°C 8 Cool days max < 10°C 1 Summer days max >=25°C 0 Hot days max >=30°C 0 Last year same Month: Ice days max < 0°C 0 Last year same Month: Cold days min < 0°C 12 Last year same Month: Cool days max < 10°C 10 Last year same Month: Summer days max >=25°C 0 Last year same Month: Hot days max >=30°C 0 © 1999-2016 Werner Krenn / Mischa Thurnherr - Weatherstation Operating- and Data Acquisition Software - V2.98.3


  ©UMa Astronomy

Creative Commons License
Meteo by UMa Astronomy is licensed under a Creative Commons Attribution-NonCommercial-NoDerivs 3.0 Unported License.