Blahová 11/18/2019
 Last update: 19:38
Updated every 10 minutes
 Cold 
 Akt.temp: 6.7°C
 Max.temp: 14.1°C
 Min.temp: 6.7°C
 Devpoint: 3 °C
 Wind speed: 1.4m/s
 Wind direction: SE
 Max wind gust: 8.4m/s
 Precipitation: 0.3mm
 Pressure: 1015.4 hPa
 P.tendency: +2.8 hPa/3h
 Humidity: 77%
 Abs.humidity: 5.85 g/m3
Ground temperature
Min.temp 4.0°C /19:38
Akt.temp
4.0°C

2019: Jan | Feb | Mar | Apr | May | Jun | Jul | Aug | Sep | Oct | Nov | Dec 
2018: Jan | Feb | Mar | Apr | May | Jun | Jul | Aug | Sep | Oct | Nov | Dec 
2017: Jan | Feb | Mar | Apr | May | Jun | Jul | Aug | Sep | Oct | Nov | Dec 
2016: Jan | Feb | Mar | Apr | May | Jun | Jul | Aug | Sep | Oct | Nov | Dec 
2015: Jan | Feb | Mar | Apr | May | Jun | Jul | Aug | Sep | Oct | Nov | Dec 
2014: Jan | Feb | Mar | Apr | May | Jun | Jul | Aug | Sep | Oct | Nov | Dec 
2013: Jan | Feb | Mar | Apr | May | Jun | Jul | Aug | Sep | Oct | Nov | Dec 
2012: Jan | Feb | Mar | Apr | May | Jun | Jul | Aug | Sep | Oct | Nov | Dec 
2011: Jan | Feb | Mar | Apr | May | Jun | Jul | Aug | Sep | Oct | Nov | Dec 
2010: Jan | Feb | Mar | Apr | May | Jun | Jul | Aug | Sep | Oct | Nov | Dec 
2009: Jan | Feb | Mar | Apr | May | Jun | Jul | Aug | Sep | Oct | Nov | Dec 
2008: Jan | Feb | Mar | Apr | May | Jun | Jul | Aug | Sep | Oct | Nov | Dec 
2007: Jan | Feb | Mar | Apr | May | Jun | Jul | Aug | Sep | Oct | Nov | Dec 

Report for 2017 04
MONTHLY CLIMATOLOGICAL SUMMARY for April 2017 CITY: Blahová ELEV: 119 m LAT: 48° 5' 7" North LONG: 17° 32' 48" East TEMPERATURE (°C), BAROMETER (hPa), RAIN (mm), WIND SPEED (m/s) MEAN TEMPERATURE WIND DOM trans Ground DAY TEMP HIGH TIME LOW TIME HUM Baro Rain SPEED HIGH TIME DIR pirat min.temp time ------------------------------------------------------------------------------------------------------------------------------ 1 15.3 21.9 14:13 8.1 05:50 56 1014.7 0.0 3.7 12.0 10:30 E 4.4 5.1 03:36 2 16.0 23.9 14:09 8.3 05:45 55 1017.0 0.0 1.6 6.7 13:11 E 5.4 6.8 05:35 3 16.0 24.6 13:33 7.1 02:50 61 1018.8 0.0 2.3 8.1 20:34 N-NW 5.7 4.8 03:01 4 14.6 21.5 14:08 6.5 05:35 68 1018.0 0.0 2.9 8.9 13:34 W 3.7 5.4 05:39 5 13.0 16.4 14:23 9.9 02:57 71 1016.2 0.1 3.0 7.9 13:14 W 2.0 9.0 02:49 6 8.6 11.8 14:12 6.9 22:45 57 1018.1 0.0 4.8 16.0 13:47 W 2.1 5.9 20:05 7 8.5 9.4 15:46 5.8 02:26 77 1017.6 0.5 3.7 9.9 11:44 W 0.7 5.4 02:10 8 10.6 16.4 14:09 5.6 22:56 70 1022.3 0.0 2.5 9.4 12:04 W 2.3 2.7 23:11 9 10.5 17.5 14:05 4.5 01:45 69 1025.4 0.0 0.7 3.3 11:17 N-NW 2.9 1.6 01:07 10 13.8 22.1 14:26 3.7 03:22 65 1017.0 0.0 1.3 5.5 10:40 E-SE 4.3 0.8 02:43 11 9.2 14.8 12:12 4.1 23:09 58 1021.0 0.1 3.0 12.3 08:39 W 2.5 0.7 23:26 12 11.2 16.4 15:31 1.2 05:32 60 1015.9 0.0 2.2 6.7 12:52 S 2.8 -0.5 04:21 13 9.8 13.8 10:59 6.8 22:19 76 1012.1 2.0 1.3 9.7 15:24 W 1.0 4.0 21:52 14 10.1 16.2 13:32 5.7 23:59 69 1015.2 0.0 1.3 7.9 11:54 W 2.5 2.0 23:58 15 12.1 16.7 15:11 2.5 03:49 70 1013.2 0.2 1.4 5.8 11:44 S 2.5 0.1 03:37 16 8.9 14.5 11:22 4.1 23:55 67 1015.2 0.1 2.5 12.3 15:25 W 2.3 1.8 22:14 17 8.5 13.0 12:12 1.7 05:09 74 1013.8 7.9 2.1 7.3 15:45 W 1.7 -2.0 05:06 18 5.5 12.2 13:24 2.8 21:34 72 1015.1 1.5 3.4 9.8 22:44 W 1.7 1.3 21:22 19 3.3 3.7 09:04 1.9 11:52 79 1016.8 6.7 7.0 15.5 13:34 W-NW 0.4 1.9 00:29 20 3.3 6.3 13:18 1.1 23:59 63 1026.5 0.0 6.0 17.5 06:44 W-NW 1.2 -0.4 23:57 21 6.6 12.2 15:59 -2.1 04:39 58 1025.3 0.0 2.4 9.5 14:56 W 2.2 -4.1 04:30 22 8.6 15.6 12:36 4.9 00:00 71 1017.2 0.3 3.4 12.7 17:43 W 2.0 2.0 00:00 23 6.8 12.6 13:06 3.8 20:59 66 1020.2 0.0 3.0 13.5 09:55 W 2.2 2.0 02:34 24 10.1 14.9 14:02 0.6 04:10 60 1016.6 0.0 2.4 8.8 15:08 E 2.7 -0.5 03:54 25 16.0 23.1 14:19 5.2 04:45 60 1007.2 0.0 3.8 14.6 16:20 S 4.5 3.2 04:18 26 12.8 17.9 16:06 7.9 04:20 70 1008.0 0.0 2.3 10.3 14:03 SE 2.5 6.9 04:27 27 8.6 11.3 14:54 7.4 20:58 79 1011.0 0.1 1.5 5.1 11:28 W 1.0 7.4 02:15 28 6.9 8.6 11:41 5.7 23:06 81 1009.3 11.3 2.0 7.9 18:03 W 0.6 5.2 19:57 29 8.5 15.0 13:07 3.7 23:57 72 1017.3 0.0 2.4 8.9 08:56 W 2.0 1.6 23:58 30 9.6 17.0 13:20 1.0 03:54 69 1017.6 0.1 1.3 6.5 15:06 E 3.0 -0.3 04:22 ------------------------------------------------------------------------------------------------------------------------------ Avg: 10.1 24.6 3 -2.1 21 67 1016.7 31.0 2.7 17.5 20 W 74.7 Wind Run 8919.2 km Calm Values 1995 Calm in % 4.6 % Sun 239:39 h Distribution WD Values 41229 Distribution WD N-NO 1.897 % Distribution WD NO 1.091 % Distribution WD NO-O 3.437 % Distribution WD O 5.452 % Distribution WD O-SO 4.211 % Distribution WD SO 3.573 % Distribution WD SO-S 2.809 % Distribution WD S 4.470 % Distribution WD S-SW 4.126 % Distribution WD SW 5.853 % Distribution WD SW-W 8.712 % Distribution WD W 24.832 % Distribution WD W-NW 14.027 % Distribution WD NW 4.640 % Distribution WD NW-N 8.188 % Distribution WD N 2.683 % Rain days >0.0 mm Month 13 Rain days >2.0 mm Month 3 Rain days >20.0 mm Month 0 Ice days max < 0°C 0 Cold days min < 0°C 1 Cool days max < 10°C 4 Summer days max >=25°C 0 Hot days max >=30°C 0 Last year same Month: Ice days max < 0°C 0 Last year same Month: Cold days min < 0°C 2 Last year same Month: Cool days max < 10°C 3 Last year same Month: Summer days max >=25°C 1 Last year same Month: Hot days max >=30°C 0 © 1999-2016 Werner Krenn / Mischa Thurnherr - Weatherstation Operating- and Data Acquisition Software - V2.98.3


  ©UMa Astronomy

Creative Commons License
Meteo by UMa Astronomy is licensed under a Creative Commons Attribution-NonCommercial-NoDerivs 3.0 Unported License.