Blahová 10/18/2019
 Last update: 00:08
Updated every 10 minutes
 Cold 
 Akt.temp: 10.1°C
 Max.temp: 10.1°C
 Min.temp: 10.0°C
 Devpoint: 6.3 °C
 Wind speed: 0.0m/s
 Wind direction: 000
 Max wind gust: 0.0m/s
 Precipitation: 0.0mm
 Pressure: 1016.2 hPa
 P.tendency: -- hPa/3h
 Humidity: 77%
 Abs.humidity: 7.28 g/m3
Ground temperature
Min.temp 7.2°C /00:08
Akt.temp
7.2°C

2019: Jan | Feb | Mar | Apr | May | Jun | Jul | Aug | Sep | Oct | Nov | Dec 
2018: Jan | Feb | Mar | Apr | May | Jun | Jul | Aug | Sep | Oct | Nov | Dec 
2017: Jan | Feb | Mar | Apr | May | Jun | Jul | Aug | Sep | Oct | Nov | Dec 
2016: Jan | Feb | Mar | Apr | May | Jun | Jul | Aug | Sep | Oct | Nov | Dec 
2015: Jan | Feb | Mar | Apr | May | Jun | Jul | Aug | Sep | Oct | Nov | Dec 
2014: Jan | Feb | Mar | Apr | May | Jun | Jul | Aug | Sep | Oct | Nov | Dec 
2013: Jan | Feb | Mar | Apr | May | Jun | Jul | Aug | Sep | Oct | Nov | Dec 
2012: Jan | Feb | Mar | Apr | May | Jun | Jul | Aug | Sep | Oct | Nov | Dec 
2011: Jan | Feb | Mar | Apr | May | Jun | Jul | Aug | Sep | Oct | Nov | Dec 
2010: Jan | Feb | Mar | Apr | May | Jun | Jul | Aug | Sep | Oct | Nov | Dec 
2009: Jan | Feb | Mar | Apr | May | Jun | Jul | Aug | Sep | Oct | Nov | Dec 
2008: Jan | Feb | Mar | Apr | May | Jun | Jul | Aug | Sep | Oct | Nov | Dec 
2007: Jan | Feb | Mar | Apr | May | Jun | Jul | Aug | Sep | Oct | Nov | Dec 

Report for 2017 05
MONTHLY CLIMATOLOGICAL SUMMARY for May 2017 CITY: Blahová ELEV: 119 m LAT: 48° 5' 7" North LONG: 17° 32' 48" East TEMPERATURE (°C), BAROMETER (hPa), RAIN (mm), WIND SPEED (m/s) MEAN TEMPERATURE WIND DOM trans Ground DAY TEMP HIGH TIME LOW TIME HUM Baro Rain SPEED HIGH TIME DIR pirat min.temp time ------------------------------------------------------------------------------------------------------------------------------ 1 12.5 17.5 15:35 4.6 04:42 68 1013.8 0.0 2.3 7.8 13:23 E 2.8 3.2 04:45 2 11.6 17.7 14:24 8.8 22:15 72 1017.3 0.3 1.2 5.7 06:36 W 2.8 6.2 23:45 3 11.3 16.7 11:04 7.5 04:16 80 1016.5 6.4 0.9 6.9 16:53 N-NW 0.9 5.3 03:38 4 13.1 18.3 15:59 7.1 02:57 77 1014.3 3.6 1.4 9.0 18:15 S 1.7 5.4 01:21 5 13.3 16.3 16:56 9.2 04:46 78 1015.2 1.4 1.4 6.0 15:13 W 1.0 7.7 04:46 6 17.0 22.2 13:23 10.8 04:56 73 1010.4 0.0 1.5 5.3 08:10 W 3.3 9.3 04:34 7 13.9 21.0 13:17 11.7 23:59 79 1008.3 9.0 1.5 9.9 15:41 W 1.1 9.8 23:57 8 14.8 19.6 13:44 8.1 04:41 70 1009.7 0.0 1.7 8.3 15:43 N-NW 2.9 5.4 04:27 9 7.1 11.9 00:00 2.6 23:56 66 1014.2 0.0 2.7 10.1 08:19 W-NW 1.5 0.4 23:59 10 9.3 14.4 15:00 -0.8 04:51 63 1011.7 0.0 1.8 7.9 13:12 E-SE 2.6 -2.1 04:27 11 17.3 22.3 16:53 5.0 04:51 63 1005.3 0.0 2.2 7.4 20:02 E-SE 3.7 2.2 04:13 12 18.4 25.9 13:08 13.3 23:56 68 1004.4 0.2 1.1 7.0 18:27 SE 5.2 10.4 04:41 13 17.1 24.1 13:13 11.5 03:23 69 1013.4 0.0 2.1 10.6 16:00 W 3.8 9.2 02:58 14 18.9 25.4 13:26 9.7 03:56 67 1020.1 0.0 1.7 7.6 11:12 N-NW 5.0 7.4 04:29 15 17.7 23.3 13:25 13.8 03:26 73 1025.5 0.3 2.3 7.9 13:52 W 3.1 11.4 03:03 16 18.6 25.0 13:53 12.1 01:38 62 1026.8 0.0 2.3 7.8 12:22 N-NW 4.8 9.9 01:38 17 17.1 24.7 14:06 11.2 04:47 61 1023.1 0.0 1.2 4.6 16:05 N-NW 5.5 8.1 04:10 18 19.6 26.6 13:54 10.0 03:37 57 1016.5 0.0 1.6 10.5 13:10 SE 6.4 7.6 04:21 19 20.9 27.2 13:26 11.7 03:20 55 1011.8 0.0 2.3 8.9 11:44 E 6.5 9.2 03:18 20 14.9 18.0 12:23 12.4 04:48 73 1015.5 2.2 5.0 12.6 19:01 W 1.9 11.1 04:44 21 16.8 21.9 13:23 13.3 02:11 65 1020.3 3.2 3.5 12.6 07:52 W-NW 3.3 12.1 23:40 22 18.9 25.2 13:14 10.7 03:38 67 1016.6 0.0 1.7 7.3 07:16 W 4.4 9.4 03:54 23 19.3 24.4 13:38 12.5 04:27 73 1016.2 0.0 1.3 7.2 11:22 W 3.9 11.5 04:30 24 15.9 22.0 10:45 11.1 23:59 63 1016.5 1.3 2.1 11.6 16:19 W 3.0 10.4 23:57 25 14.3 19.2 17:03 10.4 01:23 71 1018.8 0.0 2.2 9.3 16:52 W 1.9 9.2 23:15 26 17.9 23.5 14:26 9.3 04:19 61 1018.2 0.0 2.2 8.4 16:35 W 4.8 7.7 03:48 27 19.0 25.9 13:22 11.8 01:43 57 1021.0 0.0 2.6 9.4 11:55 N-NW 5.8 9.5 01:02 28 18.3 25.3 14:03 8.9 04:29 57 1022.6 0.0 1.2 4.9 13:12 E-SE 5.5 7.2 03:59 29 20.2 27.7 14:12 10.2 03:54 62 1016.9 0.0 1.5 7.3 10:33 E 6.2 7.5 03:46 30 24.2 31.0 13:46 14.3 02:25 58 1013.8 0.0 1.3 5.4 16:11 SE 7.6 12.5 02:12 31 22.2 29.6 12:39 18.2 04:13 73 1017.3 2.4 1.3 8.2 13:31 W 3.8 16.8 23:59 ------------------------------------------------------------------------------------------------------------------------------ Avg: 16.5 31.0 30 -0.8 10 67 1015.9 30.5 1.9 12.6 21 W 116.8 Wind Run 6501.4 km Calm Values 3065 Calm in % 6.9 % Sun 353:43 h Distribution WD Values 41596 Distribution WD N-NO 3.176 % Distribution WD NO 1.863 % Distribution WD NO-O 5.529 % Distribution WD O 7.741 % Distribution WD O-SO 6.991 % Distribution WD SO 5.604 % Distribution WD SO-S 2.774 % Distribution WD S 3.770 % Distribution WD S-SW 2.642 % Distribution WD SW 3.479 % Distribution WD SW-W 5.955 % Distribution WD W 17.196 % Distribution WD W-NW 12.268 % Distribution WD NW 4.419 % Distribution WD NW-N 11.739 % Distribution WD N 4.854 % Rain days >0.0 mm Month 11 Rain days >2.0 mm Month 6 Rain days >20.0 mm Month 0 Ice days max < 0°C 0 Cold days min < 0°C 1 Cool days max < 10°C 0 Summer days max >=25°C 11 Hot days max >=30°C 1 Last year same Month: Ice days max < 0°C 0 Last year same Month: Cold days min < 0°C 0 Last year same Month: Cool days max < 10°C 0 Last year same Month: Summer days max >=25°C 9 Last year same Month: Hot days max >=30°C 0 © 1999-2016 Werner Krenn / Mischa Thurnherr - Weatherstation Operating- and Data Acquisition Software - V2.98.3


  ©UMa Astronomy

Creative Commons License
Meteo by UMa Astronomy is licensed under a Creative Commons Attribution-NonCommercial-NoDerivs 3.0 Unported License.