Blahová 11/12/2019
 Last update: 17:28
Updated every 10 minutes
 Cold 
 Akt.temp: 8.7°C
 Max.temp: 10.1°C
 Min.temp: 6.1°C
 Devpoint: 5.3 °C
 Wind speed: 1.2m/s
 Wind direction: N
 Max wind gust: 6.7m/s
 Precipitation: 12.1mm
 Pressure: 1004.8 hPa
 P.tendency: -1.2 hPa/3h
 Humidity: 79%
 Abs.humidity: 6.83 g/m3
Ground temperature
Min.temp 6.1°C /06:05
Akt.temp
9.2°C

2019: Jan | Feb | Mar | Apr | May | Jun | Jul | Aug | Sep | Oct | Nov | Dec 
2018: Jan | Feb | Mar | Apr | May | Jun | Jul | Aug | Sep | Oct | Nov | Dec 
2017: Jan | Feb | Mar | Apr | May | Jun | Jul | Aug | Sep | Oct | Nov | Dec 
2016: Jan | Feb | Mar | Apr | May | Jun | Jul | Aug | Sep | Oct | Nov | Dec 
2015: Jan | Feb | Mar | Apr | May | Jun | Jul | Aug | Sep | Oct | Nov | Dec 
2014: Jan | Feb | Mar | Apr | May | Jun | Jul | Aug | Sep | Oct | Nov | Dec 
2013: Jan | Feb | Mar | Apr | May | Jun | Jul | Aug | Sep | Oct | Nov | Dec 
2012: Jan | Feb | Mar | Apr | May | Jun | Jul | Aug | Sep | Oct | Nov | Dec 
2011: Jan | Feb | Mar | Apr | May | Jun | Jul | Aug | Sep | Oct | Nov | Dec 
2010: Jan | Feb | Mar | Apr | May | Jun | Jul | Aug | Sep | Oct | Nov | Dec 
2009: Jan | Feb | Mar | Apr | May | Jun | Jul | Aug | Sep | Oct | Nov | Dec 
2008: Jan | Feb | Mar | Apr | May | Jun | Jul | Aug | Sep | Oct | Nov | Dec 
2007: Jan | Feb | Mar | Apr | May | Jun | Jul | Aug | Sep | Oct | Nov | Dec 

Report for 2017 06
MONTHLY CLIMATOLOGICAL SUMMARY for June 2017 CITY: Blahová ELEV: 119 m LAT: 48° 5' 7" North LONG: 17° 32' 48" East TEMPERATURE (°C), BAROMETER (hPa), RAIN (mm), WIND SPEED (m/s) MEAN TEMPERATURE WIND DOM trans Ground DAY TEMP HIGH TIME LOW TIME HUM Baro Rain SPEED HIGH TIME DIR pirat min.temp time ------------------------------------------------------------------------------------------------------------------------------ 1 20.5 27.7 13:22 14.1 23:36 57 1019.0 0.0 1.6 7.3 10:10 N-NW 6.0 11.2 23:58 2 21.8 28.6 13:58 10.5 04:12 61 1016.5 0.0 0.6 4.8 15:20 S 6.3 8.4 03:47 3 22.0 30.1 14:46 13.7 04:05 64 1014.1 0.0 0.9 4.4 15:13 SE 6.6 12.0 03:50 4 19.6 29.5 12:22 15.7 23:54 75 1012.6 9.9 2.5 12.2 14:08 W 1.9 14.0 02:04 5 20.1 26.1 13:59 13.1 04:14 68 1013.1 0.1 1.3 5.2 11:21 W 4.7 12.0 03:34 6 21.6 29.3 13:50 14.7 23:54 68 1007.7 1.9 4.0 13.6 14:07 E 5.6 13.3 23:56 7 15.5 20.2 11:21 13.0 22:25 66 1017.8 0.0 1.9 7.7 00:13 W 2.9 11.9 22:12 8 17.3 24.3 14:20 8.9 04:23 60 1019.7 0.0 1.1 7.4 12:28 W 5.1 7.5 04:24 9 19.0 26.5 13:39 8.7 04:25 61 1016.2 0.0 1.2 6.8 14:18 E 5.7 7.4 03:56 10 18.9 24.6 14:59 12.0 04:04 66 1018.9 0.0 2.5 8.8 16:28 W 3.9 10.2 04:01 11 19.9 27.2 14:13 11.2 04:25 58 1018.5 0.0 1.5 8.8 09:08 N-NW 6.2 8.7 03:00 12 25.3 31.9 14:13 10.7 03:21 57 1012.5 0.0 2.1 7.9 14:18 S 7.7 9.2 03:25 13 21.5 28.2 16:08 15.9 04:24 52 1015.1 0.0 2.0 8.8 10:48 W 6.4 13.2 22:35 14 19.4 25.9 13:55 12.7 04:39 54 1017.1 0.0 1.4 8.1 10:04 W 5.4 10.2 23:56 15 20.5 27.8 13:34 10.1 04:01 57 1016.9 0.0 0.9 4.4 13:38 E-SE 6.4 8.0 03:36 16 19.7 25.5 14:13 14.3 00:45 73 1014.7 6.7 1.6 11.5 23:47 E-NE 3.8 12.2 00:40 17 16.5 19.7 09:50 13.7 04:14 64 1018.9 4.6 3.7 10.6 07:13 W 2.7 12.6 04:13 18 19.8 25.2 15:06 14.5 02:48 62 1021.8 0.0 3.4 11.3 10:47 N-NW 4.7 14.4 02:52 19 22.4 29.9 14:15 12.6 04:21 61 1020.5 0.0 1.2 4.1 14:28 W 7.1 11.1 03:49 20 26.2 32.9 14:42 13.3 02:58 53 1015.1 0.0 1.9 6.8 12:42 S 8.4 12.0 03:33 21 25.2 32.2 12:48 16.5 04:30 60 1014.4 0.0 1.9 8.4 11:37 N-NW 7.7 15.3 04:00 22 26.3 33.9 13:30 16.2 03:46 59 1013.3 0.0 1.1 6.8 15:07 SE 9.0 14.8 03:54 23 24.3 31.6 13:52 19.7 06:36 61 1012.8 0.7 2.0 13.4 04:03 N-NW 7.3 17.9 23:58 24 26.5 32.4 14:23 15.7 04:23 53 1014.0 0.0 1.9 8.9 15:07 W 8.4 14.5 03:43 25 23.4 32.4 12:31 19.1 21:06 65 1012.3 3.1 1.5 12.4 15:27 W 7.4 17.7 03:42 26 22.8 29.7 14:16 17.9 23:51 65 1012.3 0.2 1.6 8.1 10:10 W 6.5 16.5 23:56 27 24.9 30.3 11:51 16.5 03:50 63 1009.4 0.0 2.0 9.3 17:00 E-SE 5.6 15.0 03:44 28 26.0 32.9 14:06 18.6 04:22 62 1001.4 0.0 3.6 12.1 14:57 SE 7.6 17.0 03:35 29 19.6 27.5 12:15 15.9 23:59 73 1001.3 4.6 2.5 13.5 01:47 SE 3.4 15.1 23:54 30 22.5 28.1 14:03 14.4 04:58 59 1007.7 0.1 2.4 9.3 19:02 S 6.2 13.2 04:20 ------------------------------------------------------------------------------------------------------------------------------ Avg: 21.6 33.9 22 8.7 9 62 1014.2 32.0 1.9 13.6 6 W 176.4 Wind Run 6480.6 km Calm Values 3290 Calm in % 7.7 % Sun 382:08 h Distribution WD Values 39542 Distribution WD N-NO 2.638 % Distribution WD NO 1.153 % Distribution WD NO-O 3.619 % Distribution WD O 6.107 % Distribution WD O-SO 6.699 % Distribution WD SO 7.961 % Distribution WD SO-S 5.028 % Distribution WD S 6.866 % Distribution WD S-SW 4.625 % Distribution WD SW 4.833 % Distribution WD SW-W 7.137 % Distribution WD W 16.094 % Distribution WD W-NW 9.059 % Distribution WD NW 3.664 % Distribution WD NW-N 9.779 % Distribution WD N 4.737 % Rain days >0.0 mm Month 10 Rain days >2.0 mm Month 5 Rain days >20.0 mm Month 0 Ice days max < 0°C 0 Cold days min < 0°C 0 Cool days max < 10°C 0 Summer days max >=25°C 26 Hot days max >=30°C 10 Last year same Month: Ice days max < 0°C 0 Last year same Month: Cold days min < 0°C 0 Last year same Month: Cool days max < 10°C 0 Last year same Month: Summer days max >=25°C 22 Last year same Month: Hot days max >=30°C 6 © 1999-2016 Werner Krenn / Mischa Thurnherr - Weatherstation Operating- and Data Acquisition Software - V2.98.3


  ©UMa Astronomy

Creative Commons License
Meteo by UMa Astronomy is licensed under a Creative Commons Attribution-NonCommercial-NoDerivs 3.0 Unported License.