Blahová 09/20/2019
 Last update: 09:28
Updated every 10 minutes
 Cold 
 Akt.temp: 13.8°C
 Max.temp: 13.8°C
 Min.temp: 3.3°C
 Devpoint: 7.3 °C
 Wind speed: 1.8m/s
 Wind direction: N
 Max wind gust: 3.5m/s
 Precipitation: 0.0mm
 Pressure: 1028.4 hPa
 P.tendency: +1.2 hPa/3h
 Humidity: 65%
 Abs.humidity: 7.74 g/m3
Ground temperature
Min.temp 2.5°C /05:08
Akt.temp
14.6°C

2019: Jan | Feb | Mar | Apr | May | Jun | Jul | Aug | Sep | Oct | Nov | Dec 
2018: Jan | Feb | Mar | Apr | May | Jun | Jul | Aug | Sep | Oct | Nov | Dec 
2017: Jan | Feb | Mar | Apr | May | Jun | Jul | Aug | Sep | Oct | Nov | Dec 
2016: Jan | Feb | Mar | Apr | May | Jun | Jul | Aug | Sep | Oct | Nov | Dec 
2015: Jan | Feb | Mar | Apr | May | Jun | Jul | Aug | Sep | Oct | Nov | Dec 
2014: Jan | Feb | Mar | Apr | May | Jun | Jul | Aug | Sep | Oct | Nov | Dec 
2013: Jan | Feb | Mar | Apr | May | Jun | Jul | Aug | Sep | Oct | Nov | Dec 
2012: Jan | Feb | Mar | Apr | May | Jun | Jul | Aug | Sep | Oct | Nov | Dec 
2011: Jan | Feb | Mar | Apr | May | Jun | Jul | Aug | Sep | Oct | Nov | Dec 
2010: Jan | Feb | Mar | Apr | May | Jun | Jul | Aug | Sep | Oct | Nov | Dec 
2009: Jan | Feb | Mar | Apr | May | Jun | Jul | Aug | Sep | Oct | Nov | Dec 
2008: Jan | Feb | Mar | Apr | May | Jun | Jul | Aug | Sep | Oct | Nov | Dec 
2007: Jan | Feb | Mar | Apr | May | Jun | Jul | Aug | Sep | Oct | Nov | Dec 

Report for 2017 07
MONTHLY CLIMATOLOGICAL SUMMARY for July 2017 CITY: Blahová ELEV: 119 m LAT: 48° 5' 7" North LONG: 17° 32' 48" East TEMPERATURE (°C), BAROMETER (hPa), RAIN (mm), WIND SPEED (m/s) MEAN TEMPERATURE WIND DOM trans Ground DAY TEMP HIGH TIME LOW TIME HUM Baro Rain SPEED HIGH TIME DIR pirat min.temp time ------------------------------------------------------------------------------------------------------------------------------ 1 21.0 26.9 14:20 15.0 23:48 60 1011.1 0.5 2.8 9.5 11:30 W 5.4 13.8 23:55 2 19.8 24.2 15:35 14.3 02:53 66 1014.4 0.0 3.0 10.6 07:09 W 3.0 13.5 03:03 3 19.0 26.3 14:22 12.4 23:54 55 1019.0 0.0 2.0 10.1 13:57 W 5.3 10.7 23:54 4 21.5 26.9 12:23 9.2 04:43 55 1019.5 0.0 1.0 8.4 12:27 W 4.7 8.2 03:41 5 23.3 31.7 14:41 13.0 04:33 62 1016.6 2.1 1.7 7.5 14:09 S 7.5 11.8 04:30 6 23.6 30.0 14:11 16.3 04:32 57 1018.7 0.0 1.0 8.3 11:36 N-NW 6.7 15.3 04:17 7 24.2 28.0 16:19 15.8 04:35 58 1015.5 0.0 2.0 6.5 08:08 E-NE 4.2 14.8 04:24 8 23.4 30.9 11:11 16.5 04:17 66 1014.4 1.3 2.0 10.0 14:36 W 4.3 16.0 03:07 9 24.2 32.3 13:27 17.1 02:52 68 1014.3 15.4 1.1 10.1 23:42 E-SE 7.0 16.1 04:07 10 24.3 30.6 14:41 18.7 03:50 72 1009.5 6.5 2.2 6.3 13:14 E-NE 4.5 18.3 04:04 11 23.4 28.8 15:14 19.2 03:28 65 1012.9 0.0 2.1 11.7 12:46 W 5.3 18.4 02:40 12 22.9 30.5 13:55 18.1 04:48 68 1011.6 16.0 2.9 14.4 20:26 S 6.4 17.4 04:12 13 18.2 23.5 14:50 11.8 23:50 58 1017.8 0.1 2.7 12.1 10:49 W 4.4 10.3 23:30 14 18.2 23.8 13:43 9.1 04:24 62 1015.2 0.0 1.3 6.3 16:33 S 4.2 8.1 03:30 15 16.9 21.9 11:20 13.2 23:57 67 1018.0 0.0 3.1 12.1 12:00 W 2.5 12.0 23:58 16 18.7 25.6 13:55 10.2 04:47 56 1021.8 0.0 1.7 8.8 12:00 W 5.6 9.4 04:12 17 20.6 28.7 13:22 9.9 03:57 59 1020.6 0.0 0.6 4.4 11:49 SE 5.9 8.7 04:00 18 23.1 30.7 14:07 14.7 02:50 55 1019.0 0.0 1.1 6.0 12:49 E-SE 7.2 13.6 02:35 19 23.9 32.3 14:16 15.8 03:42 59 1014.3 0.0 1.6 6.9 14:59 E-NE 8.1 14.0 03:37 20 24.6 33.3 13:42 17.8 03:57 60 1010.6 0.0 0.8 9.3 22:24 E-SE 8.5 15.7 03:51 21 23.5 31.0 14:45 18.5 23:50 65 1014.1 0.3 1.3 9.5 00:36 W 6.3 16.8 23:32 22 24.9 32.1 15:02 17.1 01:40 67 1014.2 0.0 1.0 6.4 11:23 N-NW 6.5 15.6 02:02 23 23.0 29.2 14:16 19.6 04:45 70 1013.9 1.0 1.2 7.9 14:50 N-NW 4.4 18.4 00:00 24 19.2 22.8 11:01 17.3 23:56 79 1006.4 21.8 1.2 9.7 23:58 N-NW 1.3 16.7 23:56 25 18.3 22.8 14:08 15.9 23:59 62 1005.0 0.0 3.2 10.9 08:14 W 3.4 14.4 21:44 26 17.0 22.5 13:46 14.7 22:12 73 1005.6 9.3 1.3 7.7 03:48 S-SW 2.5 13.2 22:54 27 16.9 20.4 16:57 14.5 05:17 79 1009.5 1.5 1.4 8.6 10:54 W 1.3 14.2 00:01 28 21.8 26.8 14:26 15.3 04:55 64 1012.7 0.0 2.8 10.3 16:44 W 4.7 14.5 04:51 29 22.1 28.6 14:05 15.0 02:46 61 1017.0 0.0 1.2 5.9 13:38 W 6.0 12.9 04:32 30 25.5 31.5 14:16 16.0 04:56 62 1014.4 0.0 2.3 7.6 11:33 E-SE 6.3 14.8 04:26 31 26.1 32.6 13:50 17.8 04:35 64 1018.1 0.0 1.6 6.7 13:23 E-SE 6.8 16.3 04:14 ------------------------------------------------------------------------------------------------------------------------------ Avg: 21.7 33.3 20 9.1 14 64 1014.4 75.8 1.8 14.4 12 W 159.9 Wind Run 6249.3 km Calm Values 3810 Calm in % 8.6 % Sun 362:53 h Distribution WD Values 40738 Distribution WD N-NO 3.167 % Distribution WD NO 2.268 % Distribution WD NO-O 5.906 % Distribution WD O 5.918 % Distribution WD O-SO 6.007 % Distribution WD SO 5.599 % Distribution WD SO-S 3.599 % Distribution WD S 6.129 % Distribution WD S-SW 6.255 % Distribution WD SW 6.684 % Distribution WD SW-W 8.557 % Distribution WD W 17.419 % Distribution WD W-NW 8.105 % Distribution WD NW 2.764 % Distribution WD NW-N 7.516 % Distribution WD N 4.107 % Rain days >0.0 mm Month 12 Rain days >2.0 mm Month 6 Rain days >20.0 mm Month 1 Ice days max < 0°C 0 Cold days min < 0°C 0 Cool days max < 10°C 0 Summer days max >=25°C 23 Hot days max >=30°C 13 Last year same Month: Ice days max < 0°C 0 Last year same Month: Cold days min < 0°C 0 Last year same Month: Cool days max < 10°C 0 Last year same Month: Summer days max >=25°C 26 Last year same Month: Hot days max >=30°C 12 © 1999-2016 Werner Krenn / Mischa Thurnherr - Weatherstation Operating- and Data Acquisition Software - V2.98.3


  ©UMa Astronomy

Creative Commons License
Meteo by UMa Astronomy is licensed under a Creative Commons Attribution-NonCommercial-NoDerivs 3.0 Unported License.