Blahová 11/13/2019
 Last update: 20:23
Updated every 10 minutes
 Cold 
 Akt.temp: 5.3°C
 Max.temp: 9.9°C
 Min.temp: 4.8°C
 Devpoint: 2 °C
 Wind speed: 2.0m/s
 Wind direction: W
 Max wind gust: 7.7m/s
 Precipitation: 11.8mm
 Pressure: 1005.5 hPa
 P.tendency: +3.9 hPa/3h
 Humidity: 79%
 Abs.humidity: 5.48 g/m3
Ground temperature
Min.temp 5.8°C /18:24
Akt.temp
6.5°C

2019: Jan | Feb | Mar | Apr | May | Jun | Jul | Aug | Sep | Oct | Nov | Dec 
2018: Jan | Feb | Mar | Apr | May | Jun | Jul | Aug | Sep | Oct | Nov | Dec 
2017: Jan | Feb | Mar | Apr | May | Jun | Jul | Aug | Sep | Oct | Nov | Dec 
2016: Jan | Feb | Mar | Apr | May | Jun | Jul | Aug | Sep | Oct | Nov | Dec 
2015: Jan | Feb | Mar | Apr | May | Jun | Jul | Aug | Sep | Oct | Nov | Dec 
2014: Jan | Feb | Mar | Apr | May | Jun | Jul | Aug | Sep | Oct | Nov | Dec 
2013: Jan | Feb | Mar | Apr | May | Jun | Jul | Aug | Sep | Oct | Nov | Dec 
2012: Jan | Feb | Mar | Apr | May | Jun | Jul | Aug | Sep | Oct | Nov | Dec 
2011: Jan | Feb | Mar | Apr | May | Jun | Jul | Aug | Sep | Oct | Nov | Dec 
2010: Jan | Feb | Mar | Apr | May | Jun | Jul | Aug | Sep | Oct | Nov | Dec 
2009: Jan | Feb | Mar | Apr | May | Jun | Jul | Aug | Sep | Oct | Nov | Dec 
2008: Jan | Feb | Mar | Apr | May | Jun | Jul | Aug | Sep | Oct | Nov | Dec 
2007: Jan | Feb | Mar | Apr | May | Jun | Jul | Aug | Sep | Oct | Nov | Dec 

Report for 2017 08
MONTHLY CLIMATOLOGICAL SUMMARY for August 2017 CITY: Blahová ELEV: 119 m LAT: 48° 5' 7" North LONG: 17° 32' 48" East TEMPERATURE (°C), BAROMETER (hPa), RAIN (mm), WIND SPEED (m/s) MEAN TEMPERATURE WIND DOM trans Ground DAY TEMP HIGH TIME LOW TIME HUM Baro Rain SPEED HIGH TIME DIR pirat min.temp time ------------------------------------------------------------------------------------------------------------------------------ 1 28.0 34.9 13:29 18.6 03:11 58 1018.0 0.0 2.0 8.6 13:33 E-SE 8.3 16.9 02:34 2 26.9 34.5 13:28 20.1 04:47 61 1017.9 0.0 1.0 8.1 10:12 E 8.4 18.5 01:41 3 28.4 35.9 14:16 18.4 04:52 55 1014.6 0.0 1.3 6.2 13:23 SE 9.6 17.2 04:47 4 29.7 36.3 13:54 21.9 05:20 55 1012.8 0.0 1.6 8.7 15:02 N-NW 8.7 20.0 01:40 5 25.4 31.6 14:25 21.1 23:57 60 1014.9 0.0 1.3 6.7 00:02 W 6.4 19.3 22:45 6 20.3 24.3 08:29 18.0 20:57 79 1018.6 7.7 2.5 11.0 16:47 W 1.3 17.2 23:54 7 20.0 25.5 14:19 16.0 23:55 71 1019.9 0.1 1.7 7.7 09:11 N-NW 3.6 15.1 23:39 8 22.0 25.0 12:59 13.3 04:50 68 1016.7 0.0 2.6 7.8 15:33 E 3.2 13.0 04:40 9 26.2 31.6 16:42 17.7 05:07 68 1016.0 0.0 1.7 6.4 13:43 E 5.0 16.8 04:56 10 28.7 34.2 14:21 20.1 22:36 62 1014.2 0.9 9.9 32.8 21:47 E-NE 6.7 19.3 23:39 11 23.4 34.0 13:49 16.8 23:26 68 1011.2 6.6 3.3 11.2 14:03 W 7.8 17.2 23:16 12 19.1 23.0 13:43 14.7 05:04 62 1015.6 2.8 3.7 10.7 15:33 W 3.1 14.5 05:34 13 19.3 24.7 15:44 13.5 03:35 66 1018.5 0.0 2.4 10.0 08:33 W 3.6 14.0 01:20 14 20.7 28.5 14:00 13.1 04:15 64 1021.0 0.0 1.0 5.4 09:25 N-NW 4.9 12.6 04:31 15 22.5 29.8 13:53 14.5 03:54 58 1020.2 0.0 1.1 5.4 13:42 E 6.0 13.6 01:29 16 23.5 31.1 13:59 15.1 03:31 61 1019.5 0.0 1.1 9.0 15:24 W 5.9 14.2 03:05 17 23.4 31.3 14:02 16.8 05:00 62 1018.7 0.0 0.9 6.4 09:58 W 6.7 15.5 23:54 18 25.2 32.3 13:46 15.7 03:22 57 1015.4 0.0 1.5 8.3 16:04 SE 6.8 14.5 04:06 19 19.2 25.2 10:04 16.9 19:27 76 1017.8 2.8 2.8 10.8 11:34 W 1.1 16.6 00:48 20 16.7 22.8 13:55 12.5 23:56 73 1019.7 4.4 1.9 9.0 14:42 W 2.9 11.2 23:50 21 16.4 23.7 13:27 9.7 04:29 65 1020.6 0.1 1.8 8.9 14:49 W 3.6 8.9 04:50 22 16.5 22.9 11:42 8.5 04:55 65 1018.9 0.0 1.2 7.0 11:38 W 3.3 7.9 04:56 23 15.3 23.5 14:19 9.7 23:58 64 1018.4 0.0 0.7 6.8 12:13 W 4.3 8.8 03:01 24 19.6 27.6 13:55 7.5 05:05 59 1017.8 0.0 0.9 4.5 11:49 E 5.6 7.0 05:04 25 21.3 30.0 14:25 14.8 02:49 66 1018.3 0.0 1.0 3.6 14:30 E-SE 5.7 13.9 01:26 26 23.1 31.9 14:40 15.7 05:34 69 1016.1 0.0 0.6 5.0 11:59 S-SW 5.7 15.1 01:52 27 22.9 32.8 13:40 17.2 01:50 70 1015.1 4.5 0.9 14.9 17:09 W 6.8 16.4 00:01 28 20.2 26.2 13:38 14.0 23:59 56 1018.1 0.0 2.2 7.4 12:24 N-NW 4.9 12.0 23:59 29 17.5 25.9 14:14 9.5 05:34 67 1018.5 0.0 1.0 4.9 13:26 E 4.7 8.9 05:22 30 20.5 28.4 13:47 10.9 04:26 57 1016.0 0.0 1.9 8.4 12:53 E 5.8 10.0 04:24 31 22.7 31.7 13:41 14.4 05:00 55 1013.5 0.0 1.3 7.8 14:53 E 7.5 12.5 00:59 ------------------------------------------------------------------------------------------------------------------------------ Avg: 22.1 36.3 4 7.5 24 64 1017.2 29.9 1.9 32.8 10 W 168.1 Wind Run 5747.8 km Calm Values 4102 Calm in % 9.2 % Sun 341:25 h Distribution WD Values 40377 Distribution WD N-NO 4.238 % Distribution WD NO 2.415 % Distribution WD NO-O 7.158 % Distribution WD O 10.305 % Distribution WD O-SO 8.351 % Distribution WD SO 6.680 % Distribution WD SO-S 2.754 % Distribution WD S 3.173 % Distribution WD S-SW 2.818 % Distribution WD SW 2.719 % Distribution WD SW-W 4.480 % Distribution WD W 14.097 % Distribution WD W-NW 11.031 % Distribution WD NW 3.487 % Distribution WD NW-N 10.038 % Distribution WD N 6.256 % Rain days >0.0 mm Month 9 Rain days >2.0 mm Month 6 Rain days >20.0 mm Month 0 Ice days max < 0°C 0 Cold days min < 0°C 0 Cool days max < 10°C 0 Summer days max >=25°C 24 Hot days max >=30°C 15 Last year same Month: Ice days max < 0°C 0 Last year same Month: Cold days min < 0°C 0 Last year same Month: Cool days max < 10°C 0 Last year same Month: Summer days max >=25°C 23 Last year same Month: Hot days max >=30°C 2 © 1999-2016 Werner Krenn / Mischa Thurnherr - Weatherstation Operating- and Data Acquisition Software - V2.98.3


  ©UMa Astronomy

Creative Commons License
Meteo by UMa Astronomy is licensed under a Creative Commons Attribution-NonCommercial-NoDerivs 3.0 Unported License.