Blahová 12/15/2019
 Last update: 16:33
Updated every 10 minutes
 Cold 
 Akt.temp: 5.1°C
 Max.temp: 6.9°C
 Min.temp: 1.0°C
 Devpoint: 2.1 °C
 Wind speed: 0.9m/s
 Wind direction: N-NE
 Max wind gust: 5.0m/s
 Precipitation: 0.0mm
 Pressure: 1011.3 hPa
 P.tendency: +0.7 hPa/3h
 Humidity: 81%
 Abs.humidity: 5.54 g/m3
Ground temperature
Min.temp 1.1°C /07:46
Akt.temp
3.9°C

2019: Jan | Feb | Mar | Apr | May | Jun | Jul | Aug | Sep | Oct | Nov | Dec 
2018: Jan | Feb | Mar | Apr | May | Jun | Jul | Aug | Sep | Oct | Nov | Dec 
2017: Jan | Feb | Mar | Apr | May | Jun | Jul | Aug | Sep | Oct | Nov | Dec 
2016: Jan | Feb | Mar | Apr | May | Jun | Jul | Aug | Sep | Oct | Nov | Dec 
2015: Jan | Feb | Mar | Apr | May | Jun | Jul | Aug | Sep | Oct | Nov | Dec 
2014: Jan | Feb | Mar | Apr | May | Jun | Jul | Aug | Sep | Oct | Nov | Dec 
2013: Jan | Feb | Mar | Apr | May | Jun | Jul | Aug | Sep | Oct | Nov | Dec 
2012: Jan | Feb | Mar | Apr | May | Jun | Jul | Aug | Sep | Oct | Nov | Dec 
2011: Jan | Feb | Mar | Apr | May | Jun | Jul | Aug | Sep | Oct | Nov | Dec 
2010: Jan | Feb | Mar | Apr | May | Jun | Jul | Aug | Sep | Oct | Nov | Dec 
2009: Jan | Feb | Mar | Apr | May | Jun | Jul | Aug | Sep | Oct | Nov | Dec 
2008: Jan | Feb | Mar | Apr | May | Jun | Jul | Aug | Sep | Oct | Nov | Dec 
2007: Jan | Feb | Mar | Apr | May | Jun | Jul | Aug | Sep | Oct | Nov | Dec 

Report for 2017 09
MONTHLY CLIMATOLOGICAL SUMMARY for September 2017 CITY: Blahová ELEV: 119 m LAT: 48° 5' 7" North LONG: 17° 32' 48" East TEMPERATURE (°C), BAROMETER (hPa), RAIN (mm), WIND SPEED (m/s) MEAN TEMPERATURE WIND DOM trans Ground DAY TEMP HIGH TIME LOW TIME HUM Baro Rain SPEED HIGH TIME DIR pirat min.temp time ------------------------------------------------------------------------------------------------------------------------------ 1 19.3 28.7 12:47 15.3 23:47 75 1012.8 0.0 3.0 9.6 19:14 W 2.9 14.8 04:05 2 16.6 21.0 12:56 13.1 23:55 67 1012.7 0.9 2.7 9.1 12:23 N-NW 2.4 13.1 22:56 3 14.9 17.1 15:20 12.5 04:37 73 1010.5 1.3 3.6 12.4 12:24 N-NW 1.6 12.6 02:01 4 14.0 21.5 13:35 9.4 22:57 68 1016.6 0.0 1.8 8.3 14:58 W 3.1 8.1 22:45 5 17.6 23.5 15:40 9.8 00:00 61 1017.8 0.0 2.3 8.9 14:23 W 3.8 7.6 05:13 6 18.0 24.5 12:57 11.0 05:50 75 1013.5 0.6 1.3 8.7 17:35 W 2.5 9.0 05:31 7 14.8 20.6 12:01 10.0 23:59 62 1015.7 0.0 1.1 9.3 10:48 W 2.9 7.7 22:46 8 15.6 23.7 13:25 6.6 03:58 67 1012.9 0.1 1.4 8.1 12:43 SE 3.6 6.2 04:29 9 20.6 26.6 13:40 11.4 03:17 65 1004.1 0.0 3.0 13.3 13:05 SE 4.3 10.0 01:19 10 20.5 27.3 14:17 14.2 05:09 69 1006.0 0.0 1.4 7.6 11:23 SE 4.3 12.1 05:00 11 17.0 22.5 11:19 13.9 06:03 81 1003.8 2.7 2.1 9.7 21:44 S 1.1 12.6 05:16 12 14.9 19.9 11:16 12.1 22:46 74 1009.6 0.8 2.1 11.3 13:52 W-NW 1.7 10.2 22:57 13 18.1 22.5 12:43 9.8 05:33 62 1013.3 0.0 3.6 13.1 14:38 S 3.5 8.0 05:38 14 17.4 27.2 14:14 11.6 03:31 63 1009.6 0.1 4.4 20.3 17:12 SE 4.5 9.9 03:39 15 14.6 19.3 13:33 11.3 05:44 67 1015.7 0.0 1.7 8.5 08:52 S 2.4 8.2 05:43 16 15.3 19.2 15:17 11.4 03:26 78 1012.0 17.2 1.5 5.4 21:09 E 1.5 11.7 03:29 17 12.6 14.3 09:35 10.5 22:58 81 1011.4 21.2 1.0 5.3 21:35 W 0.6 9.0 23:51 18 13.5 18.3 12:03 7.2 05:23 77 1016.3 0.1 0.1 4.2 13:54 S-SW 1.7 6.2 05:36 19 12.0 13.3 11:19 11.3 05:34 80 1011.8 9.9 2.0 6.5 15:42 N-NW 0.7 11.5 04:03 20 12.4 13.5 15:13 11.3 03:38 76 1013.7 12.5 3.6 12.6 15:52 W-NW 0.9 10.9 20:20 21 11.6 12.3 00:00 11.2 09:19 80 1016.2 13.9 2.7 9.8 04:12 W-NW 0.6 10.6 05:18 22 12.3 17.4 12:01 9.1 23:53 80 1019.8 1.5 0.9 7.2 11:57 W 1.1 7.5 23:56 23 12.2 13.9 14:50 8.2 03:26 81 1019.6 1.0 1.4 6.0 08:16 W 0.7 6.7 03:46 24 11.5 15.0 15:19 9.3 20:46 81 1020.7 0.0 0.2 2.9 09:02 W 0.7 8.5 20:39 25 12.9 19.2 14:17 8.6 04:44 79 1022.7 0.1 0.7 4.1 11:52 E-NE 1.6 8.4 04:14 26 15.8 22.3 13:03 12.1 03:48 75 1023.9 0.0 0.6 4.8 15:02 N-NE 2.5 10.9 21:16 27 15.8 21.1 13:53 11.2 04:04 75 1026.3 0.0 0.9 5.2 09:57 E 2.2 9.7 04:17 28 13.2 20.3 13:05 10.1 05:30 75 1028.6 0.0 0.8 4.5 13:37 E 2.1 8.0 22:02 29 13.3 19.2 14:14 8.1 04:04 69 1026.5 0.1 1.3 4.9 10:46 E 2.5 7.2 04:20 30 10.8 18.1 13:57 6.1 06:19 69 1023.1 0.1 1.7 8.4 13:32 E 2.4 5.5 23:57 ------------------------------------------------------------------------------------------------------------------------------ Avg: 15.0 28.7 1 6.1 30 73 1015.6 84.2 1.8 20.3 14 W 66.6 Wind Run 6336.8 km Calm Values 4782 Calm in % 11.1 % Sun 190:48 h Distribution WD Values 38429 Distribution WD N-NO 2.644 % Distribution WD NO 1.444 % Distribution WD NO-O 5.472 % Distribution WD O 8.559 % Distribution WD O-SO 6.107 % Distribution WD SO 6.409 % Distribution WD SO-S 3.242 % Distribution WD S 5.290 % Distribution WD S-SW 5.342 % Distribution WD SW 4.676 % Distribution WD SW-W 6.789 % Distribution WD W 16.173 % Distribution WD W-NW 12.917 % Distribution WD NW 3.659 % Distribution WD NW-N 7.445 % Distribution WD N 3.830 % Rain days >0.0 mm Month 18 Rain days >2.0 mm Month 6 Rain days >20.0 mm Month 1 Ice days max < 0°C 0 Cold days min < 0°C 0 Cool days max < 10°C 0 Summer days max >=25°C 4 Hot days max >=30°C 0 Last year same Month: Ice days max < 0°C 0 Last year same Month: Cold days min < 0°C 0 Last year same Month: Cool days max < 10°C 0 Last year same Month: Summer days max >=25°C 16 Last year same Month: Hot days max >=30°C 6 © 1999-2016 Werner Krenn / Mischa Thurnherr - Weatherstation Operating- and Data Acquisition Software - V2.98.3


  ©UMa Astronomy

Creative Commons License
Meteo by UMa Astronomy is licensed under a Creative Commons Attribution-NonCommercial-NoDerivs 3.0 Unported License.