Blahová 11/18/2019
 Last update: 19:43
Updated every 10 minutes
 Cold 
 Akt.temp: 6.7°C
 Max.temp: 14.1°C
 Min.temp: 6.7°C
 Devpoint: 3.1 °C
 Wind speed: 1.5m/s
 Wind direction: SE
 Max wind gust: 8.4m/s
 Precipitation: 0.3mm
 Pressure: 1015.7 hPa
 P.tendency: +2.8 hPa/3h
 Humidity: 78%
 Abs.humidity: 5.93 g/m3
Ground temperature
Min.temp 4.0°C /19:43
Akt.temp
4.0°C

2019: Jan | Feb | Mar | Apr | May | Jun | Jul | Aug | Sep | Oct | Nov | Dec 
2018: Jan | Feb | Mar | Apr | May | Jun | Jul | Aug | Sep | Oct | Nov | Dec 
2017: Jan | Feb | Mar | Apr | May | Jun | Jul | Aug | Sep | Oct | Nov | Dec 
2016: Jan | Feb | Mar | Apr | May | Jun | Jul | Aug | Sep | Oct | Nov | Dec 
2015: Jan | Feb | Mar | Apr | May | Jun | Jul | Aug | Sep | Oct | Nov | Dec 
2014: Jan | Feb | Mar | Apr | May | Jun | Jul | Aug | Sep | Oct | Nov | Dec 
2013: Jan | Feb | Mar | Apr | May | Jun | Jul | Aug | Sep | Oct | Nov | Dec 
2012: Jan | Feb | Mar | Apr | May | Jun | Jul | Aug | Sep | Oct | Nov | Dec 
2011: Jan | Feb | Mar | Apr | May | Jun | Jul | Aug | Sep | Oct | Nov | Dec 
2010: Jan | Feb | Mar | Apr | May | Jun | Jul | Aug | Sep | Oct | Nov | Dec 
2009: Jan | Feb | Mar | Apr | May | Jun | Jul | Aug | Sep | Oct | Nov | Dec 
2008: Jan | Feb | Mar | Apr | May | Jun | Jul | Aug | Sep | Oct | Nov | Dec 
2007: Jan | Feb | Mar | Apr | May | Jun | Jul | Aug | Sep | Oct | Nov | Dec 

Report for 2017 10
MONTHLY CLIMATOLOGICAL SUMMARY for October 2017 CITY: Blahova ELEV: 117 m LAT: 48° 2' 0" North LONG: 17° 6' 0" East TEMPERATURE (°C), BAROMETER (hPa), RAIN (mm), WIND SPEED (m/s) MEAN TEMPERATURE WIND DOM trans Ground DAY TEMP HIGH TIME LOW TIME HUM Baro Rain SPEED HIGH TIME DIR pirat min.temp time ------------------------------------------------------------------------------------------------------------------------------ 1 10.0 18.5 14:35 4.7 05:45 68 1019.1 0.0 1.1 7.3 13:00 E-SE 2.5 3.6 06:45 2 10.3 18.7 14:15 2.6 05:50 69 1017.3 0.0 1.8 6.3 13:20 SE 2.5 2.7 06:35 3 11.4 14.0 13:04 8.5 00:50 81 1013.4 5.6 1.9 8.4 18:29 E 0.7 8.0 00:00 4 12.7 18.9 14:19 7.5 05:09 74 1016.7 0.1 1.9 5.5 12:24 S 2.1 6.2 06:34 5 16.8 20.9 15:19 11.4 00:19 68 1004.0 0.2 3.7 9.9 23:22 W 1.3 10.2 00:19 6 11.3 15.3 11:32 9.0 19:33 67 1008.4 0.0 3.1 13.2 00:51 W 1.7 8.0 19:22 7 11.0 15.4 14:00 7.8 23:57 73 1012.5 0.0 2.0 8.9 10:41 W 1.6 7.3 22:16 8 11.8 14.1 10:48 7.3 00:24 76 1008.8 0.2 2.4 9.5 11:11 W 1.1 6.8 00:50 9 8.4 15.0 14:04 4.4 06:20 75 1013.1 0.1 1.0 7.6 11:31 W 1.6 4.9 06:12 10 12.6 16.7 15:02 8.2 00:00 73 1013.9 0.1 1.0 6.4 12:41 S-SW 1.1 7.3 05:06 11 14.3 20.5 13:18 9.8 23:58 75 1017.5 0.0 1.5 8.4 10:31 S-SW 2.2 8.8 23:58 12 15.0 21.7 13:50 5.9 05:54 70 1021.5 0.1 1.5 8.6 14:11 W 2.5 6.6 04:55 13 13.9 19.9 13:37 8.3 06:22 70 1025.0 0.0 1.9 10.1 13:54 W 2.5 7.2 06:14 14 12.1 19.4 12:14 8.1 23:22 76 1027.2 0.0 0.7 7.7 11:41 W 1.8 7.2 23:58 15 13.1 22.4 14:33 6.2 06:32 75 1027.2 0.1 0.1 2.4 14:46 S 2.5 5.8 06:03 16 13.1 22.6 14:05 7.7 06:22 76 1026.3 0.2 0.3 3.9 12:41 N-NE 2.3 6.8 06:12 17 14.0 22.5 14:02 6.9 05:42 75 1023.0 0.1 0.3 3.3 15:21 E 2.4 6.0 05:09 18 14.2 23.4 14:52 8.1 23:55 72 1015.2 0.1 1.3 6.3 15:11 E 3.2 7.3 23:59 19 11.2 19.1 14:09 5.7 06:29 77 1015.7 0.2 0.6 3.5 12:42 W 1.6 5.2 05:44 20 9.4 10.7 14:41 4.0 03:26 83 1017.2 0.1 0.2 2.7 16:30 S-SW 0.5 3.7 03:23 21 10.4 13.3 14:56 9.1 05:22 83 1016.7 0.9 0.5 5.9 10:09 S-SW 0.5 8.8 18:06 22 10.3 12.1 10:23 9.6 23:54 81 1013.7 7.8 1.2 7.9 12:21 W-NW 0.6 9.4 23:43 23 9.6 10.0 21:28 8.5 06:13 76 1012.0 18.1 4.4 10.4 22:22 W-NW 0.6 8.1 06:48 24 9.2 13.9 12:11 5.9 23:36 75 1022.4 0.0 3.4 12.7 10:30 N-NW 1.1 4.2 23:18 25 9.7 14.1 15:01 3.5 04:52 78 1023.7 0.0 1.0 4.1 13:57 S-SW 0.8 2.8 04:31 26 11.8 17.4 14:32 6.5 00:37 77 1022.0 0.0 0.9 3.1 23:31 S 1.2 5.5 05:52 27 9.9 13.3 11:19 7.4 06:15 75 1015.6 4.2 4.0 12.2 11:50 W 0.7 5.4 06:03 28 9.4 10.9 13:01 8.1 04:05 74 1013.0 0.3 2.2 10.1 15:42 W 0.7 7.5 03:42 29 8.3 13.0 10:26 6.0 23:56 71 998.9 14.3 5.7 20.8 15:31 W 1.3 5.6 23:56 30 6.4 10.1 12:36 4.3 05:32 68 1015.2 0.0 4.3 16.1 15:22 W 0.9 3.6 05:24 31 6.0 8.9 12:06 3.0 03:44 79 1020.2 0.1 1.7 6.9 00:51 W 0.6 2.5 03:38 ------------------------------------------------------------------------------------------------------------------------------ Avg: 11.2 23.4 18 2.6 2 74 1016.7 53.1 1.9 20.8 29 W 46.4 Wind Run 6612.7km Calm Values 0 Calm in % 0.0% Sun 175:08 h Distribution WD Values 38602 Distribution WD N-NO 2.466% Distribution WD NO 1.539% Distribution WD NO-O 3.285% Distribution WD O 4.940% Distribution WD O-SO 3.119% Distribution WD SO 3.337% Distribution WD SO-S 2.707% Distribution WD S 7.583% Distribution WD S-SW 10.753% Distribution WD SW 7.816% Distribution WD SW-W 8.831% Distribution WD W 18.758% Distribution WD W-NW 13.396% Distribution WD NW 3.624% Distribution WD NW-N 5.406% Distribution WD N 2.440% Rain days >0.0 mm Month 20 Rain days >2.0 mm Month 5 Rain days >20.0 mm Month 0 Ice days max < 0°C 0 Cold days min < 0°C 0 Cool days max < 10°C 1 Summer days max >=25°C 0 Hot days max >=30°C 0 Last year same Month: Ice days max < 0°C 0 Last year same Month: Cold days min < 0°C 1 Last year same Month: Cool days max < 10°C 1 Last year same Month: Summer days max >=25°C 0 Last year same Month: Hot days max >=30°C 0 © 1999-2017 Werner Krenn / Mischa Thurnherr - Weatherstation Operating- and Data Acquisition Software - V2.98.8


  ©UMa Astronomy

Creative Commons License
Meteo by UMa Astronomy is licensed under a Creative Commons Attribution-NonCommercial-NoDerivs 3.0 Unported License.