Blahová 11/12/2019
 Last update: 17:38
Updated every 10 minutes
 Cold 
 Akt.temp: 8.7°C
 Max.temp: 10.1°C
 Min.temp: 6.1°C
 Devpoint: 5.1 °C
 Wind speed: 0.8m/s
 Wind direction: N-NW
 Max wind gust: 6.7m/s
 Precipitation: 12.2mm
 Pressure: 1004.8 hPa
 P.tendency: -1.2 hPa/3h
 Humidity: 78%
 Abs.humidity: 6.75 g/m3
Ground temperature
Min.temp 6.1°C /06:05
Akt.temp
9.2°C

2019: Jan | Feb | Mar | Apr | May | Jun | Jul | Aug | Sep | Oct | Nov | Dec 
2018: Jan | Feb | Mar | Apr | May | Jun | Jul | Aug | Sep | Oct | Nov | Dec 
2017: Jan | Feb | Mar | Apr | May | Jun | Jul | Aug | Sep | Oct | Nov | Dec 
2016: Jan | Feb | Mar | Apr | May | Jun | Jul | Aug | Sep | Oct | Nov | Dec 
2015: Jan | Feb | Mar | Apr | May | Jun | Jul | Aug | Sep | Oct | Nov | Dec 
2014: Jan | Feb | Mar | Apr | May | Jun | Jul | Aug | Sep | Oct | Nov | Dec 
2013: Jan | Feb | Mar | Apr | May | Jun | Jul | Aug | Sep | Oct | Nov | Dec 
2012: Jan | Feb | Mar | Apr | May | Jun | Jul | Aug | Sep | Oct | Nov | Dec 
2011: Jan | Feb | Mar | Apr | May | Jun | Jul | Aug | Sep | Oct | Nov | Dec 
2010: Jan | Feb | Mar | Apr | May | Jun | Jul | Aug | Sep | Oct | Nov | Dec 
2009: Jan | Feb | Mar | Apr | May | Jun | Jul | Aug | Sep | Oct | Nov | Dec 
2008: Jan | Feb | Mar | Apr | May | Jun | Jul | Aug | Sep | Oct | Nov | Dec 
2007: Jan | Feb | Mar | Apr | May | Jun | Jul | Aug | Sep | Oct | Nov | Dec 

Report for 2017 12
MONTHLY CLIMATOLOGICAL SUMMARY for December 2017 CITY: Blahova ELEV: 117 m LAT: 48° 2' 0" North LONG: 17° 6' 0" East TEMPERATURE (°C), BAROMETER (hPa), RAIN (mm), WIND SPEED (m/s) MEAN TEMPERATURE WIND DOM trans Ground DAY TEMP HIGH TIME LOW TIME HUM Baro Rain SPEED HIGH TIME DIR pirat min.temp time ------------------------------------------------------------------------------------------------------------------------------ 1 -2.6 2.9 13:02 -7.2 21:50 78 1011.5 0.0 0.7 2.8 02:43 S-SE 0.3 -7.9 21:44 2 -3.9 0.4 13:48 -6.0 08:22 79 1018.7 0.0 0.7 2.8 00:43 W 0.3 -7.3 21:44 3 -1.5 1.7 11:56 -6.0 02:38 78 1018.1 0.0 2.8 9.0 14:03 W-NW 0.3 -6.6 01:14 4 0.8 2.4 14:22 -3.0 00:42 81 1018.6 0.2 2.3 8.2 21:53 W 0.3 -3.5 00:32 5 1.9 3.7 18:40 -1.3 04:36 82 1024.6 0.6 2.6 10.2 18:43 W 0.3 -3.4 07:22 6 4.1 5.2 11:54 2.8 22:48 79 1025.0 0.0 3.0 8.4 07:43 W 0.4 2.6 22:44 7 1.4 4.2 13:08 -1.4 22:48 81 1021.4 0.0 1.4 5.1 01:12 E 0.3 -3.3 23:14 8 0.6 1.8 12:10 -1.6 01:38 80 1008.7 3.1 1.3 6.5 07:32 E-NE 0.3 -3.4 00:50 9 1.8 3.8 11:34 -0.7 23:50 75 1007.7 0.1 3.8 11.8 12:13 W 0.4 -1.0 23:58 10 1.1 4.2 22:58 -3.2 07:58 72 1003.9 0.0 4.5 19.5 18:03 SE 0.5 -4.1 07:52 11 9.9 13.9 22:36 4.2 00:00 70 995.0 0.0 7.3 21.1 21:42 SE 0.9 4.5 00:00 12 8.5 15.0 06:22 4.0 23:58 74 1004.8 7.2 3.4 16.7 00:13 W 0.5 3.8 23:58 13 2.9 5.7 14:16 0.8 18:22 79 1013.5 0.0 1.6 5.9 23:08 W 0.5 -0.8 17:50 14 3.7 5.7 14:04 0.9 00:04 79 1000.5 0.1 2.0 9.1 01:23 E-SE 0.4 0.4 00:08 15 5.2 6.9 13:38 3.9 00:00 77 996.3 0.0 1.4 6.2 02:48 W 0.5 2.4 23:30 16 3.1 4.1 00:00 -0.4 23:33 79 1002.2 0.0 1.7 7.5 12:46 W 0.4 -2.0 22:20 17 0.7 4.9 13:42 -2.9 07:47 80 1015.2 0.0 0.9 5.1 08:44 W 0.4 -4.4 07:50 18 -0.5 2.9 12:34 -3.7 07:30 81 1019.3 0.1 1.8 5.1 20:26 W-NW 0.3 -4.5 07:16 19 -2.0 0.5 11:42 -5.1 08:06 80 1026.2 0.0 1.8 6.2 13:06 W 0.3 -5.9 08:02 20 -2.3 0.5 19:50 -5.5 02:48 81 1027.2 0.0 0.7 3.8 19:51 N-NW 0.2 -6.6 02:20 21 0.6 4.2 23:06 -3.7 00:40 80 1027.1 4.3 1.4 5.1 22:06 S 0.3 -5.2 00:44 22 5.0 6.9 12:32 2.5 03:22 78 1026.3 0.0 1.9 8.3 01:56 W 0.4 1.1 03:16 23 5.9 8.4 22:12 3.3 07:44 77 1023.9 0.8 2.9 8.4 20:26 W 0.5 2.8 07:52 24 7.6 9.8 12:44 4.2 23:50 77 1021.7 0.0 3.8 13.4 03:16 W 0.6 2.6 23:50 25 4.0 8.4 12:36 1.3 22:42 79 1019.5 0.0 1.5 6.8 02:44 W 0.5 -0.9 20:34 26 2.2 6.5 12:40 0.6 19:26 77 1009.2 0.2 1.3 4.2 09:36 E-NE 0.3 -0.4 03:32 27 5.3 11.4 12:16 -0.1 02:40 77 996.2 0.2 3.0 13.0 11:36 SE 0.7 0.1 02:36 28 5.2 8.2 00:00 1.3 21:56 79 991.7 24.2 2.9 11.1 23:56 W 0.4 0.7 22:34 29 1.2 3.7 12:56 -3.3 23:56 76 1005.4 7.1 4.4 13.9 02:16 W 0.5 -4.3 23:44 30 -0.1 2.0 12:30 -3.6 00:18 80 1007.8 0.0 1.2 4.7 19:36 E-SE 0.3 -4.5 00:12 31 2.3 6.5 14:44 0.3 21:46 75 1010.2 12.6 0.8 3.3 18:44 E-NE 0.5 -0.4 22:28 ------------------------------------------------------------------------------------------------------------------------------ Avg: 2.3 15.0 12 -7.2 1 78 1012.8 61.0 2.3 21.1 11 W 12.7 Wind Run 7495.0km Calm Values 0 Calm in % 0.0% Sun 82:25 h Distribution WD Values 44605 Distribution WD N-NO 1.069% Distribution WD NO 0.697% Distribution WD NO-O 4.441% Distribution WD O 5.614% Distribution WD O-SO 5.591% Distribution WD SO 8.246% Distribution WD SO-S 3.986% Distribution WD S 4.634% Distribution WD S-SW 4.168% Distribution WD SW 6.412% Distribution WD SW-W 8.459% Distribution WD W 24.148% Distribution WD W-NW 14.635% Distribution WD NW 2.706% Distribution WD NW-N 4.083% Distribution WD N 1.112% Rain days >0.0 mm Month 14 Rain days >2.0 mm Month 6 Rain days >20.0 mm Month 1 Ice days max < 0°C 0 Cold days min < 0°C 18 Cool days max < 10°C 28 Summer days max >=25°C 0 Hot days max >=30°C 0 Last year same Month: Ice days max < 0°C - - Last year same Month: Cold days min < 0°C - - Last year same Month: Cool days max < 10°C - - Last year same Month: Summer days max >=25°C - - Last year same Month: Hot days max >=30°C - - © 1999-2017 Werner Krenn / Mischa Thurnherr - Weatherstation Operating- and Data Acquisition Software - V2.98.8


  ©UMa Astronomy

Creative Commons License
Meteo by UMa Astronomy is licensed under a Creative Commons Attribution-NonCommercial-NoDerivs 3.0 Unported License.