Blahová 12/15/2019
 Last update: 15:58
Updated every 10 minutes
 Cold 
 Akt.temp: 5.6°C
 Max.temp: 6.9°C
 Min.temp: 1.0°C
 Devpoint: 2.4 °C
 Wind speed: 0.9m/s
 Wind direction: NE
 Max wind gust: 5.0m/s
 Precipitation: 0.0mm
 Pressure: 1010.9 hPa
 P.tendency: +0.8 hPa/3h
 Humidity: 80%
 Abs.humidity: 5.66 g/m3
Ground temperature
Min.temp 1.1°C /07:46
Akt.temp
4.4°C

2019: Jan | Feb | Mar | Apr | May | Jun | Jul | Aug | Sep | Oct | Nov | Dec 
2018: Jan | Feb | Mar | Apr | May | Jun | Jul | Aug | Sep | Oct | Nov | Dec 
2017: Jan | Feb | Mar | Apr | May | Jun | Jul | Aug | Sep | Oct | Nov | Dec 
2016: Jan | Feb | Mar | Apr | May | Jun | Jul | Aug | Sep | Oct | Nov | Dec 
2015: Jan | Feb | Mar | Apr | May | Jun | Jul | Aug | Sep | Oct | Nov | Dec 
2014: Jan | Feb | Mar | Apr | May | Jun | Jul | Aug | Sep | Oct | Nov | Dec 
2013: Jan | Feb | Mar | Apr | May | Jun | Jul | Aug | Sep | Oct | Nov | Dec 
2012: Jan | Feb | Mar | Apr | May | Jun | Jul | Aug | Sep | Oct | Nov | Dec 
2011: Jan | Feb | Mar | Apr | May | Jun | Jul | Aug | Sep | Oct | Nov | Dec 
2010: Jan | Feb | Mar | Apr | May | Jun | Jul | Aug | Sep | Oct | Nov | Dec 
2009: Jan | Feb | Mar | Apr | May | Jun | Jul | Aug | Sep | Oct | Nov | Dec 
2008: Jan | Feb | Mar | Apr | May | Jun | Jul | Aug | Sep | Oct | Nov | Dec 
2007: Jan | Feb | Mar | Apr | May | Jun | Jul | Aug | Sep | Oct | Nov | Dec 

Report for 2018 01
MONTHLY CLIMATOLOGICAL SUMMARY for January 2018 CITY: Blahova ELEV: 117 m LAT: 48° 2' 0" North LONG: 17° 6' 0" East TEMPERATURE (°C), BAROMETER (hPa), RAIN (mm), WIND SPEED (m/s) MEAN TEMPERATURE WIND DOM trans Ground DAY TEMP HIGH TIME LOW TIME HUM Baro Rain SPEED HIGH TIME DIR pirat min.temp time ------------------------------------------------------------------------------------------------------------------------------ 1 2.9 5.0 13:52 0.6 00:12 76 1006.8 0.1 0.8 4.9 04:36 E-NE 0.4 -0.2 00:30 2 4.6 7.8 14:42 2.4 00:00 78 1008.2 0.0 2.5 8.7 14:32 W 0.5 1.4 23:54 3 4.2 6.5 18:44 0.6 03:22 77 1000.3 2.0 2.8 12.5 12:36 SE 0.4 -1.5 03:20 4 6.6 9.4 11:34 3.9 03:16 74 1001.3 0.1 2.3 8.8 06:42 SE 0.8 3.1 03:18 5 6.4 8.8 14:36 4.5 08:33 75 1005.1 2.0 1.3 5.0 19:20 SE 0.5 3.8 08:36 6 6.8 11.9 14:27 2.2 07:33 74 1009.9 0.1 1.6 6.4 17:02 E-NE 0.8 0.2 07:44 7 5.1 6.5 23:56 1.3 04:06 75 1021.2 0.1 0.5 3.4 00:37 E 0.5 1.2 03:13 8 6.9 9.5 14:56 5.6 05:43 72 1026.1 0.0 0.4 5.1 12:04 E 0.6 5.0 05:26 9 6.7 8.4 12:33 3.6 05:43 77 1023.3 0.0 2.5 7.8 20:31 E 0.5 2.0 05:29 10 4.2 6.1 00:00 4.0 18:51 75 1014.0 5.0 1.3 6.8 04:44 E 0.4 3.8 08:09 11 4.6 6.8 12:16 3.4 19:49 74 1014.8 0.1 1.2 3.9 20:29 W 0.6 1.8 19:44 12 4.3 5.7 12:37 1.5 04:37 73 1023.0 1.3 1.3 3.9 00:00 W 0.5 0.4 04:22 13 2.6 4.5 00:00 1.7 23:31 74 1026.3 2.4 1.7 5.7 12:56 E-NE 0.4 1.6 22:08 14 -0.6 1.7 00:00 -1.6 21:39 76 1027.5 1.5 2.2 7.1 05:59 E 0.3 -2.9 21:42 15 -1.4 -0.1 14:58 -2.0 23:44 80 1022.3 0.1 2.8 9.1 21:00 E-SE 0.2 -1.7 04:00 16 -1.4 -0.6 16:00 -2.2 02:48 79 1001.8 1.0 2.0 10.2 04:59 E 0.2 -2.7 21:46 17 0.6 3.5 15:23 -3.0 01:14 77 1000.4 1.0 2.0 15.6 22:37 W 0.4 -3.7 07:29 18 3.8 6.4 23:10 0.1 01:17 72 1004.3 0.1 3.4 11.6 17:20 S 0.5 -0.2 01:06 19 3.0 6.8 13:37 0.1 19:00 79 1008.5 1.3 1.9 9.6 01:12 S-SW 0.5 -1.2 18:56 20 1.0 3.1 14:16 -2.1 05:17 77 1008.7 1.6 1.5 4.2 23:46 E-SE 0.4 -2.9 05:15 21 0.8 2.3 13:23 -0.7 23:55 77 1009.5 3.0 2.5 8.1 19:10 W-NW 0.4 -1.5 23:41 22 -0.3 1.3 11:28 -3.5 05:45 80 1014.0 0.0 1.4 7.8 01:25 E 0.3 -4.2 05:53 23 0.5 0.9 20:36 -0.5 08:27 77 1025.1 0.9 0.4 3.4 01:48 E 0.3 -0.3 07:09 24 2.8 5.9 15:19 0.5 04:09 74 1027.5 0.0 2.0 5.1 17:45 E 0.5 -0.1 04:27 25 1.4 5.3 13:55 -0.1 21:05 78 1022.2 0.0 3.3 7.8 21:54 E 0.4 -0.4 07:28 26 1.5 3.5 13:22 0.0 23:27 82 1020.6 0.0 1.8 6.7 02:24 E 0.3 -1.3 23:38 27 2.7 4.4 14:28 -0.9 02:22 79 1030.6 0.0 0.9 3.2 15:26 W 0.3 -2.1 01:55 28 3.6 6.5 14:28 1.2 09:37 79 1030.8 0.0 1.5 8.5 11:51 S 0.4 0.3 03:27 29 6.3 15.0 14:15 2.9 21:45 76 1023.2 0.0 1.7 11.4 23:49 S 1.3 1.6 21:32 30 4.5 9.7 00:20 0.3 23:03 71 1025.5 0.0 2.7 11.5 06:54 W 1.0 -1.7 22:37 31 1.6 4.1 14:58 -2.3 03:39 80 1015.5 0.0 1.2 4.0 13:24 E 0.3 -3.3 03:32 ------------------------------------------------------------------------------------------------------------------------------ Avg: 3.1 15.0 29 -3.5 22 76 1016.1 23.9 1.8 15.6 17 E 15.2 Wind Run 6210.5km Calm Values 0 Calm in % 0.0% Sun 52:28 h Distribution WD Values 44601 Distribution WD N-NO 4.152% Distribution WD NO 3.504% Distribution WD NO-O 13.715% Distribution WD O 18.080% Distribution WD O-SO 10.421% Distribution WD SO 7.390% Distribution WD SO-S 3.092% Distribution WD S 4.962% Distribution WD S-SW 5.235% Distribution WD SW 4.157% Distribution WD SW-W 4.426% Distribution WD W 8.204% Distribution WD W-NW 4.977% Distribution WD NW 1.417% Distribution WD NW-N 3.338% Distribution WD N 2.928% Rain days >0.0 mm Month 19 Rain days >2.0 mm Month 3 Rain days >20.0 mm Month 0 Ice days max < 0°C 2 Cold days min < 0°C 11 Cool days max < 10°C 29 Summer days max >=25°C 0 Hot days max >=30°C 0 Last year same Month: Ice days max < 0°C 21 Last year same Month: Cold days min < 0°C 31 Last year same Month: Cool days max < 10°C 31 Last year same Month: Summer days max >=25°C 0 Last year same Month: Hot days max >=30°C 0 © 1999-2017 Werner Krenn / Mischa Thurnherr - Weatherstation Operating- and Data Acquisition Software - V2.98.8


  ©UMa Astronomy

Creative Commons License
Meteo by UMa Astronomy is licensed under a Creative Commons Attribution-NonCommercial-NoDerivs 3.0 Unported License.