Blahová 11/13/2019
 Last update: 20:38
Updated every 10 minutes
 Cold 
 Akt.temp: 5.3°C
 Max.temp: 9.9°C
 Min.temp: 4.8°C
 Devpoint: 1.8 °C
 Wind speed: 1.7m/s
 Wind direction: W
 Max wind gust: 7.7m/s
 Precipitation: 11.8mm
 Pressure: 1005.5 hPa
 P.tendency: +3.9 hPa/3h
 Humidity: 78%
 Abs.humidity: 5.41 g/m3
Ground temperature
Min.temp 5.8°C /18:24
Akt.temp
6.5°C

2019: Jan | Feb | Mar | Apr | May | Jun | Jul | Aug | Sep | Oct | Nov | Dec 
2018: Jan | Feb | Mar | Apr | May | Jun | Jul | Aug | Sep | Oct | Nov | Dec 
2017: Jan | Feb | Mar | Apr | May | Jun | Jul | Aug | Sep | Oct | Nov | Dec 
2016: Jan | Feb | Mar | Apr | May | Jun | Jul | Aug | Sep | Oct | Nov | Dec 
2015: Jan | Feb | Mar | Apr | May | Jun | Jul | Aug | Sep | Oct | Nov | Dec 
2014: Jan | Feb | Mar | Apr | May | Jun | Jul | Aug | Sep | Oct | Nov | Dec 
2013: Jan | Feb | Mar | Apr | May | Jun | Jul | Aug | Sep | Oct | Nov | Dec 
2012: Jan | Feb | Mar | Apr | May | Jun | Jul | Aug | Sep | Oct | Nov | Dec 
2011: Jan | Feb | Mar | Apr | May | Jun | Jul | Aug | Sep | Oct | Nov | Dec 
2010: Jan | Feb | Mar | Apr | May | Jun | Jul | Aug | Sep | Oct | Nov | Dec 
2009: Jan | Feb | Mar | Apr | May | Jun | Jul | Aug | Sep | Oct | Nov | Dec 
2008: Jan | Feb | Mar | Apr | May | Jun | Jul | Aug | Sep | Oct | Nov | Dec 
2007: Jan | Feb | Mar | Apr | May | Jun | Jul | Aug | Sep | Oct | Nov | Dec 

Report for 2018 02
MONTHLY CLIMATOLOGICAL SUMMARY for February 2018 CITY: Blahova ELEV: 117 m LAT: 48° 2' 0" North LONG: 17° 6' 0" East TEMPERATURE (°C), BAROMETER (hPa), RAIN (mm), WIND SPEED (m/s) MEAN TEMPERATURE WIND DOM trans Ground DAY TEMP HIGH TIME LOW TIME HUM Baro Rain SPEED HIGH TIME DIR pirat min.temp time ------------------------------------------------------------------------------------------------------------------------------ 1 4.8 6.2 15:02 1.3 02:08 77 1003.6 0.1 2.5 8.4 17:37 E-NE 0.5 0.3 03:00 2 2.5 5.9 10:59 0.4 22:42 78 1006.7 0.7 1.0 8.5 14:49 W 0.4 -1.1 21:08 3 1.5 3.8 13:05 -0.8 07:46 79 1002.7 0.0 1.7 9.4 13:25 W 0.4 -1.7 07:42 4 0.7 6.3 13:54 -2.8 23:18 78 1014.2 0.0 1.2 5.7 11:47 W 0.5 -4.2 23:50 5 -0.2 5.0 13:32 -4.6 05:56 71 1022.3 0.0 1.2 5.1 16:57 N-NW 0.6 -5.9 07:06 6 -0.7 0.9 14:54 -2.5 05:46 79 1016.7 0.0 2.9 7.1 21:07 E 0.3 -2.0 06:52 7 0.7 1.7 19:08 -2.0 01:02 77 1009.7 9.1 2.6 7.2 14:17 E-NE 0.3 -1.8 03:34 8 1.0 2.1 14:38 -0.7 23:58 77 1012.5 4.4 4.0 8.8 14:47 W-NW 0.4 -0.9 23:54 9 -1.2 4.1 13:12 -4.0 07:04 79 1014.3 0.0 0.7 5.1 03:27 W 0.5 -4.9 06:52 10 -0.2 3.4 14:23 -1.7 20:53 79 1008.7 0.0 0.8 8.9 21:18 NW 0.4 -2.6 21:06 11 0.5 4.5 14:05 -5.1 04:52 78 1007.8 0.0 1.3 7.1 11:18 NW 0.5 -6.0 04:54 12 1.5 3.8 15:20 -0.6 04:50 80 1012.3 0.0 0.6 4.3 00:01 SE 0.3 -1.0 04:39 13 1.3 2.5 13:46 0.8 06:48 77 1013.1 5.5 2.3 6.0 05:14 N-NW 0.3 0.6 23:17 14 0.9 4.1 13:39 -0.8 23:45 79 1015.4 1.6 2.6 7.7 15:48 N-NW 0.4 -1.5 23:41 15 0.5 4.5 15:02 -2.0 06:59 77 1022.1 0.0 1.4 5.2 04:18 W-NW 0.5 -3.0 07:07 16 0.4 1.6 14:39 -1.6 23:54 81 1025.9 0.9 1.1 4.3 07:05 E-SE 0.3 -3.3 23:46 17 -0.4 1.3 14:32 -4.0 07:35 76 1022.0 2.1 2.3 7.2 18:14 E-NE 0.3 -5.1 03:54 18 1.0 4.8 13:09 -1.6 23:51 77 1025.1 2.4 2.2 8.6 13:59 N-NW 0.5 -2.9 23:11 19 -1.3 3.0 12:15 -5.2 06:54 77 1020.9 0.1 0.9 3.1 01:02 N-NE 0.5 -6.3 06:50 20 0.4 1.3 12:31 -1.2 01:50 78 1013.8 4.9 1.9 4.6 14:18 N 0.3 -0.8 02:12 21 0.7 3.3 13:04 -0.8 23:12 78 1016.1 0.4 3.4 13.1 19:42 N 0.3 -0.5 23:12 22 0.7 3.0 14:58 -0.6 00:00 77 1015.9 0.6 2.4 9.9 00:52 N 0.5 -0.2 00:06 23 0.0 2.6 14:55 -1.6 23:57 77 1017.6 0.2 3.8 9.4 23:11 N-NW 0.3 -0.9 23:55 24 -3.6 1.7 12:30 -6.4 23:59 69 1020.6 0.0 5.6 14.5 11:43 N-NW 0.5 -6.1 23:09 25 -7.2 -2.0 13:32 -9.9 23:52 64 1023.0 0.0 4.1 13.7 03:05 N-NW 0.5 -9.7 23:54 26 -7.1 -2.4 15:09 -11.4 03:39 62 1016.8 0.0 4.2 10.4 20:50 N-NW 0.5 -11.3 03:45 27 -7.9 -4.2 14:18 -9.5 23:59 66 1013.3 0.0 4.0 11.0 19:52 N-NW 0.4 -8.7 23:54 28 -8.7 -3.5 15:00 -11.8 06:45 69 1020.2 0.0 1.5 5.8 11:50 W 0.4 -12.1 23:57 ------------------------------------------------------------------------------------------------------------------------------ Avg: -0.7 6.3 4 -11.8 28 75 1015.5 33.1 2.3 14.5 24 N-NW 11.8 Wind Run 6448.1km Calm Values 0 Calm in % 0.0% Sun 115:17 h Distribution WD Values 40192 Distribution WD N-NO 5.573% Distribution WD NO 3.297% Distribution WD NO-O 5.591% Distribution WD O 4.411% Distribution WD O-SO 2.553% Distribution WD SO 3.172% Distribution WD SO-S 0.814% Distribution WD S 1.553% Distribution WD S-SW 1.515% Distribution WD SW 2.167% Distribution WD SW-W 3.356% Distribution WD W 11.336% Distribution WD W-NW 12.567% Distribution WD NW 7.312% Distribution WD NW-N 20.907% Distribution WD N 13.876% Rain days >0.0 mm Month 14 Rain days >2.0 mm Month 6 Rain days >20.0 mm Month 0 Ice days max < 0°C 4 Cold days min < 0°C 25 Cool days max < 10°C 28 Summer days max >=25°C 0 Hot days max >=30°C 0 Last year same Month: Ice days max < 0°C 2 Last year same Month: Cold days min < 0°C 18 Last year same Month: Cool days max < 10°C 21 Last year same Month: Summer days max >=25°C 0 Last year same Month: Hot days max >=30°C 0 © 1999-2017 Werner Krenn / Mischa Thurnherr - Weatherstation Operating- and Data Acquisition Software - V2.98.8


  ©UMa Astronomy

Creative Commons License
Meteo by UMa Astronomy is licensed under a Creative Commons Attribution-NonCommercial-NoDerivs 3.0 Unported License.