Blahová 11/18/2019
 Last update: 20:08
Updated every 10 minutes
 Cold 
 Akt.temp: 6.5°C
 Max.temp: 14.1°C
 Min.temp: 6.5°C
 Devpoint: 2.9 °C
 Wind speed: 1.6m/s
 Wind direction: S-SE
 Max wind gust: 8.4m/s
 Precipitation: 0.3mm
 Pressure: 1016.1 hPa
 P.tendency: +2.9 hPa/3h
 Humidity: 78%
 Abs.humidity: 5.85 g/m3
Ground temperature
Min.temp 3.9°C /20:06
Akt.temp
4.0°C

2019: Jan | Feb | Mar | Apr | May | Jun | Jul | Aug | Sep | Oct | Nov | Dec 
2018: Jan | Feb | Mar | Apr | May | Jun | Jul | Aug | Sep | Oct | Nov | Dec 
2017: Jan | Feb | Mar | Apr | May | Jun | Jul | Aug | Sep | Oct | Nov | Dec 
2016: Jan | Feb | Mar | Apr | May | Jun | Jul | Aug | Sep | Oct | Nov | Dec 
2015: Jan | Feb | Mar | Apr | May | Jun | Jul | Aug | Sep | Oct | Nov | Dec 
2014: Jan | Feb | Mar | Apr | May | Jun | Jul | Aug | Sep | Oct | Nov | Dec 
2013: Jan | Feb | Mar | Apr | May | Jun | Jul | Aug | Sep | Oct | Nov | Dec 
2012: Jan | Feb | Mar | Apr | May | Jun | Jul | Aug | Sep | Oct | Nov | Dec 
2011: Jan | Feb | Mar | Apr | May | Jun | Jul | Aug | Sep | Oct | Nov | Dec 
2010: Jan | Feb | Mar | Apr | May | Jun | Jul | Aug | Sep | Oct | Nov | Dec 
2009: Jan | Feb | Mar | Apr | May | Jun | Jul | Aug | Sep | Oct | Nov | Dec 
2008: Jan | Feb | Mar | Apr | May | Jun | Jul | Aug | Sep | Oct | Nov | Dec 
2007: Jan | Feb | Mar | Apr | May | Jun | Jul | Aug | Sep | Oct | Nov | Dec 

Report for 2018 03
MONTHLY CLIMATOLOGICAL SUMMARY for March 2018 CITY: Blahova ELEV: 117 m LAT: 48° 2' 0" North LONG: 17° 6' 0" East TEMPERATURE (°C), BAROMETER (hPa), RAIN (mm), WIND SPEED (m/s) MEAN TEMPERATURE WIND DOM trans Ground DAY TEMP HIGH TIME LOW TIME HUM Baro Rain SPEED HIGH TIME DIR pirat min.temp time ------------------------------------------------------------------------------------------------------------------------------ 1 -7.2 -3.7 14:20 -13.7 03:40 72 1014.4 0.0 3.4 10.1 12:01 E-SE 0.4 -13.7 03:35 2 -4.8 -3.6 22:39 -6.4 00:05 81 1000.6 0.8 2.7 7.5 06:40 E 0.2 -5.7 07:28 3 -1.8 1.3 13:10 -5.8 04:29 69 1001.4 0.0 0.5 4.9 08:01 E 0.5 -5.7 04:11 4 -1.7 3.3 14:16 -7.5 06:45 72 1009.1 0.0 2.1 6.6 23:35 E-SE 0.7 -7.9 06:21 5 -0.2 1.5 15:56 -3.5 03:43 71 1003.5 0.0 2.4 7.0 04:08 E 0.5 -2.9 05:55 6 2.1 3.0 14:02 -0.1 00:00 75 994.6 2.0 1.4 7.4 09:01 E 0.4 0.4 00:00 7 3.5 9.7 14:11 0.7 03:21 78 999.3 0.0 0.8 4.5 09:32 S-SW 0.7 -0.1 23:34 8 5.7 11.4 13:48 0.6 01:06 72 1008.7 0.9 2.2 4.8 15:01 W 1.0 -0.3 00:32 9 4.8 9.3 14:26 0.4 06:21 79 1011.0 0.0 0.7 4.4 01:15 SE 0.6 -0.2 04:34 10 8.2 14.5 14:45 2.9 05:16 76 1009.1 0.0 1.2 4.8 12:40 E-NE 1.2 2.8 02:13 11 10.5 15.0 16:26 3.6 06:26 74 1003.4 0.0 2.5 9.7 17:10 E 1.1 1.8 06:52 12 11.7 18.1 12:19 9.1 23:01 74 998.4 8.8 3.0 14.6 08:54 S 1.5 8.6 19:01 13 9.7 15.6 14:51 6.6 20:29 69 1004.9 0.5 1.9 10.2 09:40 W 1.4 4.4 20:28 14 5.4 11.8 13:46 0.2 23:48 75 1009.5 0.0 1.9 9.8 11:10 W 1.0 -1.3 23:39 15 5.6 7.7 15:02 0.3 00:01 79 1006.5 0.0 3.1 8.4 23:08 E 0.5 -1.0 00:05 16 7.3 9.1 16:15 6.6 00:00 72 1001.4 15.3 1.0 8.9 00:40 E-SE 0.7 5.9 20:36 17 2.0 6.6 00:00 -1.2 23:45 77 1000.9 3.6 4.8 11.8 22:41 N 0.4 -0.5 23:37 18 -0.6 2.5 13:39 -2.6 05:41 71 1006.2 0.0 3.5 11.2 02:12 N-NW 0.5 -1.8 05:44 19 -1.8 0.5 13:56 -3.6 05:59 74 1007.5 0.0 2.6 6.5 18:10 N-NW 0.4 -2.8 06:04 20 -0.7 1.7 15:52 -3.6 04:55 67 1012.7 0.0 3.6 9.3 12:23 W-NW 0.5 -3.1 23:58 21 -0.2 5.4 13:55 -4.6 02:27 59 1023.1 0.0 3.4 11.1 14:30 N-NW 1.0 -6.1 02:39 22 -0.3 6.8 14:25 -7.7 05:58 65 1015.6 0.0 0.7 3.9 12:20 W 1.1 -8.3 05:24 23 2.5 7.8 14:46 -6.0 05:42 71 1003.8 0.0 3.0 8.7 15:50 W-NW 0.9 -6.5 05:35 24 2.1 9.7 13:44 -3.2 06:01 70 1007.3 0.0 1.2 7.3 16:40 E-SE 1.3 -4.8 05:56 25 3.1 5.8 12:05 -2.3 06:07 74 1011.6 0.0 1.6 8.7 12:00 E-SE 0.6 -3.3 05:56 26 3.7 9.5 13:09 1.1 21:43 72 1011.3 0.0 1.5 4.8 18:20 W 0.9 0.4 21:31 27 4.7 10.5 14:46 0.0 23:56 74 1012.4 0.0 1.4 9.9 13:05 W 1.0 -1.7 23:44 28 6.0 12.0 13:43 -3.6 06:13 73 1007.8 0.0 1.4 6.6 13:58 E-SE 1.2 -3.7 06:01 29 8.4 12.5 13:37 5.8 04:57 75 1008.0 8.6 2.1 7.3 13:20 S-SW 1.1 5.6 06:00 30 10.1 11.9 17:08 5.1 05:51 75 1006.9 0.8 2.4 10.5 18:05 E-SE 0.6 3.8 03:41 31 11.1 15.1 11:51 8.5 23:58 75 996.0 2.9 2.4 11.0 09:20 SE 0.8 8.0 23:58 ------------------------------------------------------------------------------------------------------------------------------ Avg: 3.5 18.1 12 -13.7 1 73 1006.7 44.2 2.1 14.6 12 E 24.7 Wind Run 7112.0km Calm Values 0 Calm in % 0.0% Sun 167:03 h Distribution WD Values 44582 Distribution WD N-NO 3.400% Distribution WD NO 1.548% Distribution WD NO-O 6.256% Distribution WD O 15.347% Distribution WD O-SO 12.299% Distribution WD SO 9.439% Distribution WD SO-S 3.122% Distribution WD S 4.531% Distribution WD S-SW 4.309% Distribution WD SW 2.938% Distribution WD SW-W 2.779% Distribution WD W 7.947% Distribution WD W-NW 7.557% Distribution WD NW 3.001% Distribution WD NW-N 9.807% Distribution WD N 5.720% Rain days >0.0 mm Month 10 Rain days >2.0 mm Month 5 Rain days >20.0 mm Month 0 Ice days max < 0°C 2 Cold days min < 0°C 16 Cool days max < 10°C 20 Summer days max >=25°C 0 Hot days max >=30°C 0 Last year same Month: Ice days max < 0°C 0 Last year same Month: Cold days min < 0°C 8 Last year same Month: Cool days max < 10°C 1 Last year same Month: Summer days max >=25°C 0 Last year same Month: Hot days max >=30°C 0 © 1999-2017 Werner Krenn / Mischa Thurnherr - Weatherstation Operating- and Data Acquisition Software - V2.98.8


  ©UMa Astronomy

Creative Commons License
Meteo by UMa Astronomy is licensed under a Creative Commons Attribution-NonCommercial-NoDerivs 3.0 Unported License.