Blahová 11/13/2019
 Last update: 21:38
Updated every 10 minutes
 Cold 
 Akt.temp: 5.1°C
 Max.temp: 9.9°C
 Min.temp: 4.8°C
 Devpoint: 1.6 °C
 Wind speed: 1.4m/s
 Wind direction: N-NW
 Max wind gust: 7.7m/s
 Precipitation: 11.9mm
 Pressure: 1006.6 hPa
 P.tendency: +4.0 hPa/3h
 Humidity: 78%
 Abs.humidity: 5.34 g/m3
Ground temperature
Min.temp 5.8°C /18:24
Akt.temp
6.5°C

2019: Jan | Feb | Mar | Apr | May | Jun | Jul | Aug | Sep | Oct | Nov | Dec 
2018: Jan | Feb | Mar | Apr | May | Jun | Jul | Aug | Sep | Oct | Nov | Dec 
2017: Jan | Feb | Mar | Apr | May | Jun | Jul | Aug | Sep | Oct | Nov | Dec 
2016: Jan | Feb | Mar | Apr | May | Jun | Jul | Aug | Sep | Oct | Nov | Dec 
2015: Jan | Feb | Mar | Apr | May | Jun | Jul | Aug | Sep | Oct | Nov | Dec 
2014: Jan | Feb | Mar | Apr | May | Jun | Jul | Aug | Sep | Oct | Nov | Dec 
2013: Jan | Feb | Mar | Apr | May | Jun | Jul | Aug | Sep | Oct | Nov | Dec 
2012: Jan | Feb | Mar | Apr | May | Jun | Jul | Aug | Sep | Oct | Nov | Dec 
2011: Jan | Feb | Mar | Apr | May | Jun | Jul | Aug | Sep | Oct | Nov | Dec 
2010: Jan | Feb | Mar | Apr | May | Jun | Jul | Aug | Sep | Oct | Nov | Dec 
2009: Jan | Feb | Mar | Apr | May | Jun | Jul | Aug | Sep | Oct | Nov | Dec 
2008: Jan | Feb | Mar | Apr | May | Jun | Jul | Aug | Sep | Oct | Nov | Dec 
2007: Jan | Feb | Mar | Apr | May | Jun | Jul | Aug | Sep | Oct | Nov | Dec 

Report for 2018 04
MONTHLY CLIMATOLOGICAL SUMMARY for April 2018 CITY: Blahova ELEV: 117 m LAT: 48° 2' 0" North LONG: 17° 6' 0" East TEMPERATURE (°C), BAROMETER (hPa), RAIN (mm), WIND SPEED (m/s) MEAN TEMPERATURE WIND DOM trans Ground DAY TEMP HIGH TIME LOW TIME HUM Baro Rain SPEED HIGH TIME DIR pirat min.temp time ------------------------------------------------------------------------------------------------------------------------------ 1 8.3 12.9 13:18 6.3 22:50 69 1002.0 0.3 6.3 15.0 16:30 W 1.6 6.0 03:24 2 7.9 13.4 16:04 4.9 05:51 67 1012.2 0.0 2.9 12.4 03:54 W 1.9 4.5 21:48 3 13.1 20.2 15:54 4.3 03:22 63 1009.8 0.0 3.0 6.8 16:15 E-SE 3.5 3.1 03:13 4 13.0 17.8 15:40 7.5 05:20 68 1007.5 0.0 3.8 17.2 14:05 SE 2.6 6.6 04:27 5 12.3 16.7 12:51 6.2 05:24 66 1011.6 0.0 3.9 10.1 22:00 W 2.3 5.5 05:33 6 8.2 14.1 13:38 3.8 23:51 63 1021.3 0.0 3.4 11.3 00:10 W-NW 2.2 1.4 23:56 7 8.5 13.4 12:17 2.0 06:16 76 1021.1 0.0 1.9 6.5 14:22 E-SE 1.3 0.8 05:31 8 13.9 21.8 15:41 5.8 01:42 63 1013.2 0.0 3.5 13.4 15:00 SE 3.7 3.2 01:40 9 18.0 25.1 14:51 10.6 02:51 58 1008.5 0.0 4.0 11.7 20:39 E-SE 5.1 9.3 02:57 10 13.7 17.9 15:56 9.5 04:45 71 1007.7 0.0 2.4 7.7 12:53 E-SE 2.2 8.1 04:50 11 14.4 20.9 13:30 9.8 05:04 63 1008.5 0.0 2.6 11.1 12:34 SE 3.9 8.2 22:06 12 17.1 24.8 13:47 9.5 04:02 67 1007.0 7.8 1.6 9.6 14:09 E 5.1 6.2 03:46 13 15.7 20.6 14:33 11.5 23:56 63 1010.4 14.3 3.3 11.2 15:27 SE 3.2 8.4 23:01 14 14.4 21.3 13:43 5.5 05:15 68 1018.3 0.0 0.7 5.7 14:23 N-NE 3.7 3.6 05:00 15 17.6 23.6 13:53 9.1 05:56 68 1013.7 0.0 2.6 9.4 14:14 E 4.0 7.6 03:44 16 16.4 19.0 14:24 14.5 23:54 75 1013.2 0.8 1.0 5.7 04:39 E 2.1 13.7 23:51 17 15.3 21.5 13:43 11.5 23:37 70 1023.3 0.1 2.8 10.1 15:19 N-NW 3.0 9.7 23:29 18 16.4 22.4 13:09 10.5 04:08 60 1029.0 0.0 3.0 8.9 10:29 N-NW 4.1 8.2 23:39 19 18.6 25.4 14:15 9.4 05:03 60 1026.4 0.0 2.5 7.2 17:29 N-NW 5.1 6.0 05:02 20 18.3 25.7 13:51 11.1 23:56 57 1022.9 0.0 1.2 6.4 09:55 N-NW 6.5 8.1 23:44 21 17.7 26.8 13:29 8.0 05:10 61 1017.2 0.0 1.7 7.2 13:51 SE 6.2 5.0 04:52 22 18.4 27.5 14:32 9.0 04:30 67 1013.8 0.0 0.5 3.6 16:07 N-NW 5.9 7.5 04:34 23 18.8 27.7 13:54 10.7 04:39 68 1012.9 1.7 1.1 10.0 19:54 N 5.8 9.2 04:32 24 18.2 23.3 13:45 14.6 23:59 68 1015.4 2.8 2.0 6.7 06:43 W 3.6 12.3 23:54 25 19.1 26.8 13:31 10.7 05:10 68 1010.5 0.0 0.9 7.2 22:36 SE 5.4 9.6 04:42 26 12.2 18.2 00:00 8.0 23:59 77 1015.7 10.0 1.3 5.2 08:18 W 1.3 6.1 23:59 27 13.5 18.7 14:02 4.6 04:26 67 1015.7 0.1 1.4 10.0 22:29 SE 3.0 3.0 04:20 28 19.1 24.7 14:22 10.1 04:59 68 1012.5 0.0 2.3 10.4 12:05 E-SE 4.2 9.0 04:49 29 21.7 28.7 13:57 13.7 04:40 62 1008.7 0.0 2.7 10.0 09:35 SE 7.2 11.2 04:36 30 19.9 26.9 12:36 15.3 05:02 63 1006.2 0.0 2.7 18.6 13:05 SE 5.8 12.2 23:56 ------------------------------------------------------------------------------------------------------------------------------ Avg: 15.3 28.7 29 2.0 7 66 1013.9 37.9 2.4 18.6 30 SE 115.3 Wind Run 7794.2km Calm Values 0 Calm in % 0.0% Sun 297:50 h Distribution WD Values 43126 Distribution WD N-NO 3.536% Distribution WD NO 1.500% Distribution WD NO-O 5.665% Distribution WD O 10.502% Distribution WD O-SO 12.454% Distribution WD SO 13.625% Distribution WD SO-S 4.869% Distribution WD S 4.969% Distribution WD S-SW 4.076% Distribution WD SW 2.894% Distribution WD SW-W 3.513% Distribution WD W 9.099% Distribution WD W-NW 7.872% Distribution WD NW 2.973% Distribution WD NW-N 8.134% Distribution WD N 4.318% Rain days >0.0 mm Month 9 Rain days >2.0 mm Month 4 Rain days >20.0 mm Month 0 Ice days max < 0°C 0 Cold days min < 0°C 0 Cool days max < 10°C 0 Summer days max >=25°C 9 Hot days max >=30°C 0 Last year same Month: Ice days max < 0°C 0 Last year same Month: Cold days min < 0°C 1 Last year same Month: Cool days max < 10°C 4 Last year same Month: Summer days max >=25°C 0 Last year same Month: Hot days max >=30°C 0 © 1999-2017 Werner Krenn / Mischa Thurnherr - Weatherstation Operating- and Data Acquisition Software - V2.98.8


  ©UMa Astronomy

Creative Commons License
Meteo by UMa Astronomy is licensed under a Creative Commons Attribution-NonCommercial-NoDerivs 3.0 Unported License.