Blahová 11/12/2019
 Last update: 16:28
Updated every 10 minutes
 Cold 
 Akt.temp: 8.8°C
 Max.temp: 10.1°C
 Min.temp: 6.1°C
 Devpoint: 5.2 °C
 Wind speed: 0.4m/s
 Wind direction: W-NW
 Max wind gust: 6.7m/s
 Precipitation: 7.8mm
 Pressure: 1005.8 hPa
 P.tendency: -1.8 hPa/3h
 Humidity: 78%
 Abs.humidity: 6.79 g/m3
Ground temperature
Min.temp 6.1°C /06:05
Akt.temp
9.4°C

2019: Jan | Feb | Mar | Apr | May | Jun | Jul | Aug | Sep | Oct | Nov | Dec 
2018: Jan | Feb | Mar | Apr | May | Jun | Jul | Aug | Sep | Oct | Nov | Dec 
2017: Jan | Feb | Mar | Apr | May | Jun | Jul | Aug | Sep | Oct | Nov | Dec 
2016: Jan | Feb | Mar | Apr | May | Jun | Jul | Aug | Sep | Oct | Nov | Dec 
2015: Jan | Feb | Mar | Apr | May | Jun | Jul | Aug | Sep | Oct | Nov | Dec 
2014: Jan | Feb | Mar | Apr | May | Jun | Jul | Aug | Sep | Oct | Nov | Dec 
2013: Jan | Feb | Mar | Apr | May | Jun | Jul | Aug | Sep | Oct | Nov | Dec 
2012: Jan | Feb | Mar | Apr | May | Jun | Jul | Aug | Sep | Oct | Nov | Dec 
2011: Jan | Feb | Mar | Apr | May | Jun | Jul | Aug | Sep | Oct | Nov | Dec 
2010: Jan | Feb | Mar | Apr | May | Jun | Jul | Aug | Sep | Oct | Nov | Dec 
2009: Jan | Feb | Mar | Apr | May | Jun | Jul | Aug | Sep | Oct | Nov | Dec 
2008: Jan | Feb | Mar | Apr | May | Jun | Jul | Aug | Sep | Oct | Nov | Dec 
2007: Jan | Feb | Mar | Apr | May | Jun | Jul | Aug | Sep | Oct | Nov | Dec 

Report for 2018 06
MONTHLY CLIMATOLOGICAL SUMMARY for June 2018 CITY: Blahova ELEV: 117 m LAT: 48° 2' 0" North LONG: 17° 6' 0" East TEMPERATURE (°C), BAROMETER (hPa), RAIN (mm), WIND SPEED (m/s) MEAN TEMPERATURE WIND DOM trans Ground DAY TEMP HIGH TIME LOW TIME HUM Baro Rain SPEED HIGH TIME DIR pirat min.temp time ------------------------------------------------------------------------------------------------------------------------------ 1 22.8 31.3 13:09 15.7 03:51 66 1016.8 0.0 0.8 6.6 15:08 N 7.0 14.0 03:34 2 22.3 28.6 13:59 16.2 04:01 68 1016.4 0.0 1.8 8.9 12:28 W 5.1 14.7 04:00 3 22.0 28.6 14:19 14.9 04:13 69 1015.1 0.2 2.0 9.1 14:38 W-NW 4.9 13.5 03:54 4 22.1 28.2 13:06 16.7 04:17 70 1010.2 0.0 0.5 3.9 12:28 S-SW 4.1 15.3 03:58 5 22.6 29.9 11:50 15.0 04:12 72 1009.4 0.0 0.4 7.3 12:21 N-NW 3.7 13.9 04:14 6 19.1 28.9 13:04 16.9 03:58 75 1015.0 35.6 1.3 8.2 13:38 N 1.3 14.8 04:02 7 21.0 24.5 14:40 16.4 04:24 73 1016.7 0.3 1.4 5.0 11:48 E-NE 2.8 15.9 04:38 8 23.3 28.1 14:26 17.9 04:34 72 1013.4 0.3 1.8 11.8 23:48 E-NE 4.1 16.8 04:16 9 20.8 25.4 16:24 17.5 03:26 73 1011.7 4.6 1.0 10.8 00:18 N 2.8 16.4 03:32 10 23.5 30.3 13:40 16.2 04:22 71 1010.6 0.1 0.9 3.9 14:48 W 5.0 14.4 03:26 11 24.5 30.9 14:00 17.5 04:22 68 1010.0 0.0 0.6 5.4 12:51 E 6.3 16.3 04:16 12 22.5 28.6 12:46 18.3 23:58 71 1007.9 7.1 1.5 7.1 07:43 W 3.8 18.0 04:02 13 20.2 25.8 13:58 16.2 04:18 72 1006.2 0.8 1.3 10.1 00:18 N-NW 3.1 15.3 04:32 14 16.6 18.7 16:58 14.6 05:58 76 1010.4 8.2 2.2 10.7 10:58 W-NW 1.6 14.3 05:04 15 19.4 23.6 13:36 15.0 00:52 68 1011.9 1.2 2.4 8.8 08:57 N-NW 2.9 14.1 04:00 16 21.2 27.9 13:06 16.7 03:44 67 1012.4 0.0 1.0 6.5 08:08 N-NW 4.5 16.4 03:42 17 23.7 29.7 14:38 16.0 03:46 61 1013.5 0.0 1.9 7.3 16:38 N-NW 6.2 14.8 03:56 18 22.1 26.6 11:28 15.8 04:28 67 1017.0 0.5 2.3 10.4 12:28 W-NW 4.2 15.3 04:06 19 25.6 27.6 11:34 17.9 05:32 51 1020.7 0.0 2.3 8.6 09:58 W-NW 5.5 16.6 23:54 20 23.8 30.3 13:22 19.4 23:56 66 1020.5 0.0 1.1 5.8 11:58 E-SE 5.8 14.7 03:42 21 24.5 31.6 14:28 17.5 04:18 69 1013.1 14.9 3.4 9.2 21:20 S 6.4 16.4 03:50 22 14.6 19.4 15:08 11.8 22:22 65 1017.3 0.6 1.8 12.9 18:38 W-NW 2.8 11.5 21:50 23 15.9 20.4 15:36 10.2 04:28 61 1017.3 0.0 3.2 9.8 19:48 W 3.3 9.7 04:10 24 16.1 20.3 13:16 10.5 03:28 69 1016.2 0.0 1.7 7.8 14:38 W 3.0 9.4 03:28 25 16.7 21.2 13:12 12.5 23:56 68 1017.5 0.0 1.3 5.3 16:24 W 2.8 11.0 23:50 26 18.0 23.3 14:10 9.6 04:06 65 1016.8 3.4 1.3 6.8 15:18 W 3.7 8.7 03:38 27 16.7 25.9 13:16 10.5 04:22 72 1015.0 4.2 2.3 8.6 22:36 N-NW 2.0 9.6 03:58 28 20.4 25.3 14:02 15.5 04:20 72 1008.8 10.9 2.2 7.3 02:48 N-NW 3.0 15.3 00:00 29 24.6 28.9 13:46 17.7 04:06 64 1008.0 0.2 3.3 13.4 10:27 N-NW 4.9 17.0 00:40 30 17.6 22.3 11:42 11.8 23:56 57 1012.4 0.0 3.9 12.4 13:07 N-NW 4.2 10.0 23:58 ------------------------------------------------------------------------------------------------------------------------------ Avg: 20.8 31.6 21 9.6 26 68 1013.6 93.2 1.8 13.4 29 N-NW 120.7 Wind Run 5972.0km Calm Values 0 Calm in % 0.0% Sun 308:49 h Distribution WD Values 43149 Distribution WD N-NO 5.080% Distribution WD NO 1.931% Distribution WD NO-O 4.617% Distribution WD O 4.973% Distribution WD O-SO 3.720% Distribution WD SO 3.335% Distribution WD SO-S 1.706% Distribution WD S 2.853% Distribution WD S-SW 2.936% Distribution WD SW 2.997% Distribution WD SW-W 4.552% Distribution WD W 15.493% Distribution WD W-NW 14.879% Distribution WD NW 5.073% Distribution WD NW-N 15.820% Distribution WD N 10.037% Rain days >0.0 mm Month 17 Rain days >2.0 mm Month 8 Rain days >20.0 mm Month 1 Ice days max < 0°C 0 Cold days min < 0°C 0 Cool days max < 10°C 0 Summer days max >=25°C 21 Hot days max >=30°C 5 Last year same Month: Ice days max < 0°C 0 Last year same Month: Cold days min < 0°C 0 Last year same Month: Cool days max < 10°C 0 Last year same Month: Summer days max >=25°C 26 Last year same Month: Hot days max >=30°C 10 © 1999-2017 Werner Krenn / Mischa Thurnherr - Weatherstation Operating- and Data Acquisition Software - V2.98.8


  ©UMa Astronomy

Creative Commons License
Meteo by UMa Astronomy is licensed under a Creative Commons Attribution-NonCommercial-NoDerivs 3.0 Unported License.