Blahová 09/20/2019
 Last update: 08:58
Updated every 10 minutes
 Cold 
 Akt.temp: 10.9°C
 Max.temp: 10.9°C
 Min.temp: 3.3°C
 Devpoint: 6.3 °C
 Wind speed: 1.0m/s
 Wind direction: N
 Max wind gust: 2.9m/s
 Precipitation: 0.0mm
 Pressure: 1028.3 hPa
 P.tendency: +1.5 hPa/3h
 Humidity: 73%
 Abs.humidity: 7.26 g/m3
Ground temperature
Min.temp 2.5°C /05:08
Akt.temp
13.4°C

2019: Jan | Feb | Mar | Apr | May | Jun | Jul | Aug | Sep | Oct | Nov | Dec 
2018: Jan | Feb | Mar | Apr | May | Jun | Jul | Aug | Sep | Oct | Nov | Dec 
2017: Jan | Feb | Mar | Apr | May | Jun | Jul | Aug | Sep | Oct | Nov | Dec 
2016: Jan | Feb | Mar | Apr | May | Jun | Jul | Aug | Sep | Oct | Nov | Dec 
2015: Jan | Feb | Mar | Apr | May | Jun | Jul | Aug | Sep | Oct | Nov | Dec 
2014: Jan | Feb | Mar | Apr | May | Jun | Jul | Aug | Sep | Oct | Nov | Dec 
2013: Jan | Feb | Mar | Apr | May | Jun | Jul | Aug | Sep | Oct | Nov | Dec 
2012: Jan | Feb | Mar | Apr | May | Jun | Jul | Aug | Sep | Oct | Nov | Dec 
2011: Jan | Feb | Mar | Apr | May | Jun | Jul | Aug | Sep | Oct | Nov | Dec 
2010: Jan | Feb | Mar | Apr | May | Jun | Jul | Aug | Sep | Oct | Nov | Dec 
2009: Jan | Feb | Mar | Apr | May | Jun | Jul | Aug | Sep | Oct | Nov | Dec 
2008: Jan | Feb | Mar | Apr | May | Jun | Jul | Aug | Sep | Oct | Nov | Dec 
2007: Jan | Feb | Mar | Apr | May | Jun | Jul | Aug | Sep | Oct | Nov | Dec 

Report for 2018 08
MONTHLY CLIMATOLOGICAL SUMMARY for August 2018 CITY: Blahova ELEV: 117 m LAT: 48° 2' 0" North LONG: 17° 6' 0" East TEMPERATURE (°C), BAROMETER (hPa), RAIN (mm), WIND SPEED (m/s) MEAN TEMPERATURE WIND DOM trans Ground DAY TEMP HIGH TIME LOW TIME HUM Baro Rain SPEED HIGH TIME DIR pirat min.temp time ------------------------------------------------------------------------------------------------------------------------------ 1 24.6 32.2 12:31 20.9 23:59 71 1018.8 1.2 0.5 6.4 15:28 N 3.9 19.6 00:33 2 24.7 31.7 13:51 20.1 23:59 70 1020.4 1.0 0.4 6.8 14:48 N-NE 5.0 18.2 23:41 3 25.0 31.8 14:35 18.7 04:11 69 1019.9 0.0 0.8 4.0 15:38 E-NE 5.3 17.1 04:17 4 24.9 33.0 13:29 18.2 04:43 65 1018.2 0.0 0.4 4.9 11:48 SE 6.9 16.6 04:37 5 24.1 33.9 13:59 18.1 03:59 67 1017.3 0.0 0.8 11.8 14:47 E 6.6 16.0 04:13 6 23.6 31.2 12:55 17.2 04:53 64 1018.4 0.1 1.0 5.8 13:38 W 5.8 15.3 04:47 7 26.3 31.9 13:43 16.9 04:19 64 1017.6 0.0 1.3 5.3 14:05 E-SE 6.0 14.8 02:59 8 26.6 33.6 13:13 21.1 04:25 60 1017.4 0.0 1.4 8.3 13:38 SE 7.5 18.8 04:19 9 27.3 34.8 13:35 19.7 03:55 60 1018.5 0.0 1.9 8.1 16:58 E-SE 7.8 17.4 03:55 10 24.9 32.9 13:47 18.3 23:41 64 1022.3 2.9 2.8 9.2 21:39 W 6.5 18.4 23:41 11 20.1 25.7 15:23 16.9 22:45 71 1022.1 0.5 1.0 6.3 11:38 W 3.1 15.4 22:43 12 22.4 29.8 13:09 13.0 04:53 60 1018.2 0.0 1.2 6.4 12:38 E-SE 5.9 11.7 04:53 13 24.9 31.7 13:25 15.7 03:45 63 1011.6 0.0 1.8 7.8 14:27 E-SE 5.9 14.4 03:59 14 21.9 28.3 11:31 18.2 04:27 70 1013.6 1.9 1.6 8.2 14:08 W 2.8 16.9 04:19 15 21.8 28.5 13:47 17.3 23:41 60 1018.5 0.0 1.8 8.9 10:18 W-NW 5.3 15.8 23:33 16 21.9 29.9 14:19 14.9 05:23 62 1017.7 0.0 0.8 6.9 11:01 N-NW 6.3 13.1 04:57 17 22.6 31.1 13:51 13.7 05:09 63 1016.9 0.0 0.7 5.9 13:15 SE 6.8 12.9 04:45 18 23.8 32.6 14:07 15.1 04:51 61 1020.0 0.0 0.6 3.8 16:33 N 7.2 14.0 04:45 19 24.8 33.7 14:13 17.1 04:29 58 1020.2 0.0 0.6 5.2 16:19 N 8.4 15.7 04:29 20 26.6 34.0 13:31 16.3 05:07 55 1018.0 0.0 1.5 5.7 16:18 S 8.7 15.2 05:05 21 25.4 32.7 14:05 17.1 05:01 54 1019.6 0.0 1.9 8.1 12:38 N-NW 7.4 16.1 04:35 22 24.0 32.4 13:50 17.5 05:16 62 1019.5 0.0 0.8 8.1 12:06 E-SE 7.1 16.3 02:36 23 25.5 33.3 13:24 18.5 04:44 59 1016.4 0.0 1.9 5.3 13:32 E-SE 5.9 17.3 04:46 24 20.8 29.7 11:30 18.1 04:10 73 1012.6 5.2 1.1 8.2 09:26 SE 2.1 16.8 04:24 25 17.6 20.9 10:26 16.0 23:20 74 1012.1 2.6 2.1 7.7 23:49 W 1.4 15.2 23:54 26 14.1 18.2 15:44 11.8 22:56 73 1012.8 7.5 3.0 11.0 14:29 N-NW 1.5 11.0 22:58 27 15.9 23.5 14:00 9.8 04:50 64 1015.0 0.0 1.1 7.6 08:29 W 4.2 9.1 04:52 28 18.1 27.0 13:16 10.1 01:12 67 1017.8 0.0 0.6 7.7 12:19 E-NE 4.8 9.5 00:42 29 20.3 28.4 13:37 11.4 05:16 63 1016.5 0.0 1.2 5.2 14:08 SE 5.4 10.3 04:50 30 20.1 27.9 15:07 13.3 05:03 67 1017.1 0.0 2.4 9.7 18:28 W 4.2 11.9 05:02 31 20.6 27.1 14:25 16.3 05:51 65 1017.9 0.0 0.3 4.9 10:13 W 5.0 15.3 05:28 ------------------------------------------------------------------------------------------------------------------------------ Avg: 22.8 34.8 9 9.8 27 64 1017.5 22.9 1.3 11.8 5 W 170.9 Wind Run 4597.9km Calm Values 0 Calm in % 0.0% Sun 331:31 h Distribution WD Values 44546 Distribution WD N-NO 5.428% Distribution WD NO 2.117% Distribution WD NO-O 5.543% Distribution WD O 8.616% Distribution WD O-SO 9.393% Distribution WD SO 9.904% Distribution WD SO-S 3.421% Distribution WD S 5.341% Distribution WD S-SW 4.575% Distribution WD SW 2.950% Distribution WD SW-W 3.870% Distribution WD W 10.600% Distribution WD W-NW 8.456% Distribution WD NW 2.463% Distribution WD NW-N 8.735% Distribution WD N 8.589% Rain days >0.0 mm Month 9 Rain days >2.0 mm Month 4 Rain days >20.0 mm Month 0 Ice days max < 0°C 0 Cold days min < 0°C 0 Cool days max < 10°C 0 Summer days max >=25°C 28 Hot days max >=30°C 18 Last year same Month: Ice days max < 0°C 0 Last year same Month: Cold days min < 0°C 0 Last year same Month: Cool days max < 10°C 0 Last year same Month: Summer days max >=25°C 24 Last year same Month: Hot days max >=30°C 15 © 1999-2017 Werner Krenn / Mischa Thurnherr - Weatherstation Operating- and Data Acquisition Software - V2.98.8


  ©UMa Astronomy

Creative Commons License
Meteo by UMa Astronomy is licensed under a Creative Commons Attribution-NonCommercial-NoDerivs 3.0 Unported License.