Blahová 10/18/2019
 Last update: 00:53
Updated every 10 minutes
 Cold 
 Akt.temp: 10.2°C
 Max.temp: 10.2°C
 Min.temp: 9.8°C
 Devpoint: 6.4 °C
 Wind speed: 0.0m/s
 Wind direction: 000
 Max wind gust: 0.0m/s
 Precipitation: 0.0mm
 Pressure: 1016.1 hPa
 P.tendency: -- hPa/3h
 Humidity: 77%
 Abs.humidity: 7.33 g/m3
Ground temperature
Min.temp 7.2°C /00:50
Akt.temp
7.3°C

2019: Jan | Feb | Mar | Apr | May | Jun | Jul | Aug | Sep | Oct | Nov | Dec 
2018: Jan | Feb | Mar | Apr | May | Jun | Jul | Aug | Sep | Oct | Nov | Dec 
2017: Jan | Feb | Mar | Apr | May | Jun | Jul | Aug | Sep | Oct | Nov | Dec 
2016: Jan | Feb | Mar | Apr | May | Jun | Jul | Aug | Sep | Oct | Nov | Dec 
2015: Jan | Feb | Mar | Apr | May | Jun | Jul | Aug | Sep | Oct | Nov | Dec 
2014: Jan | Feb | Mar | Apr | May | Jun | Jul | Aug | Sep | Oct | Nov | Dec 
2013: Jan | Feb | Mar | Apr | May | Jun | Jul | Aug | Sep | Oct | Nov | Dec 
2012: Jan | Feb | Mar | Apr | May | Jun | Jul | Aug | Sep | Oct | Nov | Dec 
2011: Jan | Feb | Mar | Apr | May | Jun | Jul | Aug | Sep | Oct | Nov | Dec 
2010: Jan | Feb | Mar | Apr | May | Jun | Jul | Aug | Sep | Oct | Nov | Dec 
2009: Jan | Feb | Mar | Apr | May | Jun | Jul | Aug | Sep | Oct | Nov | Dec 
2008: Jan | Feb | Mar | Apr | May | Jun | Jul | Aug | Sep | Oct | Nov | Dec 
2007: Jan | Feb | Mar | Apr | May | Jun | Jul | Aug | Sep | Oct | Nov | Dec 

Report for 2018 09
MONTHLY CLIMATOLOGICAL SUMMARY for September 2018 CITY: Blahova ELEV: 117 m LAT: 48° 2' 0" North LONG: 17° 6' 0" East TEMPERATURE (°C), BAROMETER (hPa), RAIN (mm), WIND SPEED (m/s) MEAN TEMPERATURE WIND DOM trans Ground DAY TEMP HIGH TIME LOW TIME HUM Baro Rain SPEED HIGH TIME DIR pirat min.temp time ------------------------------------------------------------------------------------------------------------------------------ 1 19.6 23.5 14:01 16.8 22:17 73 1018.0 50.9 2.0 9.4 20:17 N 2.1 16.0 23:42 2 20.3 25.5 15:11 15.7 05:05 72 1017.5 5.5 1.0 4.3 22:46 W 2.5 14.5 05:14 3 19.3 23.9 10:46 17.0 23:13 74 1013.2 11.9 1.0 5.0 01:58 N-NE 1.9 15.3 22:50 4 18.8 24.2 13:36 16.5 23:48 74 1011.3 3.8 0.7 5.2 12:58 N-NW 1.6 14.7 23:38 5 19.9 25.9 13:04 15.7 01:36 70 1013.7 0.1 1.6 8.6 13:38 W 3.4 13.8 01:04 6 18.5 25.8 13:26 13.7 05:00 68 1011.3 0.0 0.8 7.2 10:18 W 3.6 11.7 04:58 7 19.2 25.9 13:28 12.4 05:16 69 1012.9 0.0 0.8 3.9 10:59 W 3.4 10.4 05:20 8 19.2 25.7 13:08 13.8 23:46 68 1019.0 0.0 2.0 8.8 12:43 W 3.7 12.3 23:44 9 18.5 26.1 13:52 12.0 05:08 67 1021.0 0.0 0.6 4.8 11:38 W 4.3 9.8 05:12 10 18.2 26.5 14:38 11.7 05:06 68 1021.5 0.0 0.9 6.8 13:49 S-SW 4.2 10.3 05:34 11 20.6 28.2 14:14 14.1 04:04 66 1022.3 0.0 0.6 5.1 16:18 W 4.6 12.6 00:50 12 19.8 29.4 13:48 12.4 05:16 67 1020.2 0.0 0.7 3.7 14:18 E 5.4 10.5 05:20 13 20.3 28.9 13:52 13.5 05:20 69 1016.0 0.0 0.7 3.6 14:48 S-SW 4.6 11.6 05:20 14 20.0 26.6 13:42 14.6 04:34 72 1017.1 0.0 1.4 6.5 15:45 W 2.7 13.1 04:04 15 17.7 25.3 13:12 13.7 23:50 70 1021.8 0.0 1.7 7.2 12:50 W 3.0 11.9 23:56 16 19.1 24.0 14:30 11.6 04:04 66 1023.3 0.1 1.4 4.6 14:12 E 3.3 9.6 03:54 17 19.7 26.7 14:32 15.7 05:56 67 1021.0 0.0 1.1 5.2 15:18 E 4.0 14.3 23:42 18 18.6 27.5 12:52 12.9 23:58 63 1019.6 0.0 1.6 7.7 11:58 E 4.7 11.5 23:56 19 18.3 27.3 13:30 11.1 04:00 67 1019.8 0.0 0.6 3.6 16:28 N-NE 5.0 10.3 03:58 20 18.3 27.7 13:56 12.6 05:54 69 1019.1 0.0 0.5 3.3 14:18 N 4.5 11.6 05:54 21 20.4 28.2 13:20 11.7 04:24 66 1013.6 0.1 1.8 8.7 12:08 SE 5.0 9.8 05:20 22 14.0 19.2 03:02 12.0 08:36 72 1020.4 5.5 2.4 13.6 03:08 W 1.8 11.9 08:58 23 14.7 17.7 12:06 12.3 03:32 75 1011.5 1.2 2.3 9.2 13:40 S 1.1 12.4 04:46 24 9.9 15.5 00:00 8.1 19:44 74 1023.3 3.1 3.0 13.8 13:58 W 0.7 6.8 19:40 25 8.7 13.6 14:00 4.9 23:22 67 1033.8 0.0 2.4 9.1 08:58 W-NW 1.7 3.7 23:22 26 8.5 16.1 13:58 1.3 05:02 68 1033.4 0.0 1.0 6.5 15:58 SE 2.2 0.6 05:44 27 10.9 19.7 15:10 2.3 05:54 70 1026.0 0.0 0.6 3.0 12:58 E-SE 2.5 2.0 05:50 28 14.8 22.8 14:34 6.7 04:50 68 1017.9 0.0 0.9 6.8 23:47 E 3.6 5.7 04:54 29 11.6 15.9 13:12 4.1 22:26 58 1023.8 0.0 3.2 11.5 09:37 N-NW 2.3 4.6 23:06 30 8.6 17.1 13:52 3.1 02:27 64 1018.8 0.0 1.1 5.7 14:28 E-SE 2.7 1.9 05:38 ------------------------------------------------------------------------------------------------------------------------------ Avg: 16.9 29.4 12 1.3 26 69 1019.4 82.3 1.3 13.8 24 W 96.2 Wind Run 4570.6km Calm Values 0 Calm in % 0.0% Sun 277:52 h Distribution WD Values 42878 Distribution WD N-NO 5.364% Distribution WD NO 2.167% Distribution WD NO-O 4.832% Distribution WD O 7.195% Distribution WD O-SO 6.159% Distribution WD SO 6.782% Distribution WD SO-S 2.932% Distribution WD S 4.140% Distribution WD S-SW 4.781% Distribution WD SW 3.442% Distribution WD SW-W 5.089% Distribution WD W 13.620% Distribution WD W-NW 11.001% Distribution WD NW 3.571% Distribution WD NW-N 10.360% Distribution WD N 8.566% Rain days >0.0 mm Month 10 Rain days >2.0 mm Month 6 Rain days >20.0 mm Month 1 Ice days max < 0°C 0 Cold days min < 0°C 0 Cool days max < 10°C 0 Summer days max >=25°C 17 Hot days max >=30°C 0 Last year same Month: Ice days max < 0°C 0 Last year same Month: Cold days min < 0°C 0 Last year same Month: Cool days max < 10°C 0 Last year same Month: Summer days max >=25°C 0 Last year same Month: Hot days max >=30°C 0 © 1999-2017 Werner Krenn / Mischa Thurnherr - Weatherstation Operating- and Data Acquisition Software - V2.98.8


  ©UMa Astronomy

Creative Commons License
Meteo by UMa Astronomy is licensed under a Creative Commons Attribution-NonCommercial-NoDerivs 3.0 Unported License.