Blahová 12/15/2019
 Last update: 17:03
Updated every 10 minutes
 Cold 
 Akt.temp: 4.6°C
 Max.temp: 6.9°C
 Min.temp: 1.0°C
 Devpoint: 1.6 °C
 Wind speed: 0.9m/s
 Wind direction: NE
 Max wind gust: 5.0m/s
 Precipitation: 0.0mm
 Pressure: 1011.4 hPa
 P.tendency: +1.1 hPa/3h
 Humidity: 81%
 Abs.humidity: 5.36 g/m3
Ground temperature
Min.temp 1.1°C /07:46
Akt.temp
3.4°C

2019: Jan | Feb | Mar | Apr | May | Jun | Jul | Aug | Sep | Oct | Nov | Dec 
2018: Jan | Feb | Mar | Apr | May | Jun | Jul | Aug | Sep | Oct | Nov | Dec 
2017: Jan | Feb | Mar | Apr | May | Jun | Jul | Aug | Sep | Oct | Nov | Dec 
2016: Jan | Feb | Mar | Apr | May | Jun | Jul | Aug | Sep | Oct | Nov | Dec 
2015: Jan | Feb | Mar | Apr | May | Jun | Jul | Aug | Sep | Oct | Nov | Dec 
2014: Jan | Feb | Mar | Apr | May | Jun | Jul | Aug | Sep | Oct | Nov | Dec 
2013: Jan | Feb | Mar | Apr | May | Jun | Jul | Aug | Sep | Oct | Nov | Dec 
2012: Jan | Feb | Mar | Apr | May | Jun | Jul | Aug | Sep | Oct | Nov | Dec 
2011: Jan | Feb | Mar | Apr | May | Jun | Jul | Aug | Sep | Oct | Nov | Dec 
2010: Jan | Feb | Mar | Apr | May | Jun | Jul | Aug | Sep | Oct | Nov | Dec 
2009: Jan | Feb | Mar | Apr | May | Jun | Jul | Aug | Sep | Oct | Nov | Dec 
2008: Jan | Feb | Mar | Apr | May | Jun | Jul | Aug | Sep | Oct | Nov | Dec 
2007: Jan | Feb | Mar | Apr | May | Jun | Jul | Aug | Sep | Oct | Nov | Dec 

Report for 2019 01
MONTHLY CLIMATOLOGICAL SUMMARY for January 2019 CITY: Blahova ELEV: 117 m LAT: 48° 2' 0" North LONG: 17° 6' 0" East TEMPERATURE (°C), BAROMETER (hPa), RAIN (mm), WIND SPEED (m/s) MEAN TEMPERATURE WIND DOM trans Ground DAY TEMP HIGH TIME LOW TIME HUM Baro Rain SPEED HIGH TIME DIR pirat min.temp time ------------------------------------------------------------------------------------------------------------------------------ 1 4.1 6.4 21:32 -3.2 05:20 77 1019.0 0.5 2.7 13.1 23:51 S-SW 0.4 -3.8 04:51 2 1.8 5.1 00:00 -0.6 23:58 73 1017.0 0.0 5.5 15.8 05:54 W-NW 0.4 -0.8 23:55 3 -1.7 0.9 11:48 -2.8 23:38 75 1021.9 0.1 4.4 13.0 11:21 W-NW 0.2 -3.2 23:55 4 -1.4 0.9 12:38 -2.9 00:00 74 1023.6 3.1 2.8 10.3 11:21 W-NW 0.5 -3.1 00:00 5 2.4 3.3 20:18 0.2 00:00 79 1014.2 1.7 3.5 10.9 12:41 W 0.3 0.3 22:29 6 0.7 2.2 00:28 -0.4 23:58 76 1021.1 0.1 3.4 14.3 10:41 W-NW 0.4 -1.3 06:21 7 -3.3 -0.4 00:00 -5.8 07:50 70 1025.5 0.0 1.5 10.7 02:01 N-NW 0.4 -6.5 07:45 8 -1.5 0.0 22:12 -4.4 05:20 79 1006.4 11.9 0.5 4.6 09:00 E-SE 0.3 -3.5 05:09 9 0.6 3.5 12:04 -1.6 09:46 78 1002.2 0.6 1.1 5.9 02:11 W 0.3 -0.9 23:53 10 -0.2 3.0 11:54 -2.3 07:50 79 1012.3 0.0 3.8 11.1 15:21 E-NE 0.3 -2.0 07:29 11 -1.3 0.7 12:17 -5.0 18:48 76 1016.6 1.2 3.0 10.2 11:58 W-NW 0.4 -6.5 18:51 12 2.6 3.6 22:37 -2.1 00:00 78 1011.9 1.5 4.0 11.5 10:01 W 0.3 -0.9 00:00 13 4.1 7.0 13:51 2.2 06:21 78 999.8 8.5 2.9 9.3 13:41 S-SW 0.5 1.7 07:43 14 2.6 5.8 09:29 -1.3 23:57 72 1001.1 0.3 5.6 19.1 11:20 W 0.5 -1.5 22:59 15 2.9 4.3 23:51 -1.5 01:17 74 1009.0 0.0 5.2 15.8 12:41 W 0.5 -1.9 01:19 16 3.4 7.4 12:49 0.6 20:37 75 1009.9 0.0 2.7 16.1 01:31 W 0.6 -0.2 23:59 17 2.0 8.1 14:13 -2.6 08:23 78 1005.3 0.0 0.4 3.6 13:21 E 0.6 -3.7 07:11 18 1.2 4.4 15:09 -2.5 22:49 73 1015.5 0.0 2.2 8.9 14:52 W 0.5 -3.7 22:49 19 -1.8 0.2 14:23 -6.7 07:27 80 1018.1 0.0 1.0 2.8 00:04 E 0.3 -8.1 07:15 20 -1.5 1.1 14:37 -4.6 23:51 81 1015.6 0.0 0.7 3.0 02:32 E-NE 0.3 -6.3 23:31 21 -4.9 -0.7 12:25 -6.9 05:41 80 1016.4 0.0 0.4 2.6 14:20 W-NW 0.2 -8.7 07:23 22 -5.6 -1.6 14:59 -7.9 23:09 79 1011.5 0.0 0.7 2.1 14:13 N-NW 0.2 -9.0 23:21 23 -3.9 -2.4 23:01 -8.4 02:11 79 1000.1 0.3 1.4 4.3 13:20 N 0.2 -8.9 00:47 24 -3.0 0.5 12:55 -4.4 21:29 76 997.4 0.0 3.8 9.2 17:00 N-NW 0.3 -4.2 21:31 25 -3.2 0.0 14:25 -6.4 23:55 75 1017.0 0.0 3.1 9.9 13:50 N-NW 0.4 -7.6 23:55 26 -2.2 0.1 10:37 -6.9 00:17 79 1005.7 3.0 2.0 7.7 02:30 S-SW 0.2 -7.9 00:17 27 -0.6 2.5 14:45 -5.2 05:35 80 998.2 0.1 2.1 6.4 16:00 S 0.3 -6.5 06:35 28 -1.1 2.1 14:21 -4.5 23:45 78 995.1 5.7 1.1 7.0 04:10 E 0.3 -5.4 23:55 29 -0.4 4.5 12:49 -5.2 02:07 75 1004.7 0.0 1.6 7.4 12:00 W 0.5 -5.7 00:23 30 -1.4 1.7 13:33 -7.4 07:19 80 1000.9 0.0 1.0 5.1 10:50 E 0.3 -7.4 06:19 31 -0.6 0.5 23:17 -2.1 05:37 78 1001.2 0.0 0.8 3.8 22:15 E 0.3 -3.1 05:29 ------------------------------------------------------------------------------------------------------------------------------ Avg: -0.4 8.1 17 -8.4 23 77 1010.1 38.7 2.4 19.1 14 W 11.2 Wind Run 8030.5km Calm Values 0 Calm in % 0.0% Sun 102:46 h Distribution WD Values 44402 Distribution WD N-NO 3.417% Distribution WD NO 1.628% Distribution WD NO-O 7.164% Distribution WD O 7.261% Distribution WD O-SO 4.930% Distribution WD SO 2.786% Distribution WD SO-S 1.513% Distribution WD S 4.847% Distribution WD S-SW 5.063% Distribution WD SW 4.889% Distribution WD SW-W 6.085% Distribution WD W 15.947% Distribution WD W-NW 14.324% Distribution WD NW 4.493% Distribution WD NW-N 9.878% Distribution WD N 5.775% Rain days >0.0 mm Month 15 Rain days >2.0 mm Month 5 Rain days >20.0 mm Month 0 Ice days max < 0°C 4 Cold days min < 0°C 28 Cool days max < 10°C 31 Summer days max >=25°C 0 Hot days max >=30°C 0 Last year same Month: Ice days max < 0°C 2 Last year same Month: Cold days min < 0°C 11 Last year same Month: Cool days max < 10°C 29 Last year same Month: Summer days max >=25°C 0 Last year same Month: Hot days max >=30°C 0 © 1999-2017 Werner Krenn / Mischa Thurnherr - Weatherstation Operating- and Data Acquisition Software - V2.98.8


  ©UMa Astronomy

Creative Commons License
Meteo by UMa Astronomy is licensed under a Creative Commons Attribution-NonCommercial-NoDerivs 3.0 Unported License.