Blahová 11/13/2019
 Last update: 21:45
Updated every 10 minutes
 Cold 
 Akt.temp: 5.1°C
 Max.temp: 9.9°C
 Min.temp: 4.8°C
 Devpoint: 1.6 °C
 Wind speed:  1.7m/s
 Wind direction:  W-NW
 Max wind gust:  7.7m/s
 Precipitation:  11.9mm
 Pressure:  1006.7 hPa
 P.tendency: +3.1 hPa/3h
 Humidity: 78%
 Abs.humidity: 5.34 g/m3
Ground temperature
Min.temp 5.8°C /18:24
Akt.temp
6.4°C

2019: Jan | Feb | Mar | Apr | May | Jun | Jul | Aug | Sep | Oct | Nov | Dec 
2018: Jan | Feb | Mar | Apr | May | Jun | Jul | Aug | Sep | Oct | Nov | Dec 
2017: Jan | Feb | Mar | Apr | May | Jun | Jul | Aug | Sep | Oct | Nov | Dec 
2016: Jan | Feb | Mar | Apr | May | Jun | Jul | Aug | Sep | Oct | Nov | Dec 
2015: Jan | Feb | Mar | Apr | May | Jun | Jul | Aug | Sep | Oct | Nov | Dec 
2014: Jan | Feb | Mar | Apr | May | Jun | Jul | Aug | Sep | Oct | Nov | Dec 
2013: Jan | Feb | Mar | Apr | May | Jun | Jul | Aug | Sep | Oct | Nov | Dec 
2012: Jan | Feb | Mar | Apr | May | Jun | Jul | Aug | Sep | Oct | Nov | Dec 
2011: Jan | Feb | Mar | Apr | May | Jun | Jul | Aug | Sep | Oct | Nov | Dec 
2010: Jan | Feb | Mar | Apr | May | Jun | Jul | Aug | Sep | Oct | Nov | Dec 
2009: Jan | Feb | Mar | Apr | May | Jun | Jul | Aug | Sep | Oct | Nov | Dec 
2008: Jan | Feb | Mar | Apr | May | Jun | Jul | Aug | Sep | Oct | Nov | Dec 
2007: Jan | Feb | Mar | Apr | May | Jun | Jul | Aug | Sep | Oct | Nov | Dec 

Report for 2019 02
MONTHLY CLIMATOLOGICAL SUMMARY for February 2019 CITY: Blahova ELEV: 117 m LAT: 48° 2' 0" North LONG: 17° 6' 0" East TEMPERATURE (°C), BAROMETER (hPa), RAIN (mm), WIND SPEED (m/s) MEAN TEMPERATURE WIND DOM trans Ground DAY TEMP HIGH TIME LOW TIME HUM Baro Rain SPEED HIGH TIME DIR pirat min.temp time ------------------------------------------------------------------------------------------------------------------------------ 1 2.7 4.8 23:59 0.1 00:00 79 997.9 1.2 4.1 9.9 11:50 E-SE 0.3 -0.1 00:00 2 8.3 11.3 14:25 4.7 00:35 78 999.0 0.3 3.0 9.7 11:00 E 0.6 4.6 00:55 3 5.0 9.4 12:59 2.1 21:57 79 1008.3 8.4 4.2 12.5 21:50 E 0.5 1.8 21:53 4 0.8 3.9 12:51 -1.2 23:51 79 1026.5 0.0 2.6 11.2 03:29 W-NW 0.4 -1.9 21:46 5 -1.2 4.7 14:47 -4.4 07:51 80 1026.4 0.0 0.2 3.2 14:13 W 0.4 -5.3 23:23 6 -0.9 4.9 14:39 -4.6 23:59 77 1025.3 0.0 1.4 7.1 10:47 W 0.6 -5.5 22:58 7 -0.1 5.0 13:59 -5.9 03:11 79 1018.2 0.1 1.7 7.3 13:20 E 0.4 -6.8 02:34 8 1.2 6.4 15:03 -1.3 01:17 78 1020.0 0.0 0.8 2.9 14:10 E 0.5 -2.7 21:00 9 2.3 6.5 14:23 -1.0 04:19 79 1015.0 0.0 2.0 7.1 12:10 E 0.4 -1.5 05:08 10 5.5 8.8 22:39 -0.7 05:49 78 1005.5 0.1 3.0 9.7 13:37 E 0.5 -1.2 02:30 11 5.5 8.5 00:00 3.4 23:51 73 1009.5 1.6 4.9 13.7 14:50 W 0.6 3.0 06:44 12 2.4 5.1 13:41 0.7 23:51 71 1025.4 0.1 5.3 14.8 06:30 W-NW 0.6 0.5 23:54 13 4.4 7.1 14:31 -1.7 03:41 74 1031.9 0.0 1.9 7.4 00:30 W 0.6 -3.5 03:32 14 6.2 10.7 12:31 3.9 23:57 78 1032.8 0.0 2.4 7.9 11:40 W-NW 0.7 3.0 23:36 15 4.5 9.9 13:23 1.3 21:11 76 1031.5 0.0 2.0 4.8 07:40 W-NW 0.7 -0.9 21:12 16 1.5 9.8 15:09 -4.0 07:09 80 1029.1 0.0 0.2 2.3 00:30 N 0.5 -3.8 06:34 17 2.3 11.9 15:09 -3.6 07:01 76 1026.2 0.0 0.2 3.0 12:20 N 0.9 -4.5 07:14 18 5.2 12.7 15:29 -2.2 04:39 73 1020.1 0.0 1.2 3.3 13:37 N-NE 1.1 -3.9 05:04 19 4.6 12.7 15:23 -1.8 06:53 73 1016.5 0.0 1.0 3.4 13:20 E 1.2 -2.7 06:54 20 3.5 10.7 15:37 0.1 23:59 73 1022.6 0.0 1.2 6.5 16:00 W 0.9 -1.3 23:44 21 6.7 13.0 14:06 -1.5 03:05 73 1023.5 0.3 0.8 6.9 15:00 W 1.3 -2.9 02:40 22 2.6 9.3 10:10 -2.5 23:56 66 1028.6 2.4 5.8 18.6 15:35 N-NW 0.6 -2.9 23:56 23 -3.0 3.3 13:34 -5.6 06:58 61 1038.7 0.0 2.1 10.3 02:35 N-NW 0.9 -6.5 22:46 24 -0.2 2.9 15:42 -7.5 05:10 62 1034.9 0.0 0.8 3.3 10:50 W 0.7 -7.7 05:00 25 5.3 13.7 14:42 -1.8 07:04 62 1031.0 0.0 1.0 6.5 15:30 W-NW 1.8 -2.9 06:46 26 9.2 16.5 12:54 3.7 01:46 59 1025.4 0.0 4.0 12.0 14:27 W-NW 1.7 2.0 04:34 27 5.2 13.6 14:16 0.5 22:10 65 1022.9 0.0 1.7 8.9 13:20 W-NW 1.7 -1.2 22:12 28 10.7 19.3 12:54 -2.5 06:48 53 1011.7 0.0 3.5 12.3 14:40 W 2.9 -3.3 06:12 ------------------------------------------------------------------------------------------------------------------------------ Avg: 3.6 19.3 28 -7.5 24 73 1021.6 14.6 2.3 18.6 22 W 24.3 Wind Run 6781.4km Calm Values 0 Calm in % 0.0% Sun 166:03 h Distribution WD Values 40303 Distribution WD N-NO 3.007% Distribution WD NO 1.404% Distribution WD NO-O 5.933% Distribution WD O 10.910% Distribution WD O-SO 7.409% Distribution WD SO 3.960% Distribution WD SO-S 1.109% Distribution WD S 1.553% Distribution WD S-SW 3.583% Distribution WD SW 4.506% Distribution WD SW-W 5.260% Distribution WD W 16.994% Distribution WD W-NW 16.597% Distribution WD NW 4.754% Distribution WD NW-N 8.582% Distribution WD N 4.439% Rain days >0.0 mm Month 9 Rain days >2.0 mm Month 2 Rain days >20.0 mm Month 0 Ice days max < 0°C 0 Cold days min < 0°C 18 Cool days max < 10°C 17 Summer days max >=25°C 0 Hot days max >=30°C 0 Last year same Month: Ice days max < 0°C 4 Last year same Month: Cold days min < 0°C 25 Last year same Month: Cool days max < 10°C 28 Last year same Month: Summer days max >=25°C 0 Last year same Month: Hot days max >=30°C 0 © 1999-2017 Werner Krenn / Mischa Thurnherr - Weatherstation Operating- and Data Acquisition Software - V2.98.8


  ©UMa Astronomy

Creative Commons License
Meteo by UMa Astronomy is licensed under a Creative Commons Attribution-NonCommercial-NoDerivs 3.0 Unported License.