Blahová 11/13/2019
 Last update: 20:23
Updated every 10 minutes
 Cold 
 Akt.temp: 5.3°C
 Max.temp: 9.9°C
 Min.temp: 4.8°C
 Devpoint: 2 °C
 Wind speed: 2.0m/s
 Wind direction: W
 Max wind gust: 7.7m/s
 Precipitation: 11.8mm
 Pressure: 1005.5 hPa
 P.tendency: +3.9 hPa/3h
 Humidity: 79%
 Abs.humidity: 5.48 g/m3
Ground temperature
Min.temp 5.8°C /18:24
Akt.temp
6.5°C

2019: Jan | Feb | Mar | Apr | May | Jun | Jul | Aug | Sep | Oct | Nov | Dec 
2018: Jan | Feb | Mar | Apr | May | Jun | Jul | Aug | Sep | Oct | Nov | Dec 
2017: Jan | Feb | Mar | Apr | May | Jun | Jul | Aug | Sep | Oct | Nov | Dec 
2016: Jan | Feb | Mar | Apr | May | Jun | Jul | Aug | Sep | Oct | Nov | Dec 
2015: Jan | Feb | Mar | Apr | May | Jun | Jul | Aug | Sep | Oct | Nov | Dec 
2014: Jan | Feb | Mar | Apr | May | Jun | Jul | Aug | Sep | Oct | Nov | Dec 
2013: Jan | Feb | Mar | Apr | May | Jun | Jul | Aug | Sep | Oct | Nov | Dec 
2012: Jan | Feb | Mar | Apr | May | Jun | Jul | Aug | Sep | Oct | Nov | Dec 
2011: Jan | Feb | Mar | Apr | May | Jun | Jul | Aug | Sep | Oct | Nov | Dec 
2010: Jan | Feb | Mar | Apr | May | Jun | Jul | Aug | Sep | Oct | Nov | Dec 
2009: Jan | Feb | Mar | Apr | May | Jun | Jul | Aug | Sep | Oct | Nov | Dec 
2008: Jan | Feb | Mar | Apr | May | Jun | Jul | Aug | Sep | Oct | Nov | Dec 
2007: Jan | Feb | Mar | Apr | May | Jun | Jul | Aug | Sep | Oct | Nov | Dec 

Report for 2019 03
MONTHLY CLIMATOLOGICAL SUMMARY for March 2019 CITY: Blahova ELEV: 117 m LAT: 48° 2' 0" North LONG: 17° 6' 0" East TEMPERATURE (°C), BAROMETER (hPa), RAIN (mm), WIND SPEED (m/s) MEAN TEMPERATURE WIND DOM trans Ground DAY TEMP HIGH TIME LOW TIME HUM Baro Rain SPEED HIGH TIME DIR pirat min.temp time ------------------------------------------------------------------------------------------------------------------------------ 1 9.1 14.8 12:04 7.1 01:32 74 1010.3 1.4 4.0 12.7 11:57 W 1.0 6.2 01:32 2 4.8 7.6 00:00 3.6 06:52 78 1015.8 0.5 2.0 6.5 13:50 W-NW 0.5 2.6 06:28 3 7.2 14.1 15:34 2.6 03:52 73 1012.5 0.1 1.2 8.2 13:23 S 1.2 2.0 23:16 4 10.4 17.3 12:32 1.8 05:06 59 1002.9 0.0 2.9 19.6 18:40 SE 2.1 0.8 04:58 5 9.2 13.5 12:02 4.2 05:30 57 1010.3 0.3 3.3 15.3 13:48 W 1.5 1.5 05:18 6 8.3 13.0 15:32 1.1 06:32 64 1012.7 0.0 3.1 9.8 20:10 E-SE 1.6 -0.9 06:26 7 12.4 19.1 15:50 7.2 02:24 66 1005.6 0.2 4.4 19.6 15:38 S 2.1 6.4 02:56 8 10.7 14.2 15:32 7.8 02:46 62 1015.2 0.0 2.5 7.0 14:20 S-SW 1.2 7.2 03:40 9 9.2 13.7 16:24 4.2 05:40 71 1015.0 1.3 2.5 14.1 23:50 S-SW 1.2 2.1 04:56 10 9.9 13.1 20:20 4.1 07:02 72 1007.2 3.8 3.4 19.3 23:00 S 0.5 2.4 05:54 11 5.1 10.8 12:26 2.8 19:58 67 1014.0 0.0 4.4 17.9 02:00 W 0.8 1.8 19:16 12 3.0 9.7 13:50 -1.3 22:38 69 1017.8 0.5 2.6 10.1 02:00 W 1.2 -2.5 22:38 13 4.9 8.4 14:06 -1.1 00:22 74 1010.8 0.1 2.7 7.8 15:40 S 0.8 -2.6 00:16 14 7.8 11.3 14:56 2.0 02:22 62 1004.3 0.5 3.3 9.8 22:22 S-SW 1.2 1.2 02:22 15 7.9 12.1 12:20 5.3 02:10 73 1004.5 10.6 3.2 13.2 10:50 W 1.2 4.0 06:54 16 6.4 11.8 02:54 5.4 21:20 78 1009.2 2.0 1.5 13.0 03:00 W 0.5 4.2 20:50 17 12.1 19.5 15:22 0.4 04:40 67 1004.7 0.0 2.5 9.7 19:40 SE 1.8 -0.6 04:26 18 6.5 10.8 00:00 3.3 23:54 70 1015.5 0.0 2.6 16.8 00:40 W 1.0 2.4 23:54 19 5.0 11.1 13:40 1.3 23:54 65 1024.6 0.0 1.6 7.7 13:09 N-NW 1.3 -0.7 23:58 20 4.1 11.3 13:06 -1.0 05:42 63 1031.9 0.0 2.1 8.0 15:39 N-NW 1.5 -2.9 23:48 21 6.3 14.1 14:38 -3.3 06:10 59 1032.4 0.0 0.9 3.4 15:29 W 1.9 -4.8 05:36 22 9.4 18.4 14:52 -0.7 05:14 66 1028.9 0.0 1.0 3.4 14:39 W 2.3 -2.3 05:42 23 10.2 19.4 14:46 1.5 06:10 70 1024.6 0.0 1.1 3.8 15:49 S-SW 2.2 0.1 05:40 24 11.9 20.5 13:32 2.5 04:24 66 1017.8 0.0 1.1 5.4 22:49 W 2.6 0.6 05:44 25 7.7 14.0 12:40 4.2 23:52 66 1015.1 0.0 2.7 15.9 16:40 W-NW 1.1 3.8 23:54 26 7.9 10.9 12:28 2.5 05:32 56 1022.7 0.0 4.7 10.9 14:52 W-NW 1.4 1.8 05:36 27 6.3 12.1 13:28 2.6 23:06 62 1026.4 0.0 3.0 8.1 02:39 N-NW 1.7 0.2 20:22 28 8.7 14.3 14:18 -1.0 05:18 71 1029.7 0.0 1.9 6.0 17:09 N-NW 1.6 -2.7 05:36 29 8.1 15.4 14:24 3.3 06:12 66 1029.9 0.0 1.6 5.0 11:19 W 1.9 -0.1 23:54 30 9.1 17.9 14:10 0.5 05:50 63 1022.0 0.0 1.3 3.2 12:49 W 2.4 -1.7 05:22 31 12.0 20.5 14:44 0.2 05:44 58 1017.2 0.0 1.8 6.8 23:39 N-NW 3.0 -1.5 05:38 ------------------------------------------------------------------------------------------------------------------------------ Avg: 8.1 20.5 31 -3.3 21 67 1016.5 21.2 2.5 19.6 7 W 46.3 Wind Run 8152.2km Calm Values 0 Calm in % 0.0% Sun 223:06 h Distribution WD Values 44622 Distribution WD N-NO 1.914% Distribution WD NO 0.896% Distribution WD NO-O 2.136% Distribution WD O 2.869% Distribution WD O-SO 3.395% Distribution WD SO 4.756% Distribution WD SO-S 3.588% Distribution WD S 7.200% Distribution WD S-SW 8.393% Distribution WD SW 7.662% Distribution WD SW-W 7.989% Distribution WD W 19.649% Distribution WD W-NW 13.881% Distribution WD NW 4.428% Distribution WD NW-N 8.505% Distribution WD N 2.739% Rain days >0.0 mm Month 12 Rain days >2.0 mm Month 2 Rain days >20.0 mm Month 0 Ice days max < 0°C 0 Cold days min < 0°C 6 Cool days max < 10°C 3 Summer days max >=25°C 0 Hot days max >=30°C 0 Last year same Month: Ice days max < 0°C 2 Last year same Month: Cold days min < 0°C 16 Last year same Month: Cool days max < 10°C 20 Last year same Month: Summer days max >=25°C 0 Last year same Month: Hot days max >=30°C 0 © 1999-2017 Werner Krenn / Mischa Thurnherr - Weatherstation Operating- and Data Acquisition Software - V2.98.8


  ©UMa Astronomy

Creative Commons License
Meteo by UMa Astronomy is licensed under a Creative Commons Attribution-NonCommercial-NoDerivs 3.0 Unported License.