Blahová 11/13/2019
 Last update: 20:58
Updated every 10 minutes
 Cold 
 Akt.temp: 5.3°C
 Max.temp: 9.9°C
 Min.temp: 4.8°C
 Devpoint: 1.8 °C
 Wind speed: 1.8m/s
 Wind direction: W
 Max wind gust: 7.7m/s
 Precipitation: 11.8mm
 Pressure: 1005.9 hPa
 P.tendency: +3.4 hPa/3h
 Humidity: 78%
 Abs.humidity: 5.41 g/m3
Ground temperature
Min.temp 5.8°C /18:24
Akt.temp
6.5°C

2019: Jan | Feb | Mar | Apr | May | Jun | Jul | Aug | Sep | Oct | Nov | Dec 
2018: Jan | Feb | Mar | Apr | May | Jun | Jul | Aug | Sep | Oct | Nov | Dec 
2017: Jan | Feb | Mar | Apr | May | Jun | Jul | Aug | Sep | Oct | Nov | Dec 
2016: Jan | Feb | Mar | Apr | May | Jun | Jul | Aug | Sep | Oct | Nov | Dec 
2015: Jan | Feb | Mar | Apr | May | Jun | Jul | Aug | Sep | Oct | Nov | Dec 
2014: Jan | Feb | Mar | Apr | May | Jun | Jul | Aug | Sep | Oct | Nov | Dec 
2013: Jan | Feb | Mar | Apr | May | Jun | Jul | Aug | Sep | Oct | Nov | Dec 
2012: Jan | Feb | Mar | Apr | May | Jun | Jul | Aug | Sep | Oct | Nov | Dec 
2011: Jan | Feb | Mar | Apr | May | Jun | Jul | Aug | Sep | Oct | Nov | Dec 
2010: Jan | Feb | Mar | Apr | May | Jun | Jul | Aug | Sep | Oct | Nov | Dec 
2009: Jan | Feb | Mar | Apr | May | Jun | Jul | Aug | Sep | Oct | Nov | Dec 
2008: Jan | Feb | Mar | Apr | May | Jun | Jul | Aug | Sep | Oct | Nov | Dec 
2007: Jan | Feb | Mar | Apr | May | Jun | Jul | Aug | Sep | Oct | Nov | Dec 

Report for 2019 05
MONTHLY CLIMATOLOGICAL SUMMARY for May 2019 CITY: Blahova ELEV: 117 m LAT: 48° 2' 0" North LONG: 17° 6' 0" East TEMPERATURE (°C), BAROMETER (hPa), RAIN (mm), WIND SPEED (m/s) MEAN TEMPERATURE WIND DOM trans Ground DAY TEMP HIGH TIME LOW TIME HUM Baro Rain SPEED HIGH TIME DIR pirat min.temp time ------------------------------------------------------------------------------------------------------------------------------ 1 14.1 19.9 13:50 8.4 04:36 64 1008.8 0.0 3.0 11.5 09:28 W 4.1 6.3 04:36 2 15.6 22.8 14:16 10.2 03:08 60 1006.3 0.0 1.9 8.9 14:58 W 5.3 8.5 03:12 3 12.3 16.6 13:44 9.3 23:08 74 1007.5 2.1 1.9 8.4 07:28 W 1.8 7.5 21:08 4 11.3 13.9 13:32 9.3 00:00 76 1004.0 4.3 0.7 6.0 22:58 E 1.2 9.1 23:54 5 5.5 9.3 00:00 4.6 07:42 77 1006.4 21.8 4.4 13.1 10:28 N-NW 0.6 4.8 05:34 6 8.5 10.5 15:30 5.9 03:50 66 1012.5 0.1 3.7 13.4 12:48 N-NW 1.5 5.0 02:00 7 8.3 14.1 13:29 3.7 04:20 67 1015.7 0.0 1.5 9.1 11:10 W 2.1 2.4 23:54 8 13.1 17.5 14:04 0.6 04:34 62 1009.2 0.0 4.4 9.5 22:46 E-SE 2.7 -0.5 04:10 9 10.1 13.3 15:00 6.5 22:38 76 1002.9 4.2 1.2 9.0 00:02 S 1.1 6.4 22:08 10 11.6 18.8 11:52 6.2 01:42 76 1009.5 1.0 1.0 8.9 14:19 W 1.4 7.2 01:10 11 15.7 22.2 13:18 4.9 04:36 71 1010.8 2.8 0.6 9.4 22:07 S 3.3 5.3 04:26 12 12.0 16.1 12:48 9.3 23:22 76 1019.1 1.6 4.1 13.1 21:37 W-NW 1.3 8.8 23:14 13 9.5 12.3 14:15 8.1 19:20 74 1024.8 6.0 3.2 15.6 14:08 W-NW 1.4 8.3 19:29 14 7.2 8.1 00:00 6.4 21:19 77 1019.9 4.5 3.8 12.9 11:52 N 0.7 7.9 21:32 15 8.9 10.7 11:06 6.5 00:00 77 1013.6 10.2 2.8 8.3 10:20 W-NW 0.9 8.2 00:15 16 10.6 13.7 15:13 7.5 23:59 77 1013.0 1.3 1.0 5.4 00:34 S 1.1 9.0 00:00 17 11.1 16.1 14:22 4.4 04:17 76 1011.8 0.0 0.9 6.5 09:51 SE 1.6 5.2 04:21 18 15.0 20.8 14:27 7.3 03:42 72 1008.3 0.1 0.8 5.7 09:55 E 3.0 5.4 03:50 19 17.3 21.4 13:53 7.6 03:53 73 1003.8 0.0 0.7 6.3 00:23 W-NW 2.4 6.4 03:42 20 15.1 19.9 17:18 12.2 23:56 75 1003.4 10.1 1.8 8.4 13:15 SE 1.6 9.7 23:59 21 15.1 20.7 12:13 8.7 04:42 75 1006.2 1.6 2.2 9.2 15:25 W 1.4 6.6 04:29 22 13.8 15.0 11:07 12.9 05:07 74 1010.2 18.0 4.0 10.6 10:55 W 1.3 12.0 06:19 23 12.4 15.4 13:45 10.6 23:27 76 1014.9 0.2 2.1 9.7 14:15 W 1.4 9.0 23:41 24 16.3 21.8 13:43 10.1 02:49 68 1012.1 0.0 1.8 7.4 10:25 W-NW 3.5 7.4 02:52 25 17.6 24.6 13:28 8.3 03:59 67 1012.9 0.0 0.5 5.4 11:20 W-SW 4.6 6.1 03:57 26 19.0 25.7 13:39 12.4 00:15 70 1013.0 0.2 0.7 6.0 07:16 SW 4.5 11.0 00:02 27 17.2 21.7 12:36 14.4 02:33 75 1009.8 2.9 1.4 7.0 14:21 SE 1.7 12.8 21:58 28 16.6 20.5 12:01 14.3 01:48 76 1003.3 7.7 1.4 8.4 12:24 SE 1.4 13.1 22:57 29 15.2 18.4 14:15 12.1 23:48 73 1009.2 2.1 3.9 11.3 13:57 N-NW 1.9 11.9 23:56 30 10.8 12.1 00:00 10.3 23:51 76 1021.5 30.3 2.5 8.9 13:16 N-NW 1.0 9.5 19:38 31 16.7 22.9 14:21 10.4 00:00 67 1021.3 0.1 1.8 7.3 09:14 N-NW 3.4 10.0 00:03 ------------------------------------------------------------------------------------------------------------------------------ Avg: 13.0 25.7 26 0.6 8 72 1011.2 133.3 2.1 15.6 13 W-NW 65.1 Wind Run 7215.7km Calm Values 0 Calm in % 0.0% Sun 213:17 h Distribution WD Values 44360 Distribution WD N-NO 2.223% Distribution WD NO 1.143% Distribution WD NO-O 2.541% Distribution WD O 5.358% Distribution WD O-SO 6.578% Distribution WD SO 7.647% Distribution WD SO-S 3.641% Distribution WD S 3.600% Distribution WD S-SW 3.521% Distribution WD SW 3.940% Distribution WD SW-W 6.188% Distribution WD W 14.301% Distribution WD W-NW 16.330% Distribution WD NW 4.669% Distribution WD NW-N 12.160% Distribution WD N 6.161% Rain days >0.0 mm Month 23 Rain days >2.0 mm Month 14 Rain days >20.0 mm Month 2 Ice days max < 0°C 0 Cold days min < 0°C 0 Cool days max < 10°C 2 Summer days max >=25°C 1 Hot days max >=30°C 0 Last year same Month: Ice days max < 0°C 0 Last year same Month: Cold days min < 0°C 0 Last year same Month: Cool days max < 10°C 0 Last year same Month: Summer days max >=25°C 20 Last year same Month: Hot days max >=30°C 1 © 1999-2017 Werner Krenn / Mischa Thurnherr - Weatherstation Operating- and Data Acquisition Software - V2.98.8


  ©UMa Astronomy

Creative Commons License
Meteo by UMa Astronomy is licensed under a Creative Commons Attribution-NonCommercial-NoDerivs 3.0 Unported License.