Blahová 10/18/2019
 Last update: 00:33
Updated every 10 minutes
 Cold 
 Akt.temp: 9.9°C
 Max.temp: 10.2°C
 Min.temp: 9.8°C
 Devpoint: 6.1 °C
 Wind speed: 0.0m/s
 Wind direction: 000
 Max wind gust: 0.0m/s
 Precipitation: 0.0mm
 Pressure: 1016.3 hPa
 P.tendency: -- hPa/3h
 Humidity: 77%
 Abs.humidity: 7.19 g/m3
Ground temperature
Min.temp 7.2°C /00:33
Akt.temp
7.2°C

2019: Jan | Feb | Mar | Apr | May | Jun | Jul | Aug | Sep | Oct | Nov | Dec 
2018: Jan | Feb | Mar | Apr | May | Jun | Jul | Aug | Sep | Oct | Nov | Dec 
2017: Jan | Feb | Mar | Apr | May | Jun | Jul | Aug | Sep | Oct | Nov | Dec 
2016: Jan | Feb | Mar | Apr | May | Jun | Jul | Aug | Sep | Oct | Nov | Dec 
2015: Jan | Feb | Mar | Apr | May | Jun | Jul | Aug | Sep | Oct | Nov | Dec 
2014: Jan | Feb | Mar | Apr | May | Jun | Jul | Aug | Sep | Oct | Nov | Dec 
2013: Jan | Feb | Mar | Apr | May | Jun | Jul | Aug | Sep | Oct | Nov | Dec 
2012: Jan | Feb | Mar | Apr | May | Jun | Jul | Aug | Sep | Oct | Nov | Dec 
2011: Jan | Feb | Mar | Apr | May | Jun | Jul | Aug | Sep | Oct | Nov | Dec 
2010: Jan | Feb | Mar | Apr | May | Jun | Jul | Aug | Sep | Oct | Nov | Dec 
2009: Jan | Feb | Mar | Apr | May | Jun | Jul | Aug | Sep | Oct | Nov | Dec 
2008: Jan | Feb | Mar | Apr | May | Jun | Jul | Aug | Sep | Oct | Nov | Dec 
2007: Jan | Feb | Mar | Apr | May | Jun | Jul | Aug | Sep | Oct | Nov | Dec 

Report for 2019 06
MONTHLY CLIMATOLOGICAL SUMMARY for June 2019 CITY: Blahova ELEV: 117 m LAT: 48° 2' 0" North LONG: 17° 6' 0" East TEMPERATURE (°C), BAROMETER (hPa), RAIN (mm), WIND SPEED (m/s) MEAN TEMPERATURE WIND DOM trans Ground DAY TEMP HIGH TIME LOW TIME HUM Baro Rain SPEED HIGH TIME DIR pirat min.temp time ------------------------------------------------------------------------------------------------------------------------------ 1 20.6 26.3 13:35 10.2 04:08 68 1018.3 0.0 2.1 8.2 12:34 N-NW 3.8 8.8 03:51 2 20.7 27.6 13:36 14.9 23:48 68 1017.3 0.1 0.7 7.8 18:27 N 4.6 13.6 23:56 3 22.2 28.8 13:53 13.1 04:13 66 1015.2 3.6 1.3 9.2 21:04 N 6.1 12.0 04:00 4 22.2 28.3 13:25 16.1 05:22 69 1011.7 0.1 1.0 4.7 17:32 E-NE 5.0 14.9 04:45 5 22.1 28.7 13:05 14.9 02:41 70 1009.3 0.0 1.1 8.6 14:58 E 5.1 13.5 03:28 6 20.0 23.8 15:26 15.8 04:16 74 1010.9 0.1 1.2 7.7 11:18 E 2.3 15.3 04:29 7 21.5 26.0 13:19 16.8 02:39 73 1013.6 0.2 1.5 5.3 14:50 E 2.9 16.2 02:41 8 20.1 24.6 14:39 15.0 23:37 67 1020.8 0.0 2.5 10.7 12:09 W-NW 3.7 13.3 23:31 9 22.7 28.3 14:57 14.7 00:21 68 1020.2 0.0 1.0 5.1 12:46 SW 4.4 11.8 03:30 10 25.0 30.2 14:25 18.0 02:39 69 1014.1 0.0 2.2 11.5 16:51 E-SE 5.2 19.2 00:00 11 25.5 31.0 13:55 19.4 04:20 67 1012.1 0.0 1.9 11.0 11:05 E 5.4 18.8 04:16 12 25.3 30.5 13:26 19.7 04:33 66 1011.3 0.0 2.2 12.7 11:08 E-SE 5.6 19.2 03:55 13 26.6 32.4 14:12 20.5 04:21 66 1012.1 0.0 1.5 7.6 17:24 SE 5.8 19.1 02:19 14 25.1 32.6 14:16 16.8 04:07 67 1016.1 0.0 0.5 3.6 10:16 E 7.3 15.9 03:31 15 27.0 32.5 14:05 18.3 02:10 66 1012.0 0.0 1.4 6.5 12:14 SE 6.2 17.2 02:11 16 23.7 28.5 11:35 19.6 04:18 71 1015.5 0.7 2.6 8.6 11:50 W-NW 4.0 18.6 04:08 17 22.3 28.6 14:02 17.7 23:57 68 1017.3 0.0 2.0 8.2 15:30 N-NW 4.6 16.2 23:19 18 23.0 28.6 13:45 15.6 03:52 67 1015.2 0.0 0.7 4.0 14:01 E 5.1 14.6 03:37 19 22.2 28.1 11:18 17.6 03:11 74 1011.8 0.1 1.6 5.4 11:54 E 2.4 16.9 03:01 20 22.3 28.4 14:21 17.6 04:24 72 1011.8 12.5 1.1 5.9 19:24 E-NE 4.0 16.4 23:56 21 22.5 28.7 14:55 16.3 01:56 68 1015.0 0.7 1.2 5.5 16:04 W 4.8 15.1 01:27 22 22.0 29.1 13:48 18.0 02:07 71 1015.5 0.6 1.5 9.9 14:53 N 4.6 16.5 00:58 23 21.1 25.5 14:09 18.2 02:01 74 1015.8 37.0 1.5 8.3 15:02 N 2.9 17.3 00:41 24 24.7 30.3 13:50 16.8 04:09 68 1019.7 0.0 0.7 8.2 10:31 N 5.6 16.1 04:04 25 25.8 31.2 14:40 19.0 04:25 69 1023.2 0.0 1.0 5.3 11:55 E 5.3 18.2 03:35 26 27.4 32.9 13:36 20.5 04:18 67 1021.6 0.0 1.5 6.9 11:51 SE 6.3 19.4 04:00 27 26.0 34.2 12:44 19.7 23:57 55 1016.7 0.0 1.9 9.4 17:00 W-NW 7.0 17.3 22:43 28 21.2 26.4 14:13 14.8 23:59 53 1020.0 0.0 2.8 13.4 10:33 N-NW 5.2 13.2 23:46 29 22.0 28.5 13:43 12.5 04:27 60 1020.2 0.0 0.5 4.4 13:43 N-NW 6.3 11.6 04:28 30 24.7 31.5 13:48 14.0 04:09 61 1017.6 0.0 2.1 8.3 17:22 S-SE 7.4 13.5 04:21 ------------------------------------------------------------------------------------------------------------------------------ Avg: 23.2 34.2 27 10.2 1 67 1015.7 55.8 1.5 13.4 28 E 148.7 Wind Run 5179.7km Calm Values 0 Calm in % 0.0% Sun 231:18 h Distribution WD Values 43107 Distribution WD N-NO 6.985% Distribution WD NO 2.700% Distribution WD NO-O 8.725% Distribution WD O 12.376% Distribution WD O-SO 10.771% Distribution WD SO 10.154% Distribution WD SO-S 3.825% Distribution WD S 3.807% Distribution WD S-SW 1.819% Distribution WD SW 1.944% Distribution WD SW-W 1.724% Distribution WD W 5.811% Distribution WD W-NW 6.595% Distribution WD NW 2.758% Distribution WD NW-N 10.186% Distribution WD N 9.820% Rain days >0.0 mm Month 11 Rain days >2.0 mm Month 3 Rain days >20.0 mm Month 1 Ice days max < 0°C 0 Cold days min < 0°C 0 Cool days max < 10°C 0 Summer days max >=25°C 28 Hot days max >=30°C 11 Last year same Month: Ice days max < 0°C 0 Last year same Month: Cold days min < 0°C 0 Last year same Month: Cool days max < 10°C 0 Last year same Month: Summer days max >=25°C 21 Last year same Month: Hot days max >=30°C 5 © 1999-2017 Werner Krenn / Mischa Thurnherr - Weatherstation Operating- and Data Acquisition Software - V2.98.8


  ©UMa Astronomy

Creative Commons License
Meteo by UMa Astronomy is licensed under a Creative Commons Attribution-NonCommercial-NoDerivs 3.0 Unported License.