Blahová 11/13/2019
 Last update: 20:48
Updated every 10 minutes
 Cold 
 Akt.temp: 5.3°C
 Max.temp: 9.9°C
 Min.temp: 4.8°C
 Devpoint: 2 °C
 Wind speed: 1.8m/s
 Wind direction: W
 Max wind gust: 7.7m/s
 Precipitation: 11.8mm
 Pressure: 1005.9 hPa
 P.tendency: +3.4 hPa/3h
 Humidity: 79%
 Abs.humidity: 5.48 g/m3
Ground temperature
Min.temp 5.8°C /18:24
Akt.temp
6.6°C

2019: Jan | Feb | Mar | Apr | May | Jun | Jul | Aug | Sep | Oct | Nov | Dec 
2018: Jan | Feb | Mar | Apr | May | Jun | Jul | Aug | Sep | Oct | Nov | Dec 
2017: Jan | Feb | Mar | Apr | May | Jun | Jul | Aug | Sep | Oct | Nov | Dec 
2016: Jan | Feb | Mar | Apr | May | Jun | Jul | Aug | Sep | Oct | Nov | Dec 
2015: Jan | Feb | Mar | Apr | May | Jun | Jul | Aug | Sep | Oct | Nov | Dec 
2014: Jan | Feb | Mar | Apr | May | Jun | Jul | Aug | Sep | Oct | Nov | Dec 
2013: Jan | Feb | Mar | Apr | May | Jun | Jul | Aug | Sep | Oct | Nov | Dec 
2012: Jan | Feb | Mar | Apr | May | Jun | Jul | Aug | Sep | Oct | Nov | Dec 
2011: Jan | Feb | Mar | Apr | May | Jun | Jul | Aug | Sep | Oct | Nov | Dec 
2010: Jan | Feb | Mar | Apr | May | Jun | Jul | Aug | Sep | Oct | Nov | Dec 
2009: Jan | Feb | Mar | Apr | May | Jun | Jul | Aug | Sep | Oct | Nov | Dec 
2008: Jan | Feb | Mar | Apr | May | Jun | Jul | Aug | Sep | Oct | Nov | Dec 
2007: Jan | Feb | Mar | Apr | May | Jun | Jul | Aug | Sep | Oct | Nov | Dec 

Report for 2019 09
MONTHLY CLIMATOLOGICAL SUMMARY for September 2019 CITY: Blahova ELEV: 117 m LAT: 48° 2' 0" North LONG: 17° 6' 0" East TEMPERATURE (°C), BAROMETER (hPa), RAIN (mm), WIND SPEED (m/s) MEAN TEMPERATURE WIND DOM trans Ground DAY TEMP HIGH TIME LOW TIME HUM Baro Rain SPEED HIGH TIME DIR pirat min.temp time ------------------------------------------------------------------------------------------------------------------------------ 1 24.3 32.0 13:40 17.7 05:30 66 1013.7 0.0 0.7 4.2 14:25 SE 6.0 15.7 04:38 2 18.9 23.5 14:16 15.3 23:56 74 1018.0 3.1 3.1 9.6 18:55 W 1.9 14.2 23:52 3 16.0 21.9 12:58 11.8 23:32 67 1021.0 1.4 2.0 11.4 11:40 N-NW 3.2 10.6 23:16 4 17.1 24.2 13:42 9.3 05:28 67 1017.1 0.1 1.0 4.1 13:55 E 3.9 9.2 05:08 5 18.8 26.1 13:56 11.6 05:24 69 1014.6 0.0 0.4 5.4 11:05 E 3.9 11.1 00:55 6 19.0 24.5 13:32 16.2 05:42 69 1018.2 0.0 1.9 8.3 09:35 N-NW 2.8 14.8 04:54 7 17.2 20.6 15:08 15.7 21:36 75 1015.5 2.6 1.2 5.3 18:25 N-NW 1.5 16.5 18:23 8 16.7 19.4 14:42 13.9 05:56 76 1014.5 23.4 0.3 4.3 05:20 W 1.3 14.8 05:21 9 14.5 17.6 13:29 11.4 23:58 75 1011.1 5.0 0.8 7.3 19:41 E-NE 1.2 10.1 23:58 10 15.4 21.2 13:36 8.3 05:48 73 1018.0 0.0 1.5 6.3 12:48 E-SE 2.3 8.2 05:40 11 16.7 23.8 13:56 10.3 05:12 70 1022.2 0.1 0.5 3.3 13:36 E-NE 3.3 9.7 04:50 12 18.0 24.7 13:48 10.2 05:22 69 1027.5 0.0 1.5 6.8 12:51 W 3.5 10.2 05:08 13 20.8 25.6 13:44 12.1 03:12 67 1027.9 0.0 1.5 5.9 11:51 W-NW 3.4 12.2 02:18 14 16.3 22.9 13:18 10.5 23:46 65 1028.7 0.0 2.0 7.6 09:12 N-NW 3.2 10.7 23:24 15 16.1 23.0 14:00 7.2 04:58 71 1021.8 0.0 1.0 5.0 13:11 N 2.9 8.7 04:20 16 19.0 26.7 13:00 10.5 05:14 68 1015.6 0.0 0.6 5.6 13:01 N-NW 4.4 11.0 05:24 17 16.9 19.8 08:58 14.3 23:26 74 1013.2 0.0 1.4 5.9 10:01 W 1.5 13.6 23:56 18 11.2 18.1 13:22 7.2 21:34 63 1021.5 0.0 1.5 13.5 16:38 W 2.9 7.5 21:21 19 11.4 17.8 12:52 6.4 06:04 62 1025.5 0.0 1.8 7.9 11:22 W 2.5 5.2 23:56 20 10.2 18.7 13:28 3.3 05:02 68 1026.8 0.0 0.8 6.5 11:09 W 2.8 2.5 05:01 21 11.6 19.8 13:28 3.9 05:04 67 1023.9 0.0 1.3 7.0 13:38 E 3.0 3.2 05:09 22 14.9 21.9 14:17 6.2 05:40 57 1015.1 0.0 2.4 10.1 11:08 E 3.8 5.1 05:18 23 15.5 19.0 10:35 12.5 03:41 68 1013.8 0.0 1.1 6.8 09:56 E-NE 1.9 11.3 03:25 24 15.7 22.4 14:08 12.8 23:19 72 1011.6 0.0 0.6 4.3 14:24 N-NW 2.5 12.2 22:55 25 16.6 20.3 11:45 11.6 01:37 75 1009.8 0.0 1.7 6.6 08:14 S 1.7 10.6 01:34 26 14.9 21.6 13:27 10.6 23:59 72 1014.1 0.0 1.2 6.9 08:06 W 2.5 9.5 23:33 27 16.1 22.9 15:09 8.7 04:32 73 1014.6 0.0 1.0 5.0 15:08 SE 2.5 8.1 04:11 28 15.4 19.1 09:12 13.0 04:03 77 1016.9 1.0 0.7 4.4 08:32 W 1.0 12.1 21:39 29 17.1 22.9 12:49 12.7 03:44 75 1010.2 0.0 1.7 8.3 12:53 SE 2.0 11.5 02:24 30 17.5 24.5 11:04 14.1 00:47 59 1009.5 0.1 3.4 22.5 11:51 W 3.9 11.2 22:08 ------------------------------------------------------------------------------------------------------------------------------ Avg: 16.3 32.0 1 3.3 20 69 1017.7 36.9 1.4 22.5 30 W 83.2 Wind Run 4525.3km Calm Values 0 Calm in % 0.0% Sun 220:57 h Distribution WD Values 42024 Distribution WD N-NO 4.386% Distribution WD NO 2.096% Distribution WD NO-O 6.984% Distribution WD O 7.841% Distribution WD O-SO 6.763% Distribution WD SO 6.542% Distribution WD SO-S 3.115% Distribution WD S 4.819% Distribution WD S-SW 4.300% Distribution WD SW 4.221% Distribution WD SW-W 5.973% Distribution WD W 13.380% Distribution WD W-NW 10.649% Distribution WD NW 3.398% Distribution WD NW-N 9.545% Distribution WD N 5.989% Rain days >0.0 mm Month 9 Rain days >2.0 mm Month 4 Rain days >20.0 mm Month 1 Ice days max < 0°C 0 Cold days min < 0°C 0 Cool days max < 10°C 0 Summer days max >=25°C 4 Hot days max >=30°C 1 Last year same Month: Ice days max < 0°C 0 Last year same Month: Cold days min < 0°C 0 Last year same Month: Cool days max < 10°C 0 Last year same Month: Summer days max >=25°C 17 Last year same Month: Hot days max >=30°C 0 © 1999-2017 Werner Krenn / Mischa Thurnherr - Weatherstation Operating- and Data Acquisition Software - V2.98.8


  ©UMa Astronomy

Creative Commons License
Meteo by UMa Astronomy is licensed under a Creative Commons Attribution-NonCommercial-NoDerivs 3.0 Unported License.