Blahová 11/12/2019
 Last update: 16:38
Updated every 10 minutes
 Cold 
 Akt.temp: 8.8°C
 Max.temp: 10.1°C
 Min.temp: 6.1°C
 Devpoint: 5.4 °C
 Wind speed: 0.1m/s
 Wind direction: E-NE
 Max wind gust: 6.7m/s
 Precipitation: 8.7mm
 Pressure: 1005.8 hPa
 P.tendency: -1.8 hPa/3h
 Humidity: 79%
 Abs.humidity: 6.88 g/m3
Ground temperature
Min.temp 6.1°C /06:05
Akt.temp
9.4°C

2019: Jan | Feb | Mar | Apr | May | Jun | Jul | Aug | Sep | Oct | Nov | Dec 
2018: Jan | Feb | Mar | Apr | May | Jun | Jul | Aug | Sep | Oct | Nov | Dec 
2017: Jan | Feb | Mar | Apr | May | Jun | Jul | Aug | Sep | Oct | Nov | Dec 
2016: Jan | Feb | Mar | Apr | May | Jun | Jul | Aug | Sep | Oct | Nov | Dec 
2015: Jan | Feb | Mar | Apr | May | Jun | Jul | Aug | Sep | Oct | Nov | Dec 
2014: Jan | Feb | Mar | Apr | May | Jun | Jul | Aug | Sep | Oct | Nov | Dec 
2013: Jan | Feb | Mar | Apr | May | Jun | Jul | Aug | Sep | Oct | Nov | Dec 
2012: Jan | Feb | Mar | Apr | May | Jun | Jul | Aug | Sep | Oct | Nov | Dec 
2011: Jan | Feb | Mar | Apr | May | Jun | Jul | Aug | Sep | Oct | Nov | Dec 
2010: Jan | Feb | Mar | Apr | May | Jun | Jul | Aug | Sep | Oct | Nov | Dec 
2009: Jan | Feb | Mar | Apr | May | Jun | Jul | Aug | Sep | Oct | Nov | Dec 
2008: Jan | Feb | Mar | Apr | May | Jun | Jul | Aug | Sep | Oct | Nov | Dec 
2007: Jan | Feb | Mar | Apr | May | Jun | Jul | Aug | Sep | Oct | Nov | Dec 

Report for 2019 10
MONTHLY CLIMATOLOGICAL SUMMARY for October 2019 CITY: Blahova ELEV: 117 m LAT: 48° 2' 0" North LONG: 17° 6' 0" East TEMPERATURE (°C), BAROMETER (hPa), RAIN (mm), WIND SPEED (m/s) MEAN TEMPERATURE WIND DOM trans Ground DAY TEMP HIGH TIME LOW TIME HUM Baro Rain SPEED HIGH TIME DIR pirat min.temp time ------------------------------------------------------------------------------------------------------------------------------ 1 16.6 23.9 14:13 7.5 06:24 67 1008.7 0.0 2.1 9.8 14:42 SE 3.5 6.4 06:09 2 14.7 21.7 10:59 11.3 23:58 77 1004.6 6.3 1.1 9.4 23:05 W 1.0 10.4 23:56 3 9.1 13.4 12:39 7.4 21:02 75 1014.5 0.0 2.3 11.4 02:36 W 1.1 5.9 20:59 4 11.5 16.3 14:17 6.4 05:03 71 1011.1 0.5 1.0 4.4 14:03 E-SE 1.9 5.0 01:50 5 10.6 13.0 13:33 8.8 03:46 79 1008.3 7.0 3.0 10.8 20:01 S 0.7 7.9 23:58 6 7.5 12.9 12:30 4.7 22:46 73 1016.5 0.0 1.5 10.6 09:50 N-NW 1.2 3.4 21:20 7 6.7 12.9 13:26 1.6 23:58 74 1018.9 0.0 0.6 3.5 13:31 N-NE 1.4 0.4 23:42 8 10.3 14.5 13:36 -0.4 04:11 67 1016.7 0.1 2.5 9.4 11:10 SE 1.5 -0.9 03:07 9 13.6 18.1 14:19 9.5 05:39 73 1012.6 0.2 2.1 11.3 19:46 E 1.7 8.6 05:38 10 11.1 17.6 13:16 7.2 22:51 75 1018.3 3.9 1.2 9.8 15:48 S-SW 1.3 4.9 23:06 11 12.1 18.4 12:54 5.7 06:31 74 1021.5 0.1 1.5 8.3 18:54 SE 1.6 3.9 06:24 12 11.9 16.0 15:01 8.5 05:44 77 1020.2 0.1 1.0 4.6 11:01 E-NE 1.0 6.8 02:20 13 12.9 19.7 14:32 7.7 06:47 76 1020.3 0.1 0.5 4.4 13:27 E-NE 1.6 5.4 06:36 14 16.4 23.4 13:59 9.5 06:19 73 1017.8 0.2 1.4 5.4 15:18 E 2.5 6.6 06:17 15 17.7 24.2 14:08 11.6 04:56 70 1011.1 0.0 3.2 10.8 14:27 SE 3.1 8.8 06:00 16 11.7 17.2 00:46 6.1 23:56 77 1016.8 1.5 0.4 8.1 01:22 SE 1.1 5.6 22:06 17 12.5 20.1 14:49 5.3 04:14 75 1017.3 0.2 0.3 3.4 13:05 E 1.8 5.3 00:57 18 9.9 13.9 15:39 7.0 23:14 77 1016.3 0.1 0.0 0.0 00:00 E-NE 0.8 5.6 05:34 19 13.4 19.4 15:11 5.6 04:23 77 1013.7 0.1 1.4 5.7 13:36 E-SE 1.4 5.6 04:14 20 17.3 23.1 13:02 11.1 05:13 71 1014.1 0.0 2.3 8.2 14:31 E-SE 2.5 8.8 03:50 21 16.9 23.3 13:46 11.7 05:39 72 1018.8 0.0 0.9 4.2 10:37 E-NE 2.4 8.3 05:21 22 13.8 22.2 13:57 9.9 23:54 75 1021.9 0.0 0.3 3.2 11:34 N 1.8 8.6 06:31 23 15.8 24.7 14:24 7.7 06:09 70 1018.0 0.1 1.1 4.0 12:26 N 3.1 7.0 07:01 24 16.5 26.2 13:46 10.7 04:59 66 1014.1 0.0 1.6 7.7 13:55 E 4.5 8.3 05:56 25 12.0 20.3 13:23 5.9 05:40 75 1021.3 0.0 0.7 4.3 11:55 W 1.7 5.1 06:20 26 11.4 19.6 15:06 5.2 05:04 76 1021.4 0.1 0.7 3.3 14:15 E 1.6 4.7 04:41 27 11.5 19.5 13:40 4.6 05:56 76 1018.1 0.1 0.4 2.6 13:06 S 1.5 4.3 05:47 28 9.6 12.7 08:54 6.9 02:59 76 1018.7 1.0 1.8 6.4 12:25 W-NW 0.8 5.0 22:39 29 8.3 9.5 14:54 6.3 06:06 78 1021.0 2.1 1.5 5.0 23:20 N-NW 0.6 5.5 00:00 30 4.0 8.1 00:00 -0.6 23:40 79 1026.3 0.7 0.6 5.2 01:06 N-NW 0.5 -0.5 23:32 31 2.7 8.2 13:27 -1.8 23:56 78 1025.1 0.1 0.5 3.8 11:26 E-NE 0.6 -1.2 23:59 ------------------------------------------------------------------------------------------------------------------------------ Avg: 11.9 26.2 24 -1.8 31 74 1016.9 24.8 1.3 11.4 3 E 51.7 Wind Run 4571.7km Calm Values 0 Calm in % 0.0% Sun 174:35 h Distribution WD Values 44432 Distribution WD N-NO 4.330% Distribution WD NO 3.275% Distribution WD NO-O 9.333% Distribution WD O 11.991% Distribution WD O-SO 11.782% Distribution WD SO 10.540% Distribution WD SO-S 4.605% Distribution WD S 6.178% Distribution WD S-SW 4.940% Distribution WD SW 3.059% Distribution WD SW-W 3.948% Distribution WD W 7.663% Distribution WD W-NW 6.095% Distribution WD NW 1.936% Distribution WD NW-N 5.613% Distribution WD N 4.713% Rain days >0.0 mm Month 21 Rain days >2.0 mm Month 4 Rain days >20.0 mm Month 0 Ice days max < 0°C 0 Cold days min < 0°C 3 Cool days max < 10°C 3 Summer days max >=25°C 1 Hot days max >=30°C 0 Last year same Month: Ice days max < 0°C 0 Last year same Month: Cold days min < 0°C 0 Last year same Month: Cool days max < 10°C 0 Last year same Month: Summer days max >=25°C 0 Last year same Month: Hot days max >=30°C 0 © 1999-2017 Werner Krenn / Mischa Thurnherr - Weatherstation Operating- and Data Acquisition Software - V2.98.8


  ©UMa Astronomy

Creative Commons License
Meteo by UMa Astronomy is licensed under a Creative Commons Attribution-NonCommercial-NoDerivs 3.0 Unported License.