Blahová 01/20/2020
 Last update: 01:48
Updated every 10 minutes
 Cold 
 Akt.temp: 2.1°C
 Max.temp: 2.3°C
 Min.temp: 2.1°C
 Devpoint: -0.8 °C
 Wind speed: 1.8m/s
 Wind direction: W-NW
 Max wind gust: 3.3m/s
 Precipitation: 0.0mm
 Pressure: 1038.2 hPa
 P.tendency: -- hPa/3h
 Humidity: 81%
 Abs.humidity: 4.53 g/m3
Ground temperature
Min.temp 1.7°C /01:14
Akt.temp
1.8°C

2020: Jan | Feb | Mar | Apr | May | Jun | Jul | Aug | Sep | Oct | Nov | Dec 
2019: Jan | Feb | Mar | Apr | May | Jun | Jul | Aug | Sep | Oct | Nov | Dec 
2018: Jan | Feb | Mar | Apr | May | Jun | Jul | Aug | Sep | Oct | Nov | Dec 
2017: Jan | Feb | Mar | Apr | May | Jun | Jul | Aug | Sep | Oct | Nov | Dec 
2016: Jan | Feb | Mar | Apr | May | Jun | Jul | Aug | Sep | Oct | Nov | Dec 
2015: Jan | Feb | Mar | Apr | May | Jun | Jul | Aug | Sep | Oct | Nov | Dec 
2014: Jan | Feb | Mar | Apr | May | Jun | Jul | Aug | Sep | Oct | Nov | Dec 
2013: Jan | Feb | Mar | Apr | May | Jun | Jul | Aug | Sep | Oct | Nov | Dec 
2012: Jan | Feb | Mar | Apr | May | Jun | Jul | Aug | Sep | Oct | Nov | Dec 
2011: Jan | Feb | Mar | Apr | May | Jun | Jul | Aug | Sep | Oct | Nov | Dec 
2010: Jan | Feb | Mar | Apr | May | Jun | Jul | Aug | Sep | Oct | Nov | Dec 
2009: Jan | Feb | Mar | Apr | May | Jun | Jul | Aug | Sep | Oct | Nov | Dec 
2008: Jan | Feb | Mar | Apr | May | Jun | Jul | Aug | Sep | Oct | Nov | Dec 
2007: Jan | Feb | Mar | Apr | May | Jun | Jul | Aug | Sep | Oct | Nov | Dec 

Report for 2019 11
MONTHLY CLIMATOLOGICAL SUMMARY for November 2019 CITY: Blahova ELEV: 117 m LAT: 48° 2' 0" North LONG: 17° 6' 0" East TEMPERATURE (°C), BAROMETER (hPa), RAIN (mm), WIND SPEED (m/s) MEAN TEMPERATURE WIND DOM trans Ground DAY TEMP HIGH TIME LOW TIME HUM Baro Rain SPEED HIGH TIME DIR pirat min.temp time ------------------------------------------------------------------------------------------------------------------------------ 1 5.4 9.5 14:31 -3.2 05:41 76 1018.2 0.1 2.3 8.8 23:22 E-NE 0.8 -2.1 06:31 2 8.1 9.8 13:08 5.6 06:41 80 1005.0 0.0 2.6 8.8 06:25 E 0.5 7.0 06:38 3 15.2 20.5 13:36 8.8 00:32 75 994.5 0.0 3.3 15.5 20:56 E-SE 1.6 9.5 00:35 4 11.9 15.5 01:00 9.2 23:59 76 996.9 2.1 1.5 11.0 16:56 SE 1.0 9.2 23:58 5 10.1 11.2 13:27 9.1 00:01 79 998.5 21.5 1.1 5.3 11:22 E-NE 0.5 8.9 00:09 6 9.9 14.3 14:16 6.8 18:57 76 1004.8 2.0 1.0 7.2 01:45 W 1.1 5.7 18:32 7 8.6 11.1 14:29 6.3 23:58 78 1007.3 2.2 0.8 3.4 12:51 E 0.6 4.7 23:07 8 10.6 14.1 13:49 6.1 00:28 79 1007.0 0.6 1.8 8.5 09:52 E 0.8 5.5 00:00 9 8.3 11.3 11:02 6.6 23:00 77 1010.1 9.5 1.3 6.6 14:47 W 0.5 7.5 22:35 10 6.5 8.0 11:46 4.7 03:03 78 1011.1 4.3 1.7 5.2 19:10 W 0.5 5.6 05:19 11 6.1 9.6 14:55 0.1 06:55 79 1014.2 0.1 1.7 7.0 14:14 E-SE 0.5 0.5 06:59 12 8.4 10.1 12:57 6.1 05:20 79 1005.7 13.2 1.2 6.7 03:34 E 0.5 6.1 05:45 13 5.9 9.9 11:38 4.8 17:26 78 1003.0 11.9 1.6 7.7 15:54 W 0.4 5.6 23:57 14 4.3 9.2 13:48 -0.4 07:32 79 1010.8 0.1 1.1 4.8 13:27 E 0.6 1.3 07:47 15 9.2 11.9 14:27 2.4 02:05 77 1010.0 0.2 2.0 8.4 11:34 E 0.7 2.6 01:36 16 11.6 14.1 13:16 10.7 01:45 77 1014.2 2.7 1.5 8.5 13:54 E 0.8 10.0 00:55 17 12.9 15.7 13:31 10.7 07:28 75 1010.8 0.1 3.9 9.1 13:44 E 0.9 9.6 07:28 18 9.3 14.1 13:07 5.5 22:22 77 1013.1 0.3 2.5 8.4 13:42 E-SE 0.9 3.6 20:25 19 8.9 13.6 13:47 4.7 07:00 78 1018.5 0.0 2.5 8.9 14:34 E 0.8 4.6 06:50 20 10.4 11.3 10:52 5.3 01:38 78 1013.2 4.8 2.2 6.0 20:56 E-NE 0.5 4.5 01:32 21 10.6 11.6 15:07 8.9 23:39 78 1011.9 4.6 2.3 7.0 10:34 E 0.7 8.4 23:57 22 8.6 10.4 13:16 6.7 23:39 78 1014.3 0.1 3.6 12.8 10:05 E 0.5 6.6 23:01 23 6.5 8.1 14:20 4.1 07:36 79 1013.1 0.0 4.3 13.2 05:35 E 0.5 4.9 07:28 24 5.9 10.1 13:56 2.7 07:31 79 1013.2 0.0 2.4 10.8 17:05 E 0.6 2.9 07:28 25 6.5 10.8 13:47 3.8 02:35 79 1012.3 0.1 1.2 10.6 13:05 E 0.6 3.8 02:39 26 7.6 8.8 14:11 5.9 04:51 78 1011.3 0.0 0.8 5.4 09:05 E-SE 0.5 7.0 04:22 27 8.3 9.2 13:53 7.2 09:32 79 1003.1 1.2 1.7 8.4 13:45 E-SE 0.5 8.0 09:18 28 8.9 10.0 12:56 5.7 23:58 81 1002.1 2.8 0.3 3.7 19:24 E 0.5 5.3 23:59 29 8.2 11.4 12:06 5.2 23:56 79 1007.3 0.8 2.7 13.1 21:46 S-SW 0.5 4.7 23:52 30 1.1 5.7 13:12 -2.6 23:56 75 1022.4 0.1 1.4 13.1 00:00 W 0.6 -1.9 23:48 ------------------------------------------------------------------------------------------------------------------------------ Avg: 8.5 20.5 3 -3.2 1 78 1009.3 85.5 1.9 15.5 3 E 20.3 Wind Run 6652.8km Calm Values 0 Calm in % 0.0% Sun 68:59 h Distribution WD Values 43007 Distribution WD N-NO 2.376% Distribution WD NO 2.607% Distribution WD NO-O 12.789% Distribution WD O 24.143% Distribution WD O-SO 18.646% Distribution WD SO 9.219% Distribution WD SO-S 2.451% Distribution WD S 2.686% Distribution WD S-SW 3.327% Distribution WD SW 3.362% Distribution WD SW-W 4.090% Distribution WD W 7.001% Distribution WD W-NW 3.711% Distribution WD NW 0.884% Distribution WD NW-N 1.493% Distribution WD N 1.216% Rain days >0.0 mm Month 24 Rain days >2.0 mm Month 11 Rain days >20.0 mm Month 1 Ice days max < 0°C 0 Cold days min < 0°C 3 Cool days max < 10°C 10 Summer days max >=25°C 0 Hot days max >=30°C 0 Last year same Month: Ice days max < 0°C 1 Last year same Month: Cold days min < 0°C 6 Last year same Month: Cool days max < 10°C 14 Last year same Month: Summer days max >=25°C 0 Last year same Month: Hot days max >=30°C 0 © 1999-2017 Werner Krenn / Mischa Thurnherr - Weatherstation Operating- and Data Acquisition Software - V2.98.8


  ©UMa Astronomy

Creative Commons License
Meteo by UMa Astronomy is licensed under a Creative Commons Attribution-NonCommercial-NoDerivs 3.0 Unported License.