Blahová 01/20/2020
 Last update: 02:23
Updated every 10 minutes
 Cold 
 Akt.temp: 2.1°C
 Max.temp: 2.3°C
 Min.temp: 2.1°C
 Devpoint: -0.8 °C
 Wind speed: 1.5m/s
 Wind direction: W-NW
 Max wind gust: 3.3m/s
 Precipitation: 0.0mm
 Pressure: 1038.7 hPa
 P.tendency: -- hPa/3h
 Humidity: 81%
 Abs.humidity: 4.53 g/m3
Ground temperature
Min.temp 1.7°C /01:14
Akt.temp
1.9°C

2020: Jan | Feb | Mar | Apr | May | Jun | Jul | Aug | Sep | Oct | Nov | Dec 
2019: Jan | Feb | Mar | Apr | May | Jun | Jul | Aug | Sep | Oct | Nov | Dec 
2018: Jan | Feb | Mar | Apr | May | Jun | Jul | Aug | Sep | Oct | Nov | Dec 
2017: Jan | Feb | Mar | Apr | May | Jun | Jul | Aug | Sep | Oct | Nov | Dec 
2016: Jan | Feb | Mar | Apr | May | Jun | Jul | Aug | Sep | Oct | Nov | Dec 
2015: Jan | Feb | Mar | Apr | May | Jun | Jul | Aug | Sep | Oct | Nov | Dec 
2014: Jan | Feb | Mar | Apr | May | Jun | Jul | Aug | Sep | Oct | Nov | Dec 
2013: Jan | Feb | Mar | Apr | May | Jun | Jul | Aug | Sep | Oct | Nov | Dec 
2012: Jan | Feb | Mar | Apr | May | Jun | Jul | Aug | Sep | Oct | Nov | Dec 
2011: Jan | Feb | Mar | Apr | May | Jun | Jul | Aug | Sep | Oct | Nov | Dec 
2010: Jan | Feb | Mar | Apr | May | Jun | Jul | Aug | Sep | Oct | Nov | Dec 
2009: Jan | Feb | Mar | Apr | May | Jun | Jul | Aug | Sep | Oct | Nov | Dec 
2008: Jan | Feb | Mar | Apr | May | Jun | Jul | Aug | Sep | Oct | Nov | Dec 
2007: Jan | Feb | Mar | Apr | May | Jun | Jul | Aug | Sep | Oct | Nov | Dec 

Report for 2019 12
MONTHLY CLIMATOLOGICAL SUMMARY for December 2019 CITY: Blahova ELEV: 117 m LAT: 48° 2' 0" North LONG: 17° 6' 0" East TEMPERATURE (°C), BAROMETER (hPa), RAIN (mm), WIND SPEED (m/s) MEAN TEMPERATURE WIND DOM trans Ground DAY TEMP HIGH TIME LOW TIME HUM Baro Rain SPEED HIGH TIME DIR pirat min.temp time ------------------------------------------------------------------------------------------------------------------------------ 1 -0.4 2.8 14:01 -4.6 06:42 80 1022.9 0.0 1.9 7.9 22:07 E 0.3 -3.6 06:36 2 1.1 2.3 20:01 0.3 07:12 80 1019.5 4.2 2.1 7.6 01:34 W 0.3 0.6 05:40 3 1.7 5.4 12:21 -3.2 23:35 78 1025.8 0.0 2.0 7.3 12:22 W-NW 0.5 -2.5 23:57 4 -2.1 0.4 12:39 -4.6 07:17 81 1028.9 0.0 2.2 7.9 20:22 E 0.2 -3.7 07:26 5 -0.3 0.2 10:56 -0.6 00:04 81 1027.8 0.0 2.9 7.0 10:16 E-SE 0.2 -0.6 09:06 6 -0.2 0.4 17:32 -0.8 07:39 81 1022.7 0.0 1.7 4.3 07:10 E 0.2 -0.1 07:45 7 0.9 1.9 14:34 0.1 00:00 80 1017.4 1.0 1.0 4.3 00:01 SE 0.3 0.6 01:04 8 3.2 7.5 13:31 0.5 04:26 80 1014.9 0.0 1.2 6.4 16:40 SE 0.4 0.4 04:07 9 3.8 4.9 14:19 2.5 02:49 81 1008.4 0.1 0.8 4.3 00:43 E 0.3 2.6 02:58 10 4.9 7.1 12:02 2.3 06:46 73 1018.2 0.0 1.9 14.9 21:10 N-NW 0.6 1.0 07:58 11 2.9 5.2 00:00 -2.4 20:04 71 1017.9 0.0 1.3 5.1 02:01 E 0.6 -2.8 21:44 12 1.1 1.6 22:35 -0.4 00:00 81 1006.9 2.8 0.8 4.3 05:31 E 0.3 -0.8 00:00 13 2.6 5.1 14:28 1.0 05:17 79 992.8 0.8 2.2 10.1 14:26 SE 0.4 2.1 05:10 14 4.2 7.3 12:53 1.0 02:02 79 998.9 0.3 1.8 12.8 22:55 S 0.4 1.1 01:32 15 3.8 6.9 13:13 1.0 04:56 81 1010.9 0.0 1.2 5.0 00:02 E-NE 0.4 1.1 05:01 16 5.2 10.0 14:10 1.3 06:33 79 1014.8 0.0 1.9 8.4 14:00 E-NE 0.6 0.2 06:41 17 9.5 13.8 14:01 6.5 02:53 78 1012.9 0.0 2.1 6.2 03:52 E 0.7 5.6 00:40 18 9.8 14.6 13:20 6.5 07:32 79 1018.6 0.0 1.4 3.5 20:08 E-NE 0.7 4.7 07:27 19 8.2 11.5 12:52 4.3 23:25 79 1021.1 0.1 2.5 7.5 19:09 E 0.6 4.0 23:30 20 8.8 12.3 20:59 4.5 00:00 78 1006.6 0.0 4.2 18.5 23:33 E-SE 0.6 5.1 00:00 21 10.5 12.4 01:45 6.7 23:56 77 994.7 12.6 3.2 18.5 00:04 E 0.5 7.2 23:59 22 5.2 7.1 12:30 1.3 07:10 78 990.4 3.1 2.0 17.3 00:05 W-NW 0.4 2.6 07:46 23 7.0 7.7 12:25 5.6 03:03 78 998.0 10.3 5.1 17.1 17:46 W-NW 0.5 6.0 00:00 24 6.4 9.4 13:19 3.5 20:25 77 1011.6 1.0 3.6 17.0 01:47 W 0.7 3.4 18:05 25 6.9 10.4 13:17 4.5 00:02 79 1011.8 0.7 2.4 14.4 23:51 W 0.5 4.4 23:27 26 5.4 7.7 11:37 3.8 23:50 77 1021.1 0.0 2.7 13.1 01:29 W-NW 0.5 3.0 08:31 27 3.8 7.2 12:52 1.6 22:24 77 1023.4 0.0 2.2 8.6 19:59 W 0.6 -0.1 22:15 28 2.0 3.9 13:25 1.3 05:03 74 1032.1 0.0 4.9 14.2 23:58 W-NW 0.4 -0.8 07:41 29 0.5 2.9 13:09 -3.0 23:52 73 1036.5 0.0 3.7 13.8 17:00 N-NW 0.4 -3.7 23:51 30 -1.8 1.0 14:26 -5.4 05:53 80 1036.1 0.0 0.6 3.4 12:27 SE 0.3 -4.7 04:47 31 1.1 3.9 13:54 -1.7 01:40 79 1028.6 0.0 1.1 6.7 16:39 W 0.4 -1.0 02:03 ------------------------------------------------------------------------------------------------------------------------------ Avg: 3.7 14.6 18 -5.4 30 78 1015.9 37.2 2.2 18.5 21 E 14.0 Wind Run 7684.3km Calm Values 0 Calm in % 0.0% Sun 67:01 h Distribution WD Values 44472 Distribution WD N-NO 4.293% Distribution WD NO 2.889% Distribution WD NO-O 8.689% Distribution WD O 15.760% Distribution WD O-SO 12.590% Distribution WD SO 7.630% Distribution WD SO-S 2.653% Distribution WD S 3.045% Distribution WD S-SW 2.671% Distribution WD SW 2.624% Distribution WD SW-W 3.623% Distribution WD W 10.530% Distribution WD W-NW 10.645% Distribution WD NW 3.308% Distribution WD NW-N 6.366% Distribution WD N 2.685% Rain days >0.0 mm Month 12 Rain days >2.0 mm Month 5 Rain days >20.0 mm Month 0 Ice days max < 0°C 0 Cold days min < 0°C 10 Cool days max < 10°C 24 Summer days max >=25°C 0 Hot days max >=30°C 0 Last year same Month: Ice days max < 0°C 5 Last year same Month: Cold days min < 0°C 16 Last year same Month: Cool days max < 10°C 30 Last year same Month: Summer days max >=25°C 0 Last year same Month: Hot days max >=30°C 0 © 1999-2017 Werner Krenn / Mischa Thurnherr - Weatherstation Operating- and Data Acquisition Software - V2.98.8


  ©UMa Astronomy

Creative Commons License
Meteo by UMa Astronomy is licensed under a Creative Commons Attribution-NonCommercial-NoDerivs 3.0 Unported License.