Blahová 13.06.2021
 Last update: 05:57
Updated every 10 minutes
 Cold 
 Akt.temp: 16.5 °C
 Max.temp: 19.0 °C
 Min.temp: 15.0 °C
 Devpoint: 11.2 °C
 Wind speed: 2.1 m/s
 Wind direction: N-NW
 Max wind gust: 8.9 m/s
 Precipitation: 0.0 mm
 Pressure: 1017.2  hPa
 P.tendency: +1.1  hPa/3h
 Humidity: 71 %
 Abs.humidity: 9.97 g/m3
Ground temperature
Min.temp /
Akt.temp

2021: Jan | Feb | Mar | Apr | May | Jun | Jul | Aug | Sep | Oct | Nov | Dec 
2020: Jan | Feb | Mar | Apr | May | Jun | Jul | Aug | Sep | Oct | Nov | Dec 
2019: Jan | Feb | Mar | Apr | May | Jun | Jul | Aug | Sep | Oct | Nov | Dec 
2018: Jan | Feb | Mar | Apr | May | Jun | Jul | Aug | Sep | Oct | Nov | Dec 
2017: Jan | Feb | Mar | Apr | May | Jun | Jul | Aug | Sep | Oct | Nov | Dec 
2016: Jan | Feb | Mar | Apr | May | Jun | Jul | Aug | Sep | Oct | Nov | Dec 
2015: Jan | Feb | Mar | Apr | May | Jun | Jul | Aug | Sep | Oct | Nov | Dec 
2014: Jan | Feb | Mar | Apr | May | Jun | Jul | Aug | Sep | Oct | Nov | Dec 
2013: Jan | Feb | Mar | Apr | May | Jun | Jul | Aug | Sep | Oct | Nov | Dec 
2012: Jan | Feb | Mar | Apr | May | Jun | Jul | Aug | Sep | Oct | Nov | Dec 
2011: Jan | Feb | Mar | Apr | May | Jun | Jul | Aug | Sep | Oct | Nov | Dec 
2010: Jan | Feb | Mar | Apr | May | Jun | Jul | Aug | Sep | Oct | Nov | Dec 
2009: Jan | Feb | Mar | Apr | May | Jun | Jul | Aug | Sep | Oct | Nov | Dec 
2008: Jan | Feb | Mar | Apr | May | Jun | Jul | Aug | Sep | Oct | Nov | Dec 
2007: Jan | Feb | Mar | Apr | May | Jun | Jul | Aug | Sep | Oct | Nov | Dec 

Report for 2021 06
MONTHLY CLIMATOLOGICAL SUMMARY for jún 2021 CITY: Blahova ELEV: -117 m LAT: 48° 5' 17" North LONG: 17° 32' 38" East TEMPERATURE (°C), BAROMETER (hPa), RAIN (mm), WIND SPEED (m/s) MEAN TEMPERATURE WIND DOM trans Ground DAY TEMP HIGH TIME LOW TIME HUM Baro Rain SPEED HIGH TIME DIR pirat min.temp time ------------------------------------------------------------------------------------------------------------------------------ 1 14.7 21.5 13:53 6.5 04:27 59 1016.7 0.0 1.5 9.0 11:37 N-NW 3.8 5.0 04:01 2 16.0 23.5 12:23 6.5 04:01 60 1018.8 0.0 0.8 4.2 10:38 E-SE 4.1 5.5 04:05 3 18.1 25.5 13:15 10.0 01:35 60 1022.1 0.0 0.6 3.4 14:49 E-NE 4.4 8.1 03:51 4 19.6 27.6 13:49 10.6 03:45 61 1022.2 0.0 0.7 4.8 11:08 E 4.2 8.9 03:43 5 21.4 28.8 13:25 13.3 01:35 62 1018.0 0.0 1.0 5.8 11:58 SE 1.4 10.8 02:23 6 21.0 27.3 13:47 15.7 23:47 67 1017.5 0.5 0.9 5.1 15:08 N 4.0 14.5 21:03 7 19.7 27.7 12:44 13.5 02:53 66 1017.6 0.0 1.1 4.4 12:50 N 5.5 12.7 03:49 ------------------------------------------------------------------------------------------------------------------------------ Avg: 18.6 28.8 5 6.5 2 62 1019.0 0.5 1.0 9.0 1 N 0.0 Wind Run 0.0 km Calm Values 0 Calm in % 0.0 % Sun 86:27 h Distribution WD Values 8732 Distribution WD N-NO 9.551 % Distribution WD NO 4.146 % Distribution WD NO-O 11.269 % Distribution WD O 9.929 % Distribution WD O-SO 10.032 % Distribution WD SO 7.387 % Distribution WD SO-S 3.264 % Distribution WD S 3.676 % Distribution WD S-SW 2.416 % Distribution WD SW 1.672 % Distribution WD SW-W 1.913 % Distribution WD W 3.779 % Distribution WD W-NW 3.917 % Distribution WD NW 1.328 % Distribution WD NW-N 6.986 % Distribution WD N 18.736 % Rain days >0.0 mm Month 1 Rain days >2.0 mm Month 0 Rain days >20.0 mm Month 0 Ice days max < 0°C 0 Cold days min < 0°C 0 Cool days max < 10°C 0 Summer days max >=25°C 5 Hot days max >=30°C 0 Last year same Month: Ice days max < 0°C 0 Last year same Month: Cold days min < 0°C 0 Last year same Month: Cool days max < 10°C 0 Last year same Month: Summer days max >=25°C 14 Last year same Month: Hot days max >=30°C 2 © 1999-2021 Werner Krenn - Weatherstation Operating- and Data Acquisition Software - V2.99.8.9


  ©UMa Astronomy

Creative Commons License
Meteo by UMa Astronomy is licensed under a Creative Commons Attribution-NonCommercial-NoDerivs 3.0 Unported License.