Blahová 16.06.2024
 Last update: 06:32
Updated every 10 minutes
 Comfortable 
 Akt.temp: 16.1 °C
 Max.temp: 17.7 °C
 Min.temp: 15.9°C
 Devpoint: 4.8 °C
 Wind speed: 1.9 m/s
 Wind direction: N-NW
 Max wind gust: 5.3 m/s
 Precipitation: 9.7 mm
 Pressure: 1011.7  hPa
 P.tendency: +0.9 hPa/3h
 Humidity: 47 %
 Abs.humidity: 6.44 g/m3
No
Min.temp /
Akt.temp: 17.1

2024: Jan | Feb | Mar | Apr | May | Jun | Jul | Aug | Sep | Oct | Nov | Dec 
2023: Jan | Feb | Mar | Apr | May | Jun | Jul | Aug | Sep | Oct | Nov | Dec 
2022: Jan | Feb | Mar | Apr | May | Jun | Jul | Aug | Sep | Oct | Nov | Dec 
2021: Jan | Feb | Mar | Apr | May | Jun | Jul | Aug | Sep | Oct | Nov | Dec 
2020: Jan | Feb | Mar | Apr | May | Jun | Jul | Aug | Sep | Oct | Nov | Dec 
2019: Jan | Feb | Mar | Apr | May | Jun | Jul | Aug | Sep | Oct | Nov | Dec 
2018: Jan | Feb | Mar | Apr | May | Jun | Jul | Aug | Sep | Oct | Nov | Dec 
2017: Jan | Feb | Mar | Apr | May | Jun | Jul | Aug | Sep | Oct | Nov | Dec 
2016: Jan | Feb | Mar | Apr | May | Jun | Jul | Aug | Sep | Oct | Nov | Dec 
2015: Jan | Feb | Mar | Apr | May | Jun | Jul | Aug | Sep | Oct | Nov | Dec 
2014: Jan | Feb | Mar | Apr | May | Jun | Jul | Aug | Sep | Oct | Nov | Dec 
2013: Jan | Feb | Mar | Apr | May | Jun | Jul | Aug | Sep | Oct | Nov | Dec 
2012: Jan | Feb | Mar | Apr | May | Jun | Jul | Aug | Sep | Oct | Nov | Dec 
2011: Jan | Feb | Mar | Apr | May | Jun | Jul | Aug | Sep | Oct | Nov | Dec 
2010: Jan | Feb | Mar | Apr | May | Jun | Jul | Aug | Sep | Oct | Nov | Dec 
2009: Jan | Feb | Mar | Apr | May | Jun | Jul | Aug | Sep | Oct | Nov | Dec 
2008: Jan | Feb | Mar | Apr | May | Jun | Jul | Aug | Sep | Oct | Nov | Dec 
2007: Jan | Feb | Mar | Apr | May | Jun | Jul | Aug | Sep | Oct | Nov | Dec 

Report for 2024 06
MONTHLY CLIMATOLOGICAL SUMMARY for máj 2024 CITY: Blahova ELEV: 117 m LAT: 48° 5' 17" North LONG: 17° 32' 38" East TEMPERATURE (°C), BAROMETER (hPa), RAIN (mm), WIND SPEED (m/s) MEAN TEMPERATURE WIND DOM trans Ground DAY TEMP HIGH TIME LOW TIME HUM Baro Rain SPEED HIGH TIME DIR pirat min.temp time ------------------------------------------------------------------------------------------------------------------------------ 1 17.7 21.7 12:06 11.9 03:46 61 1016.2 0.0 2.6 10.6 11:04 E 3.3 10.1 03:56 2 16.4 21.3 13:58 13.5 00:42 66 1010.0 0.9 2.2 8.9 14:08 E 2.5 11.6 00:52 3 14.0 19.5 13:26 10.6 23:50 62 1013.0 4.6 1.1 4.8 17:16 E 2.2 11.0 23:47 4 17.5 24.6 13:54 10.3 02:30 60 1015.7 0.1 0.8 7.3 06:29 W 4.2 10.8 02:32 5 18.1 25.1 14:12 9.9 04:10 59 1013.8 0.0 1.5 8.8 16:26 SE 4.5 10.0 04:20 6 19.8 24.7 13:12 11.5 03:04 60 1009.6 0.0 2.0 7.9 16:12 SE 4.1 10.9 04:28 7 16.4 20.1 12:16 14.0 04:58 65 1015.5 0.0 1.8 9.3 01:29 N-NW 2.0 13.9 05:16 8 13.5 18.5 15:06 11.3 23:52 64 1021.1 2.8 1.5 6.4 16:52 N-NW 2.1 11.0 23:52 9 15.7 22.2 13:06 9.2 04:36 61 1022.6 0.0 2.1 7.7 12:36 N-NW 3.8 9.7 04:10 10 16.1 23.3 13:40 8.9 04:06 59 1021.7 0.0 1.3 6.7 10:29 N-NW 4.6 8.4 04:06 11 17.5 23.3 13:52 8.4 03:10 61 1020.8 0.0 1.6 4.4 19:39 N-NW 4.3 8.4 03:56 12 16.9 23.5 14:06 10.2 23:30 58 1020.0 0.0 0.9 5.9 14:19 N-NW 4.6 10.0 23:38 13 14.4 21.8 13:12 7.3 04:42 55 1020.3 0.0 2.2 6.5 09:59 E 0.0 8.0 04:36 ------------------------------------------------------------------------------------------------------------------------------ Avg: 16.5 25.1 5 7.3 13 61 1016.9 8.5 1.7 10.6 1 N-NW 42.1 Wind Run 2432.0km Calm Values 0 Calm in % 0.0% Sun 146:35 h Distribution WD Values 17853 Distribution WD N-NO 3.949% Distribution WD NO 1.736% Distribution WD NO-O 6.458% Distribution WD O 11.533% Distribution WD O-SO 8.604% Distribution WD SO 6.990% Distribution WD SO-S 3.030% Distribution WD S 4.515% Distribution WD S-SW 3.411% Distribution WD SW 2.638% Distribution WD SW-W 3.154% Distribution WD W 7.730% Distribution WD W-NW 8.514% Distribution WD NW 3.646% Distribution WD NW-N 16.871% Distribution WD N 7.220% Rain days >0.0 mm Month 4 Rain days >2.0 mm Month 2 Rain days >20.0 mm Month 0 Ice days max < 0°C 0 Cold days min < 0°C 0 Cool days max < 10°C 0 Summer days max >=25°C 1 Hot days max >=30°C 0 Last year same Month: Ice days max < 0°C 0 Last year same Month: Cold days min < 0°C 0 Last year same Month: Cool days max < 10°C 0 Last year same Month: Summer days max >=25°C 7 Last year same Month: Hot days max >=30°C 0 © 1999-2021 Werner Krenn - Weatherstation Operating- and Data Acquisition Software - V2.99.8.9


  ©UMa Astronomy

Creative Commons License
Meteo by UMa Astronomy is licensed under a Creative Commons Attribution-NonCommercial-NoDerivs 3.0 Unported License.