Blahová 21.10.2021
 Last update: 05:52
Updated every 10 minutes
 Cool 
 Akt.temp: 9.5 °C
 Max.temp: 10.7 °C
 Min.temp: 9.3°C
 Devpoint: 6.1 °C
 Wind speed: 1.5 m/s
 Wind direction: E
 Max wind gust: 3.5 m/s
 Precipitation: 0.0 mm
 Pressure: 1005.2  hPa
 P.tendency: -2.5 hPa/3h
 Humidity: 79 %
 Abs.humidity: 7.19 g/m3
No
Min.temp /
Akt.temp: 10.1

2021: Jan | Feb | Mar | Apr | May | Jun | Jul | Aug | Sep | Oct | Nov | Dec 
2020: Jan | Feb | Mar | Apr | May | Jun | Jul | Aug | Sep | Oct | Nov | Dec 
2019: Jan | Feb | Mar | Apr | May | Jun | Jul | Aug | Sep | Oct | Nov | Dec 
2018: Jan | Feb | Mar | Apr | May | Jun | Jul | Aug | Sep | Oct | Nov | Dec 
2017: Jan | Feb | Mar | Apr | May | Jun | Jul | Aug | Sep | Oct | Nov | Dec 
2016: Jan | Feb | Mar | Apr | May | Jun | Jul | Aug | Sep | Oct | Nov | Dec 
2015: Jan | Feb | Mar | Apr | May | Jun | Jul | Aug | Sep | Oct | Nov | Dec 
2014: Jan | Feb | Mar | Apr | May | Jun | Jul | Aug | Sep | Oct | Nov | Dec 
2013: Jan | Feb | Mar | Apr | May | Jun | Jul | Aug | Sep | Oct | Nov | Dec 
2012: Jan | Feb | Mar | Apr | May | Jun | Jul | Aug | Sep | Oct | Nov | Dec 
2011: Jan | Feb | Mar | Apr | May | Jun | Jul | Aug | Sep | Oct | Nov | Dec 
2010: Jan | Feb | Mar | Apr | May | Jun | Jul | Aug | Sep | Oct | Nov | Dec 
2009: Jan | Feb | Mar | Apr | May | Jun | Jul | Aug | Sep | Oct | Nov | Dec 
2008: Jan | Feb | Mar | Apr | May | Jun | Jul | Aug | Sep | Oct | Nov | Dec 
2007: Jan | Feb | Mar | Apr | May | Jun | Jul | Aug | Sep | Oct | Nov | Dec 

Report for 2021 10
MONTHLY CLIMATOLOGICAL SUMMARY for október 2021 CITY: Blahova ELEV: -117 m LAT: 48° 5' 17" North LONG: 17° 32' 38" East TEMPERATURE (°C), BAROMETER (hPa), RAIN (mm), WIND SPEED (m/s) MEAN TEMPERATURE WIND DOM trans Ground DAY TEMP HIGH TIME LOW TIME HUM Baro Rain SPEED HIGH TIME DIR pirat min.temp time ------------------------------------------------------------------------------------------------------------------------------ 1 12.6 18.3 13:48 4.9 06:22 74 1023.3 0.1 1.6 5.2 15:07 E-SE 0.0 4.3 05:52 2 13.2 19.2 12:58 9.7 06:02 69 1019.2 0.0 1.7 7.7 11:37 E-SE 0.0 9.1 05:58 3 16.9 22.6 14:06 9.7 05:20 70 1014.5 0.0 3.2 12.3 14:47 E-SE 0.0 9.3 05:26 4 17.8 24.1 14:10 12.4 06:22 71 1016.4 0.0 1.5 5.4 13:47 E 0.0 11.4 06:16 5 18.5 23.0 14:08 13.7 05:32 64 1013.3 0.0 3.2 9.7 14:37 E-SE 0.0 11.9 03:18 6 11.6 17.0 00:00 10.9 20:38 79 1018.4 15.4 1.5 6.3 02:27 E-NE 0.0 11.2 15:24 7 13.9 16.5 14:50 11.2 00:00 79 1022.0 6.7 0.8 3.4 02:07 N-NW 0.0 12.1 00:02 8 12.3 16.9 14:12 8.5 20:02 72 1025.8 0.0 1.9 5.8 13:27 N 0.0 6.1 19:26 9 8.3 15.3 13:22 3.7 23:56 69 1026.9 0.0 1.1 5.0 13:24 N-NW 0.0 1.6 23:32 10 8.8 11.3 14:30 3.2 01:26 75 1023.6 0.0 0.8 3.8 13:17 N-NW 0.0 1.6 00:00 11 10.1 16.3 13:16 7.5 05:42 69 1018.6 0.0 1.3 6.9 10:42 W 0.0 5.2 19:56 12 7.8 13.3 12:44 6.1 06:28 79 1015.9 0.0 0.4 6.5 11:42 W-NW 0.0 4.4 06:26 ------------------------------------------------------------------------------------------------------------------------------ Avg: 12.6 24.1 4 3.2 10 72 1019.8 22.3 1.6 12.3 3 E 0.0 Wind Run 0.0km Calm Values 0 Calm in % 0.0% Sun 86:30 h Distribution WD Values 16649 Distribution WD N-NO 7.400% Distribution WD NO 3.622% Distribution WD NO-O 8.823% Distribution WD O 15.292% Distribution WD O-SO 14.607% Distribution WD SO 7.706% Distribution WD SO-S 1.237% Distribution WD S 0.475% Distribution WD S-SW 0.444% Distribution WD SW 0.757% Distribution WD SW-W 1.393% Distribution WD W 4.865% Distribution WD W-NW 6.451% Distribution WD NW 2.300% Distribution WD NW-N 14.199% Distribution WD N 10.427% Rain days >0.0 mm Month 3 Rain days >2.0 mm Month 2 Rain days >20.0 mm Month 0 Ice days max < 0°C 0 Cold days min < 0°C 0 Cool days max < 10°C 0 Summer days max >=25°C 0 Hot days max >=30°C 0 Last year same Month: Ice days max < 0°C 0 Last year same Month: Cold days min < 0°C 0 Last year same Month: Cool days max < 10°C 4 Last year same Month: Summer days max >=25°C 0 Last year same Month: Hot days max >=30°C 0 © 1999-2021 Werner Krenn - Weatherstation Operating- and Data Acquisition Software - V2.99.8.9


  ©UMa Astronomy

Creative Commons License
Meteo by UMa Astronomy is licensed under a Creative Commons Attribution-NonCommercial-NoDerivs 3.0 Unported License.