Blahová 30.09.2022
 Last update: 02:07
Updated every 10 minutes
 Cool 
 Akt.temp: 11.1 °C
 Max.temp: 11.4 °C
 Min.temp: 11.1°C
 Devpoint: 7.8 °C
 Wind speed: 0.9 m/s
 Wind direction: N
 Max wind gust: 1.7 m/s
 Precipitation: 0.6 mm

Warning: A non-numeric value encountered in /home/do1609700/www_root/weather/huweb2_files/napkel.inc.php on line 270
 Pressure: 1007.6  hPa
 P.tendency: -- hPa/3h
 Humidity: 80 %
 Abs.humidity: 8.06 g/m3
No
Min.temp /
Akt.temp: 11.7

2022: Jan | Feb | Mar | Apr | May | Jun | Jul | Aug | Sep | Oct | Nov | Dec 
2021: Jan | Feb | Mar | Apr | May | Jun | Jul | Aug | Sep | Oct | Nov | Dec 
2020: Jan | Feb | Mar | Apr | May | Jun | Jul | Aug | Sep | Oct | Nov | Dec 
2019: Jan | Feb | Mar | Apr | May | Jun | Jul | Aug | Sep | Oct | Nov | Dec 
2018: Jan | Feb | Mar | Apr | May | Jun | Jul | Aug | Sep | Oct | Nov | Dec 
2017: Jan | Feb | Mar | Apr | May | Jun | Jul | Aug | Sep | Oct | Nov | Dec 
2016: Jan | Feb | Mar | Apr | May | Jun | Jul | Aug | Sep | Oct | Nov | Dec 
2015: Jan | Feb | Mar | Apr | May | Jun | Jul | Aug | Sep | Oct | Nov | Dec 
2014: Jan | Feb | Mar | Apr | May | Jun | Jul | Aug | Sep | Oct | Nov | Dec 
2013: Jan | Feb | Mar | Apr | May | Jun | Jul | Aug | Sep | Oct | Nov | Dec 
2012: Jan | Feb | Mar | Apr | May | Jun | Jul | Aug | Sep | Oct | Nov | Dec 
2011: Jan | Feb | Mar | Apr | May | Jun | Jul | Aug | Sep | Oct | Nov | Dec 
2010: Jan | Feb | Mar | Apr | May | Jun | Jul | Aug | Sep | Oct | Nov | Dec 
2009: Jan | Feb | Mar | Apr | May | Jun | Jul | Aug | Sep | Oct | Nov | Dec 
2008: Jan | Feb | Mar | Apr | May | Jun | Jul | Aug | Sep | Oct | Nov | Dec 
2007: Jan | Feb | Mar | Apr | May | Jun | Jul | Aug | Sep | Oct | Nov | Dec 

Report for 2022 09
MONTHLY CLIMATOLOGICAL SUMMARY for september 2022 CITY: Blahova ELEV: 117 m LAT: 48° 5' 17" North LONG: 17° 32' 38" East TEMPERATURE (°C), BAROMETER (hPa), RAIN (mm), WIND SPEED (m/s) MEAN TEMPERATURE WIND DOM trans Ground DAY TEMP HIGH TIME LOW TIME HUM Baro Rain SPEED HIGH TIME DIR pirat min.temp time ------------------------------------------------------------------------------------------------------------------------------ 1 19.2 23.1 14:32 15.5 05:36 60 1019.4 0.0 2.2 7.7 18:04 N-NW 3.3 14.8 05:02 2 16.5 22.2 14:46 12.8 23:36 63 1018.2 0.0 0.8 4.6 16:04 N-NW 3.2 10.8 23:38 3 18.1 25.2 13:54 9.0 05:04 66 1018.4 0.0 1.3 7.3 14:06 E 3.7 8.2 05:04 4 16.7 21.4 14:56 13.7 23:40 77 1023.2 0.7 0.9 3.7 14:44 E 1.6 12.4 23:48 5 18.8 25.9 13:24 11.5 05:14 71 1024.1 0.0 0.5 3.0 06:34 N 3.6 10.0 05:00 6 18.4 25.7 12:38 14.6 04:18 74 1020.6 0.2 1.1 5.4 13:04 N-NE 2.4 13.4 04:04 7 20.8 28.1 13:56 13.4 05:04 72 1017.7 0.0 0.7 4.6 12:24 N 3.9 12.0 04:56 8 20.9 28.9 12:12 15.9 23:52 71 1015.1 0.0 2.3 10.3 15:54 E 4.0 13.9 05:06 9 20.0 26.9 13:24 12.2 05:26 66 1016.8 0.0 1.1 6.8 22:54 W 4.2 11.1 05:24 10 18.0 24.1 12:50 15.0 23:08 69 1015.9 0.0 2.3 8.2 14:24 W 2.7 13.4 23:18 11 16.7 19.9 10:52 13.3 03:18 77 1015.2 1.9 1.3 6.9 10:43 W 0.0 11.5 03:10 ------------------------------------------------------------------------------------------------------------------------------ Avg: 18.5 28.9 8 9.0 3 70 1018.6 2.8 1.3 10.3 8 N-NW 32.6 Wind Run 1507.8km Calm Values 0 Calm in % 0.0% Sun 102:38 h Distribution WD Values 15057 Distribution WD N-NO 7.817% Distribution WD NO 3.288% Distribution WD NO-O 7.007% Distribution WD O 9.384% Distribution WD O-SO 5.738% Distribution WD SO 4.317% Distribution WD SO-S 2.756% Distribution WD S 4.144% Distribution WD S-SW 3.932% Distribution WD SW 4.251% Distribution WD SW-W 6.037% Distribution WD W 10.779% Distribution WD W-NW 6.230% Distribution WD NW 2.378% Distribution WD NW-N 11.609% Distribution WD N 10.334% Rain days >0.0 mm Month 3 Rain days >2.0 mm Month 0 Rain days >20.0 mm Month 0 Ice days max < 0°C 0 Cold days min < 0°C 0 Cool days max < 10°C 0 Summer days max >=25°C 6 Hot days max >=30°C 0 Last year same Month: Ice days max < 0°C 0 Last year same Month: Cold days min < 0°C 0 Last year same Month: Cool days max < 10°C 0 Last year same Month: Summer days max >=25°C 11 Last year same Month: Hot days max >=30°C 0 © 1999-2021 Werner Krenn - Weatherstation Operating- and Data Acquisition Software - V2.99.8.9


  ©UMa Astronomy

Creative Commons License
Meteo by UMa Astronomy is licensed under a Creative Commons Attribution-NonCommercial-NoDerivs 3.0 Unported License.